CREATE TABLE IF NOT EXISTS `catalogsearch_query` (
  `query_id` int(10) unsigned NOT NULL auto_increment,
  `query_text` varchar(255) NOT NULL default '',
  `num_results` int(10) unsigned NOT NULL default '0',
  `popularity` int(10) unsigned NOT NULL default '0',
  `redirect` varchar(255) NOT NULL default '',
  `synonym_for` varchar(255) NOT NULL,
  `store_id` smallint(5) unsigned NOT NULL,
  `display_in_terms` tinyint(1) NOT NULL default '1',
  `is_active` tinyint(1) default '1',
  `is_processed` tinyint(1) default '0',
  `updated_at` datetime NOT NULL,
  PRIMARY KEY  (`query_id`),
  KEY `FK_CATALOGSEARCH_QUERY_STORE` (`store_id`),
  KEY `IDX_SEARCH_QUERY` (`query_text`,`store_id`,`popularity`)
) ENGINE=InnoDB  DEFAULT CHARSET=utf8 AUTO_INCREMENT=2 ;

--
-- A tábla adatainak kiíratása `catalogsearch_query`
--

INSERT INTO `catalogsearch_query` (`query_id`, `query_text`, `num_results`, `popularity`, `redirect`, `synonym_for`, `store_id`, `display_in_terms`, `is_active`, `is_processed`, `updated_at`) VALUES
(1, 'budapest', 0, 2, '', '', 1, 1, 1, 1, '2012-06-18 19:38:32');

-- --------------------------------------------------------

--
-- Tábla szerkezet: `catalogsearch_result`
--

CREATE TABLE IF NOT EXISTS `catalogsearch_result` (
  `query_id` int(10) unsigned NOT NULL,
  `product_id` int(10) unsigned NOT NULL,
  `relevance` decimal(6,4) NOT NULL default '0.0000',
  PRIMARY KEY  (`query_id`,`product_id`),
  KEY `IDX_QUERY` (`query_id`),
  KEY `IDX_PRODUCT` (`product_id`),
  KEY `IDX_RELEVANCE` (`query_id`,`relevance`)
) ENGINE=InnoDB DEFAULT CHARSET=utf8;

--
-- A tábla adatainak kiíratása `catalogsearch_result`
--


-- --------------------------------------------------------

--
-- Tábla szerkezet: `catalog_category_anc_categs_index_idx`
--

CREATE TABLE IF NOT EXISTS `catalog_category_anc_categs_index_idx` (
  `category_id` int(10) unsigned NOT NULL default '0',
  `path` varchar(255) NOT NULL default '',
  KEY `IDX_CATEGORY` (`category_id`)
) ENGINE=InnoDB DEFAULT CHARSET=utf8;

--
-- A tábla adatainak kiíratása `catalog_category_anc_categs_index_idx`
--


-- --------------------------------------------------------

--
-- Tábla szerkezet: `catalog_category_anc_categs_index_tmp`
--

CREATE TABLE IF NOT EXISTS `catalog_category_anc_categs_index_tmp` (
  `category_id` int(10) unsigned NOT NULL default '0',
  `path` varchar(255) NOT NULL default '',
  KEY `IDX_CATEGORY` (`category_id`)
) ENGINE=MEMORY DEFAULT CHARSET=utf8;

--
-- A tábla adatainak kiíratása `catalog_category_anc_categs_index_tmp`
--


-- --------------------------------------------------------

--
-- Tábla szerkezet: `catalog_category_anc_products_index_idx`
--

CREATE TABLE IF NOT EXISTS `catalog_category_anc_products_index_idx` (
  `category_id` int(10) unsigned NOT NULL default '0',
  `product_id` int(10) unsigned NOT NULL default '0',
  `position` int(10) unsigned default NULL
) ENGINE=InnoDB DEFAULT CHARSET=utf8;

--
-- A tábla adatainak kiíratása `catalog_category_anc_products_index_idx`
--


-- --------------------------------------------------------

--
-- Tábla szerkezet: `catalog_category_anc_products_index_tmp`
--

CREATE TABLE IF NOT EXISTS `catalog_category_anc_products_index_tmp` (
  `category_id` int(10) unsigned NOT NULL default '0',
  `product_id` int(10) unsigned NOT NULL default '0'
) ENGINE=MEMORY DEFAULT CHARSET=utf8;

--
-- A tábla adatainak kiíratása `catalog_category_anc_products_index_tmp`
--


-- --------------------------------------------------------

--
-- Tábla szerkezet: `catalog_category_entity`
--

CREATE TABLE IF NOT EXISTS `catalog_category_entity` (
  `entity_id` int(10) unsigned NOT NULL auto_increment,
  `entity_type_id` smallint(8) unsigned NOT NULL default '0',
  `attribute_set_id` smallint(5) unsigned NOT NULL default '0',
  `parent_id` int(10) unsigned NOT NULL default '0',
  `created_at` datetime NOT NULL default '0000-00-00 00:00:00',
  `updated_at` datetime NOT NULL default '0000-00-00 00:00:00',
  `path` varchar(255) NOT NULL,
  `position` int(11) NOT NULL,
  `level` int(11) NOT NULL,
  `children_count` int(11) NOT NULL,
  PRIMARY KEY  (`entity_id`),
  KEY `IDX_LEVEL` (`level`)
) ENGINE=InnoDB  DEFAULT CHARSET=utf8 COMMENT='Category Entities' AUTO_INCREMENT=14 ;

--
-- A tábla adatainak kiíratása `catalog_category_entity`
--

INSERT INTO `catalog_category_entity` (`entity_id`, `entity_type_id`, `attribute_set_id`, `parent_id`, `created_at`, `updated_at`, `path`, `position`, `level`, `children_count`) VALUES
(1, 3, 0, 0, '0000-00-00 00:00:00', '2011-04-11 17:13:42', '1', 0, 0, 12),
(2, 3, 3, 1, '2011-04-11 17:13:43', '2011-04-11 17:13:43', '1/2', 1, 1, 11),
(3, 3, 3, 2, '2011-04-12 13:22:49', '2011-04-12 13:22:49', '1/2/3', 1, 2, 3),
(4, 3, 3, 3, '2011-04-12 13:23:13', '2011-04-12 13:23:13', '1/2/3/4', 1, 3, 0),
(5, 3, 3, 3, '2011-04-12 13:23:48', '2011-04-12 13:23:48', '1/2/3/5', 2, 3, 0),
(6, 3, 3, 3, '2011-04-12 13:24:16', '2011-04-12 13:24:16', '1/2/3/6', 3, 3, 0),
(7, 3, 3, 2, '2011-04-12 13:24:50', '2011-04-12 13:24:50', '1/2/7', 2, 2, 0),
(8, 3, 3, 2, '2011-04-12 13:25:54', '2011-04-12 13:25:54', '1/2/8', 3, 2, 0),
(9, 3, 3, 2, '2011-04-12 13:26:32', '2011-04-12 13:26:32', '1/2/9', 4, 2, 1),
(10, 3, 3, 2, '2011-04-12 13:27:11', '2011-04-12 13:27:11', '1/2/10', 5, 2, 0),
(11, 3, 3, 2, '2011-04-12 13:27:57', '2011-04-12 13:27:57', '1/2/11', 6, 2, 0),
(12, 3, 3, 2, '2011-04-12 13:28:36', '2011-04-12 13:28:36', '1/2/12', 7, 2, 0),
(13, 3, 3, 9, '2011-11-13 08:31:34', '2011-11-13 08:31:34', '1/2/9/13', 1, 3, 0);

-- --------------------------------------------------------

--
-- Tábla szerkezet: `catalog_category_entity_datetime`
--

CREATE TABLE IF NOT EXISTS `catalog_category_entity_datetime` (
  `value_id` int(11) NOT NULL auto_increment,
  `entity_type_id` smallint(5) unsigned NOT NULL default '0',
  `attribute_id` smallint(5) unsigned NOT NULL default '0',
  `store_id` smallint(5) unsigned NOT NULL default '0',
  `entity_id` int(10) unsigned NOT NULL default '0',
  `value` datetime default NULL,
  PRIMARY KEY  (`value_id`),
  UNIQUE KEY `IDX_BASE` (`entity_type_id`,`entity_id`,`attribute_id`,`store_id`),
  KEY `FK_ATTRIBUTE_DATETIME_ENTITY` (`entity_id`),
  KEY `FK_CATALOG_CATEGORY_ENTITY_DATETIME_ATTRIBUTE` (`attribute_id`),
  KEY `FK_CATALOG_CATEGORY_ENTITY_DATETIME_STORE` (`store_id`)
) ENGINE=InnoDB  DEFAULT CHARSET=utf8 AUTO_INCREMENT=23 ;

--
-- A tábla adatainak kiíratása `catalog_category_entity_datetime`
--

INSERT INTO `catalog_category_entity_datetime` (`value_id`, `entity_type_id`, `attribute_id`, `store_id`, `entity_id`, `value`) VALUES
(1, 3, 52, 0, 3, NULL),
(2, 3, 53, 0, 3, NULL),
(3, 3, 52, 0, 4, NULL),
(4, 3, 53, 0, 4, NULL),
(5, 3, 52, 0, 5, NULL),
(6, 3, 53, 0, 5, NULL),
(7, 3, 52, 0, 6, NULL),
(8, 3, 53, 0, 6, NULL),
(9, 3, 52, 0, 7, NULL),
(10, 3, 53, 0, 7, NULL),
(11, 3, 52, 0, 8, NULL),
(12, 3, 53, 0, 8, NULL),
(13, 3, 52, 0, 9, NULL),
(14, 3, 53, 0, 9, NULL),
(15, 3, 52, 0, 10, NULL),
(16, 3, 53, 0, 10, NULL),
(17, 3, 52, 0, 11, NULL),
(18, 3, 53, 0, 11, NULL),
(19, 3, 52, 0, 12, NULL),
(20, 3, 53, 0, 12, NULL),
(21, 3, 52, 0, 13, NULL),
(22, 3, 53, 0, 13, NULL);

-- --------------------------------------------------------

--
-- Tábla szerkezet: `catalog_category_entity_decimal`
--

CREATE TABLE IF NOT EXISTS `catalog_category_entity_decimal` (
  `value_id` int(11) NOT NULL auto_increment,
  `entity_type_id` smallint(5) unsigned NOT NULL default '0',
  `attribute_id` smallint(5) unsigned NOT NULL default '0',
  `store_id` smallint(5) unsigned NOT NULL default '0',
  `entity_id` int(10) unsigned NOT NULL default '0',
  `value` decimal(12,4) default NULL,
  PRIMARY KEY  (`value_id`),
  UNIQUE KEY `IDX_BASE` (`entity_type_id`,`entity_id`,`attribute_id`,`store_id`),
  KEY `FK_ATTRIBUTE_DECIMAL_ENTITY` (`entity_id`),
  KEY `FK_CATALOG_CATEGORY_ENTITY_DECIMAL_ATTRIBUTE` (`attribute_id`),
  KEY `FK_CATALOG_CATEGORY_ENTITY_DECIMAL_STORE` (`store_id`)
) ENGINE=InnoDB DEFAULT CHARSET=utf8 AUTO_INCREMENT=1 ;

--
-- A tábla adatainak kiíratása `catalog_category_entity_decimal`
--


-- --------------------------------------------------------

--
-- Tábla szerkezet: `catalog_category_entity_int`
--

CREATE TABLE IF NOT EXISTS `catalog_category_entity_int` (
  `value_id` int(11) NOT NULL auto_increment,
  `entity_type_id` smallint(5) unsigned NOT NULL default '0',
  `attribute_id` smallint(5) unsigned NOT NULL default '0',
  `store_id` smallint(5) unsigned NOT NULL default '0',
  `entity_id` int(10) unsigned NOT NULL default '0',
  `value` int(11) default NULL,
  PRIMARY KEY  (`value_id`),
  UNIQUE KEY `IDX_BASE` (`entity_type_id`,`entity_id`,`attribute_id`,`store_id`),
  KEY `FK_ATTRIBUTE_INT_ENTITY` (`entity_id`),
  KEY `FK_CATALOG_CATEGORY_EMTITY_INT_ATTRIBUTE` (`attribute_id`),
  KEY `FK_CATALOG_CATEGORY_EMTITY_INT_STORE` (`store_id`)
) ENGINE=InnoDB  DEFAULT CHARSET=utf8 AUTO_INCREMENT=82 ;

--
-- A tábla adatainak kiíratása `catalog_category_entity_int`
--

INSERT INTO `catalog_category_entity_int` (`value_id`, `entity_type_id`, `attribute_id`, `store_id`, `entity_id`, `value`) VALUES
(1, 3, 34, 0, 2, 1),
(2, 3, 34, 1, 2, 1),
(3, 3, 105, 0, 1, 1),
(4, 3, 105, 0, 2, 1),
(5, 3, 34, 0, 3, 1),
(6, 3, 105, 0, 3, 1),
(7, 3, 42, 0, 3, NULL),
(8, 3, 43, 0, 3, 0),
(9, 3, 106, 0, 3, 0),
(10, 3, 107, 0, 3, 0),
(11, 3, 108, 0, 3, NULL),
(12, 3, 34, 0, 4, 1),
(13, 3, 105, 0, 4, 1),
(14, 3, 42, 0, 4, NULL),
(15, 3, 43, 0, 4, 1),
(16, 3, 106, 0, 4, 0),
(17, 3, 107, 0, 4, 0),
(18, 3, 108, 0, 4, NULL),
(19, 3, 34, 0, 5, 1),
(20, 3, 105, 0, 5, 1),
(21, 3, 42, 0, 5, NULL),
(22, 3, 43, 0, 5, 1),
(23, 3, 106, 0, 5, 0),
(24, 3, 107, 0, 5, 0),
(25, 3, 108, 0, 5, NULL),
(26, 3, 34, 0, 6, 1),
(27, 3, 105, 0, 6, 1),
(28, 3, 42, 0, 6, NULL),
(29, 3, 43, 0, 6, 1),
(30, 3, 106, 0, 6, 0),
(31, 3, 107, 0, 6, 0),
(32, 3, 108, 0, 6, NULL),
(33, 3, 34, 0, 7, 1),
(34, 3, 105, 0, 7, 1),
(35, 3, 42, 0, 7, NULL),
(36, 3, 43, 0, 7, 1),
(37, 3, 106, 0, 7, 0),
(38, 3, 107, 0, 7, 0),
(39, 3, 108, 0, 7, NULL),
(40, 3, 34, 0, 8, 1),
(41, 3, 105, 0, 8, 1),
(42, 3, 42, 0, 8, NULL),
(43, 3, 43, 0, 8, 1),
(44, 3, 106, 0, 8, 0),
(45, 3, 107, 0, 8, 0),
(46, 3, 108, 0, 8, NULL),
(47, 3, 34, 0, 9, 1),
(48, 3, 105, 0, 9, 1),
(49, 3, 42, 0, 9, NULL),
(50, 3, 43, 0, 9, 1),
(51, 3, 106, 0, 9, 0),
(52, 3, 107, 0, 9, 0),
(53, 3, 108, 0, 9, NULL),
(54, 3, 34, 0, 10, 1),
(55, 3, 105, 0, 10, 1),
(56, 3, 42, 0, 10, NULL),
(57, 3, 43, 0, 10, 1),
(58, 3, 106, 0, 10, 0),
(59, 3, 107, 0, 10, 0),
(60, 3, 108, 0, 10, NULL),
(61, 3, 34, 0, 11, 1),
(62, 3, 105, 0, 11, 1),
(63, 3, 42, 0, 11, NULL),
(64, 3, 43, 0, 11, 1),
(65, 3, 106, 0, 11, 0),
(66, 3, 107, 0, 11, 0),
(67, 3, 108, 0, 11, NULL),
(68, 3, 34, 0, 12, 1),
(69, 3, 105, 0, 12, 1),
(70, 3, 42, 0, 12, NULL),
(71, 3, 43, 0, 12, 1),
(72, 3, 106, 0, 12, 0),
(73, 3, 107, 0, 12, 0),
(74, 3, 108, 0, 12, NULL),
(75, 3, 34, 0, 13, 1),
(76, 3, 105, 0, 13, 1),
(77, 3, 42, 0, 13, NULL),
(78, 3, 43, 0, 13, 0),
(79, 3, 106, 0, 13, 0),
(80, 3, 107, 0, 13, 0),
(81, 3, 108, 0, 13, NULL);

-- --------------------------------------------------------

--
-- Tábla szerkezet: `catalog_category_entity_text`
--

CREATE TABLE IF NOT EXISTS `catalog_category_entity_text` (
  `value_id` int(11) NOT NULL auto_increment,
  `entity_type_id` smallint(5) unsigned NOT NULL default '0',
  `attribute_id` smallint(5) unsigned NOT NULL default '0',
  `store_id` smallint(5) unsigned NOT NULL default '0',
  `entity_id` int(10) unsigned NOT NULL default '0',
  `value` text NOT NULL,
  PRIMARY KEY  (`value_id`),
  UNIQUE KEY `IDX_BASE` (`entity_type_id`,`entity_id`,`attribute_id`,`store_id`),
  KEY `FK_ATTRIBUTE_TEXT_ENTITY` (`entity_id`),
  KEY `FK_CATALOG_CATEGORY_ENTITY_TEXT_ATTRIBUTE` (`attribute_id`),
  KEY `FK_CATALOG_CATEGORY_ENTITY_TEXT_STORE` (`store_id`)
) ENGINE=InnoDB  DEFAULT CHARSET=utf8 AUTO_INCREMENT=60 ;

--
-- A tábla adatainak kiíratása `catalog_category_entity_text`
--

INSERT INTO `catalog_category_entity_text` (`value_id`, `entity_type_id`, `attribute_id`, `store_id`, `entity_id`, `value`) VALUES
(1, 3, 58, 0, 1, ''),
(2, 3, 58, 1, 1, ''),
(3, 3, 58, 0, 2, ''),
(4, 3, 58, 1, 2, ''),
(5, 3, 36, 0, 3, ''),
(6, 3, 39, 0, 3, ''),
(7, 3, 40, 0, 3, ''),
(8, 3, 55, 0, 3, ''),
(9, 3, 58, 0, 3, ''),
(10, 3, 36, 0, 4, ''),
(11, 3, 39, 0, 4, ''),
(12, 3, 40, 0, 4, ''),
(13, 3, 55, 0, 4, ''),
(14, 3, 58, 0, 4, ''),
(15, 3, 36, 0, 5, ''),
(16, 3, 39, 0, 5, ''),
(17, 3, 40, 0, 5, ''),
(18, 3, 55, 0, 5, ''),
(19, 3, 58, 0, 5, ''),
(20, 3, 36, 0, 6, ''),
(21, 3, 39, 0, 6, ''),
(22, 3, 40, 0, 6, ''),
(23, 3, 55, 0, 6, ''),
(24, 3, 58, 0, 6, ''),
(25, 3, 36, 0, 7, ''),
(26, 3, 39, 0, 7, ''),
(27, 3, 40, 0, 7, ''),
(28, 3, 55, 0, 7, ''),
(29, 3, 58, 0, 7, ''),
(30, 3, 36, 0, 8, ''),
(31, 3, 39, 0, 8, ''),
(32, 3, 40, 0, 8, ''),
(33, 3, 55, 0, 8, ''),
(34, 3, 58, 0, 8, ''),
(35, 3, 36, 0, 9, ''),
(36, 3, 39, 0, 9, ''),
(37, 3, 40, 0, 9, ''),
(38, 3, 55, 0, 9, ''),
(39, 3, 58, 0, 9, ''),
(40, 3, 36, 0, 10, ''),
(41, 3, 39, 0, 10, ''),
(42, 3, 40, 0, 10, ''),
(43, 3, 55, 0, 10, ''),
(44, 3, 58, 0, 10, ''),
(45, 3, 36, 0, 11, ''),
(46, 3, 39, 0, 11, ''),
(47, 3, 40, 0, 11, ''),
(48, 3, 55, 0, 11, ''),
(49, 3, 58, 0, 11, ''),
(50, 3, 36, 0, 12, ''),
(51, 3, 39, 0, 12, ''),
(52, 3, 40, 0, 12, ''),
(53, 3, 55, 0, 12, ''),
(54, 3, 58, 0, 12, ''),
(55, 3, 36, 0, 13, ''),
(56, 3, 39, 0, 13, ''),
(57, 3, 40, 0, 13, ''),
(58, 3, 55, 0, 13, ''),
(59, 3, 58, 0, 13, '');

-- --------------------------------------------------------

--
-- Tábla szerkezet: `catalog_category_entity_varchar`
--

CREATE TABLE IF NOT EXISTS `catalog_category_entity_varchar` (
  `value_id` int(11) NOT NULL auto_increment,
  `entity_type_id` smallint(5) unsigned NOT NULL default '0',
  `attribute_id` smallint(5) unsigned NOT NULL default '0',
  `store_id` smallint(5) unsigned NOT NULL default '0',
  `entity_id` int(10) unsigned NOT NULL default '0',
  `value` varchar(255) NOT NULL default '',
  PRIMARY KEY  (`value_id`),
  UNIQUE KEY `IDX_BASE` (`entity_type_id`,`entity_id`,`attribute_id`,`store_id`),
  KEY `FK_ATTRIBUTE_VARCHAR_ENTITY` (`entity_id`),
  KEY `FK_CATALOG_CATEGORY_ENTITY_VARCHAR_ATTRIBUTE` (`attribute_id`),
  KEY `FK_CATALOG_CATEGORY_ENTITY_VARCHAR_STORE` (`store_id`)
) ENGINE=InnoDB  DEFAULT CHARSET=utf8 AUTO_INCREMENT=96 ;

--
-- A tábla adatainak kiíratása `catalog_category_entity_varchar`
--

INSERT INTO `catalog_category_entity_varchar` (`value_id`, `entity_type_id`, `attribute_id`, `store_id`, `entity_id`, `value`) VALUES
(1, 3, 33, 0, 1, 'Root Catalog'),
(2, 3, 33, 1, 1, 'Root Catalog'),
(3, 3, 35, 0, 1, 'root-catalog'),
(4, 3, 33, 0, 2, 'Default Category'),
(5, 3, 33, 1, 2, 'Default Category'),
(6, 3, 41, 1, 2, 'PRODUCTS'),
(7, 3, 35, 0, 2, 'default-category'),
(8, 3, 33, 0, 3, 'Сarpet'),
(9, 3, 35, 0, 3, 'd-arpet'),
(10, 3, 38, 0, 3, ''),
(11, 3, 41, 0, 3, 'PRODUCTS'),
(12, 3, 50, 0, 3, ''),
(13, 3, 54, 0, 3, ''),
(14, 3, 49, 1, 3, 'd-arpet.html'),
(15, 3, 49, 0, 3, 'd-arpet.html'),
(16, 3, 33, 0, 4, 'Area Rugs'),
(17, 3, 35, 0, 4, 'area-rugs'),
(18, 3, 38, 0, 4, ''),
(19, 3, 41, 0, 4, 'PRODUCTS'),
(20, 3, 50, 0, 4, ''),
(21, 3, 54, 0, 4, ''),
(22, 3, 49, 1, 4, 'd-arpet/area-rugs.html'),
(23, 3, 49, 0, 4, 'd-arpet/area-rugs.html'),
(24, 3, 33, 0, 5, 'Tufted Nylon'),
(25, 3, 35, 0, 5, 'tufted-nylon'),
(26, 3, 38, 0, 5, ''),
(27, 3, 41, 0, 5, 'PRODUCTS'),
(28, 3, 50, 0, 5, ''),
(29, 3, 54, 0, 5, ''),
(30, 3, 49, 1, 5, 'd-arpet/tufted-nylon.html'),
(31, 3, 49, 0, 5, 'd-arpet/tufted-nylon.html'),
(32, 3, 33, 0, 6, 'Tufted Wool'),
(33, 3, 35, 0, 6, 'tufted-wool'),
(34, 3, 38, 0, 6, ''),
(35, 3, 41, 0, 6, 'PRODUCTS'),
(36, 3, 50, 0, 6, ''),
(37, 3, 54, 0, 6, ''),
(38, 3, 49, 1, 6, 'd-arpet/tufted-wool.html'),
(39, 3, 49, 0, 6, 'd-arpet/tufted-wool.html'),
(40, 3, 33, 0, 7, 'Сountertops'),
(41, 3, 35, 0, 7, 'd-ountertops'),
(42, 3, 38, 0, 7, ''),
(43, 3, 41, 0, 7, 'PRODUCTS'),
(44, 3, 50, 0, 7, ''),
(45, 3, 54, 0, 7, ''),
(46, 3, 49, 1, 7, 'd-ountertops.html'),
(47, 3, 49, 0, 7, 'd-ountertops.html'),
(48, 3, 33, 0, 8, 'Hardwood'),
(49, 3, 35, 0, 8, 'hardwood'),
(50, 3, 38, 0, 8, ''),
(51, 3, 41, 0, 8, 'PRODUCTS'),
(52, 3, 50, 0, 8, ''),
(53, 3, 54, 0, 8, ''),
(54, 3, 49, 1, 8, 'hardwood.html'),
(55, 3, 49, 0, 8, 'hardwood.html'),
(56, 3, 33, 0, 9, 'Laminate'),
(57, 3, 35, 0, 9, 'laminate'),
(58, 3, 38, 0, 9, ''),
(59, 3, 41, 0, 9, 'PRODUCTS'),
(60, 3, 50, 0, 9, ''),
(61, 3, 54, 0, 9, ''),
(62, 3, 49, 1, 9, 'laminate.html'),
(63, 3, 49, 0, 9, 'laminate.html'),
(64, 3, 33, 0, 10, 'Porcelain-ceramic'),
(65, 3, 35, 0, 10, 'porcelain-ceramic'),
(66, 3, 38, 0, 10, ''),
(67, 3, 41, 0, 10, 'PRODUCTS'),
(68, 3, 50, 0, 10, ''),
(69, 3, 54, 0, 10, ''),
(70, 3, 49, 1, 10, 'porcelain-ceramic.html'),
(71, 3, 49, 0, 10, 'porcelain-ceramic.html'),
(72, 3, 33, 0, 11, 'Stone'),
(73, 3, 35, 0, 11, 'stone'),
(74, 3, 38, 0, 11, ''),
(75, 3, 41, 0, 11, 'PRODUCTS'),
(76, 3, 50, 0, 11, ''),
(77, 3, 54, 0, 11, ''),
(78, 3, 49, 1, 11, 'stone.html'),
(79, 3, 49, 0, 11, 'stone.html'),
(80, 3, 33, 0, 12, 'Vynil'),
(81, 3, 35, 0, 12, 'vynil'),
(82, 3, 38, 0, 12, ''),
(83, 3, 41, 0, 12, 'PRODUCTS'),
(84, 3, 50, 0, 12, ''),
(85, 3, 54, 0, 12, ''),
(86, 3, 49, 1, 12, 'vynil.html'),
(87, 3, 49, 0, 12, 'vynil.html'),
(88, 3, 33, 0, 13, 'Barry Floor'),
(89, 3, 35, 0, 13, 'berryfloor'),
(90, 3, 38, 0, 13, ''),
(91, 3, 41, 0, 13, 'PRODUCTS'),
(92, 3, 50, 0, 13, ''),
(93, 3, 54, 0, 13, ''),
(94, 3, 49, 1, 13, 'laminate/berryfloor.html'),
(95, 3, 49, 0, 13, 'laminate/berryfloor.html');

-- --------------------------------------------------------

--
-- Tábla szerkezet: `catalog_category_flat_store_1`
--

CREATE TABLE IF NOT EXISTS `catalog_category_flat_store_1` (
  `entity_id` int(11) unsigned NOT NULL,
  `parent_id` int(11) unsigned NOT NULL default '0',
  `created_at` datetime NOT NULL default '0000-00-00 00:00:00',
  `updated_at` datetime NOT NULL default '0000-00-00 00:00:00',
  `path` varchar(255) NOT NULL,
  `position` int(11) NOT NULL,
  `level` int(11) NOT NULL,
  `children_count` int(11) NOT NULL,
  `store_id` smallint(5) unsigned NOT NULL default '0',
  `all_children` text,
  `available_sort_by` text,
  `children` text,
  `custom_apply_to_products` int(10) NOT NULL default '0',
  `custom_design` varchar(255) NOT NULL default '',
  `custom_design_from` datetime NOT NULL default '0000-00-00 00:00:00',
  `custom_design_to` datetime NOT NULL default '0000-00-00 00:00:00',
  `custom_layout_update` text,
  `custom_use_parent_settings` int(10) NOT NULL default '0',
  `default_sort_by` varchar(255) NOT NULL default '',
  `description` text,
  `display_mode` varchar(255) NOT NULL default '',
  `filter_price_range` int(10) NOT NULL default '0',
  `image` varchar(255) NOT NULL default '',
  `include_in_menu` int(10) NOT NULL default '0',
  `is_active` int(10) NOT NULL default '0',
  `is_anchor` int(10) NOT NULL default '0',
  `landing_page` int(10) NOT NULL default '0',
  `meta_description` text,
  `meta_keywords` text,
  `meta_title` varchar(255) NOT NULL default '',
  `name` varchar(255) NOT NULL default '',
  `page_layout` varchar(255) NOT NULL default '',
  `path_in_store` text,
  `thumbnail` varchar(255) NOT NULL default '',
  `url_key` varchar(255) NOT NULL default '',
  `url_path` varchar(255) NOT NULL default '',
  PRIMARY KEY  (`entity_id`),
  KEY `IDX_STORE` (`store_id`),
  KEY `IDX_PATH` (`path`),
  KEY `IDX_LEVEL` (`level`)
) ENGINE=InnoDB DEFAULT CHARSET=utf8;

--
-- A tábla adatainak kiíratása `catalog_category_flat_store_1`
--

INSERT INTO `catalog_category_flat_store_1` (`entity_id`, `parent_id`, `created_at`, `updated_at`, `path`, `position`, `level`, `children_count`, `store_id`, `all_children`, `available_sort_by`, `children`, `custom_apply_to_products`, `custom_design`, `custom_design_from`, `custom_design_to`, `custom_layout_update`, `custom_use_parent_settings`, `default_sort_by`, `description`, `display_mode`, `filter_price_range`, `image`, `include_in_menu`, `is_active`, `is_anchor`, `landing_page`, `meta_description`, `meta_keywords`, `meta_title`, `name`, `page_layout`, `path_in_store`, `thumbnail`, `url_key`, `url_path`) VALUES
(1, 0, '0000-00-00 00:00:00', '2011-04-11 17:13:42', '1', 0, 0, 11, 1, '', '', '', 0, '', '0000-00-00 00:00:00', '0000-00-00 00:00:00', '', 0, '', '', '', 0, '', 1, 0, 0, 0, '', '', '', 'Root Catalog', '', '', '', 'root-catalog', ''),
(2, 1, '2011-04-11 17:13:43', '2011-04-11 17:13:43', '1/2', 1, 1, 10, 1, '', '', '', 0, '', '0000-00-00 00:00:00', '0000-00-00 00:00:00', '', 0, '', '', '', 0, '', 1, 1, 0, 0, '', '', '', 'Default Category', '', '', '', 'default-category', ''),
(3, 2, '2011-04-12 13:22:49', '2011-04-12 13:22:49', '1/2/3', 1, 2, 3, 1, '', '', '', 0, '', '0000-00-00 00:00:00', '0000-00-00 00:00:00', '', 0, '', '', 'PRODUCTS', 0, '', 1, 1, 0, 0, '', '', '', 'Сarpet', '', '', '', 'd-arpet', 'd-arpet.html'),
(4, 3, '2011-04-12 13:23:13', '2011-04-12 13:23:13', '1/2/3/4', 1, 3, 0, 1, '', '', '', 0, '', '0000-00-00 00:00:00', '0000-00-00 00:00:00', '', 0, '', '', 'PRODUCTS', 0, '', 1, 1, 1, 0, '', '', '', 'Area Rugs', '', '', '', 'area-rugs', 'd-arpet/area-rugs.html'),
(5, 3, '2011-04-12 13:23:48', '2011-04-12 13:23:48', '1/2/3/5', 2, 3, 0, 1, '', '', '', 0, '', '0000-00-00 00:00:00', '0000-00-00 00:00:00', '', 0, '', '', 'PRODUCTS', 0, '', 1, 1, 1, 0, '', '', '', 'Tufted Nylon', '', '', '', 'tufted-nylon', 'd-arpet/tufted-nylon.html'),
(6, 3, '2011-04-12 13:24:16', '2011-04-12 13:24:16', '1/2/3/6', 3, 3, 0, 1, '', '', '', 0, '', '0000-00-00 00:00:00', '0000-00-00 00:00:00', '', 0, '', '', 'PRODUCTS', 0, '', 1, 1, 1, 0, '', '', '', 'Tufted Wool', '', '', '', 'tufted-wool', 'd-arpet/tufted-wool.html'),
(7, 2, '2011-04-12 13:24:50', '2011-04-12 13:24:50', '1/2/7', 2, 2, 0, 1, '', '', '', 0, '', '0000-00-00 00:00:00', '0000-00-00 00:00:00', '', 0, '', '', 'PRODUCTS', 0, '', 1, 1, 1, 0, '', '', '', 'Сountertops', '', '', '', 'd-ountertops', 'd-ountertops.html'),
(8, 2, '2011-04-12 13:25:54', '2011-04-12 13:25:54', '1/2/8', 3, 2, 0, 1, '', '', '', 0, '', '0000-00-00 00:00:00', '0000-00-00 00:00:00', '', 0, '', '', 'PRODUCTS', 0, '', 1, 1, 1, 0, '', '', '', 'Hardwood', '', '', '', 'hardwood', 'hardwood.html'),
(9, 2, '2011-04-12 13:26:32', '2011-04-12 13:26:32', '1/2/9', 4, 2, 0, 1, '', '', '', 0, '', '0000-00-00 00:00:00', '0000-00-00 00:00:00', '', 0, '', '', 'PRODUCTS', 0, '', 1, 1, 1, 0, '', '', '', 'Laminate', '', '', '', 'laminate', 'laminate.html'),
(10, 2, '2011-04-12 13:27:11', '2011-04-12 13:27:11', '1/2/10', 5, 2, 0, 1, '', '', '', 0, '', '0000-00-00 00:00:00', '0000-00-00 00:00:00', '', 0, '', '', 'PRODUCTS', 0, '', 1, 1, 1, 0, '', '', '', 'Porcelain-ceramic', '', '', '', 'porcelain-ceramic', 'porcelain-ceramic.html'),
(11, 2, '2011-04-12 13:27:57', '2011-04-12 13:27:57', '1/2/11', 6, 2, 0, 1, '', '', '', 0, '', '0000-00-00 00:00:00', '0000-00-00 00:00:00', '', 0, '', '', 'PRODUCTS', 0, '', 1, 1, 1, 0, '', '', '', 'Stone', '', '', '', 'stone', 'stone.html'),
(12, 2, '2011-04-12 13:28:36', '2011-04-12 13:28:36', '1/2/12', 7, 2, 0, 1, '', '', '', 0, '', '0000-00-00 00:00:00', '0000-00-00 00:00:00', '', 0, '', '', 'PRODUCTS', 0, '', 1, 1, 1, 0, '', '', '', 'Vynil', '', '', '', 'vynil', 'vynil.html');

-- --------------------------------------------------------

--
-- Tábla szerkezet: `catalog_category_flat_store_2`
--

CREATE TABLE IF NOT EXISTS `catalog_category_flat_store_2` (
  `entity_id` int(11) unsigned NOT NULL,
  `parent_id` int(11) unsigned NOT NULL default '0',
  `created_at` datetime NOT NULL default '0000-00-00 00:00:00',
  `updated_at` datetime NOT NULL default '0000-00-00 00:00:00',
  `path` varchar(255) NOT NULL,
  `position` int(11) NOT NULL,
  `level` int(11) NOT NULL,
  `children_count` int(11) NOT NULL,
  `store_id` smallint(5) unsigned NOT NULL default '0',
  `all_children` text,
  `available_sort_by` text,
  `children` text,
  `custom_apply_to_products` int(10) NOT NULL default '0',
  `custom_design` varchar(255) NOT NULL default '',
  `custom_design_from` datetime NOT NULL default '0000-00-00 00:00:00',
  `custom_design_to` datetime NOT NULL default '0000-00-00 00:00:00',
  `custom_layout_update` text,
  `custom_use_parent_settings` int(10) NOT NULL default '0',
  `default_sort_by` varchar(255) NOT NULL default '',
  `description` text,
  `display_mode` varchar(255) NOT NULL default '',
  `filter_price_range` int(10) NOT NULL default '0',
  `image` varchar(255) NOT NULL default '',
  `include_in_menu` int(10) NOT NULL default '0',
  `is_active` int(10) NOT NULL default '0',
  `is_anchor` int(10) NOT NULL default '0',
  `landing_page` int(10) NOT NULL default '0',
  `meta_description` text,
  `meta_keywords` text,
  `meta_title` varchar(255) NOT NULL default '',
  `name` varchar(255) NOT NULL default '',
  `page_layout` varchar(255) NOT NULL default '',
  `path_in_store` text,
  `thumbnail` varchar(255) NOT NULL default '',
  `url_key` varchar(255) NOT NULL default '',
  `url_path` varchar(255) NOT NULL default '',
  PRIMARY KEY  (`entity_id`),
  KEY `IDX_STORE` (`store_id`),
  KEY `IDX_PATH` (`path`),
  KEY `IDX_LEVEL` (`level`)
) ENGINE=InnoDB DEFAULT CHARSET=utf8;

--
-- A tábla adatainak kiíratása `catalog_category_flat_store_2`
--


-- --------------------------------------------------------

--
-- Tábla szerkezet: `catalog_category_flat_store_3`
--

CREATE TABLE IF NOT EXISTS `catalog_category_flat_store_3` (
  `entity_id` int(11) unsigned NOT NULL,
  `parent_id` int(11) unsigned NOT NULL default '0',
  `created_at` datetime NOT NULL default '0000-00-00 00:00:00',
  `updated_at` datetime NOT NULL default '0000-00-00 00:00:00',
  `path` varchar(255) NOT NULL,
  `position` int(11) NOT NULL,
  `level` int(11) NOT NULL,
  `children_count` int(11) NOT NULL,
  `store_id` smallint(5) unsigned NOT NULL default '0',
  `all_children` text,
  `available_sort_by` text,
  `children` text,
  `custom_apply_to_products` int(10) NOT NULL default '0',
  `custom_design` varchar(255) NOT NULL default '',
  `custom_design_from` datetime NOT NULL default '0000-00-00 00:00:00',
  `custom_design_to` datetime NOT NULL default '0000-00-00 00:00:00',
  `custom_layout_update` text,
  `custom_use_parent_settings` int(10) NOT NULL default '0',
  `default_sort_by` varchar(255) NOT NULL default '',
  `description` text,
  `display_mode` varchar(255) NOT NULL default '',
  `filter_price_range` int(10) NOT NULL default '0',
  `image` varchar(255) NOT NULL default '',
  `include_in_menu` int(10) NOT NULL default '0',
  `is_active` int(10) NOT NULL default '0',
  `is_anchor` int(10) NOT NULL default '0',
  `landing_page` int(10) NOT NULL default '0',
  `meta_description` text,
  `meta_keywords` text,
  `meta_title` varchar(255) NOT NULL default '',
  `name` varchar(255) NOT NULL default '',
  `page_layout` varchar(255) NOT NULL default '',
  `path_in_store` text,
  `thumbnail` varchar(255) NOT NULL default '',
  `url_key` varchar(255) NOT NULL default '',
  `url_path` varchar(255) NOT NULL default '',
  PRIMARY KEY  (`entity_id`),
  KEY `IDX_STORE` (`store_id`),
  KEY `IDX_PATH` (`path`),
  KEY `IDX_LEVEL` (`level`)
) ENGINE=InnoDB DEFAULT CHARSET=utf8;

--
-- A tábla adatainak kiíratása `catalog_category_flat_store_3`
--


-- --------------------------------------------------------

--
-- Tábla szerkezet: `catalog_category_product`
--

CREATE TABLE IF NOT EXISTS `catalog_category_product` (
  `category_id` int(10) unsigned NOT NULL default '0',
  `product_id` int(10) unsigned NOT NULL default '0',
  `position` int(10) NOT NULL default '0',
  UNIQUE KEY `UNQ_CATEGORY_PRODUCT` (`category_id`,`product_id`),
  KEY `CATALOG_CATEGORY_PRODUCT_CATEGORY` (`category_id`),
  KEY `CATALOG_CATEGORY_PRODUCT_PRODUCT` (`product_id`)
) ENGINE=InnoDB DEFAULT CHARSET=utf8;

--
-- A tábla adatainak kiíratása `catalog_category_product`
--

INSERT INTO `catalog_category_product` (`category_id`, `product_id`, `position`) VALUES
(4, 1, 1),
(4, 2, 1),
(4, 3, 1),
(4, 4, 1),
(4, 5, 1),
(4, 6, 1),
(5, 7, 1),
(5, 8, 1),
(5, 9, 1),
(5, 10, 1),
(5, 11, 1),
(5, 12, 1),
(6, 13, 1),
(6, 14, 1),
(6, 15, 1),
(6, 16, 1),
(6, 17, 1),
(6, 18, 1),
(7, 19, 1),
(7, 20, 1),
(7, 21, 1),
(7, 22, 1),
(7, 23, 1),
(7, 24, 1),
(8, 25, 1),
(8, 26, 1),
(8, 27, 1),
(8, 28, 1),
(8, 29, 1),
(8, 30, 1),
(8, 56, 1),
(9, 31, 1),
(9, 32, 1),
(9, 33, 1),
(9, 34, 1),
(9, 35, 1),
(9, 36, 1),
(9, 55, 1),
(9, 57, 1),
(9, 58, 1),
(9, 59, 1),
(9, 60, 1),
(10, 37, 1),
(10, 38, 1),
(10, 39, 1),
(10, 40, 1),
(10, 41, 1),
(10, 42, 1),
(11, 43, 1),
(11, 44, 1),
(11, 45, 1),
(11, 46, 1),
(11, 47, 1),
(11, 48, 1),
(12, 49, 1),
(12, 50, 1),
(12, 51, 1),
(12, 52, 1),
(12, 53, 1),
(12, 54, 1);

-- --------------------------------------------------------

--
-- Tábla szerkezet: `catalog_category_product_index`
--

CREATE TABLE IF NOT EXISTS `catalog_category_product_index` (
  `category_id` int(10) unsigned NOT NULL default '0',
  `product_id` int(10) unsigned NOT NULL default '0',
  `position` int(10) unsigned default NULL,
  `is_parent` tinyint(1) unsigned NOT NULL default '0',
  `store_id` smallint(5) unsigned NOT NULL default '0',
  `visibility` tinyint(3) unsigned NOT NULL,
  UNIQUE KEY `UNQ_CATEGORY_PRODUCT` (`category_id`,`product_id`,`store_id`),
  KEY `FK_CATALOG_CATEGORY_PRODUCT_INDEX_CATEGORY_ENTITY` (`category_id`),
  KEY `IDX_JOIN` (`product_id`,`store_id`,`category_id`,`visibility`),
  KEY `IDX_BASE` (`store_id`,`category_id`,`visibility`,`is_parent`,`position`)
) ENGINE=InnoDB DEFAULT CHARSET=utf8;

--
-- A tábla adatainak kiíratása `catalog_category_product_index`
--

INSERT INTO `catalog_category_product_index` (`category_id`, `product_id`, `position`, `is_parent`, `store_id`, `visibility`) VALUES
(2, 1, 80001, 0, 1, 4),
(2, 2, 80001, 0, 1, 4),
(2, 3, 80001, 0, 1, 4),
(2, 4, 80001, 0, 1, 4),
(2, 5, 80001, 0, 1, 4),
(2, 6, 80001, 0, 1, 4),
(2, 19, 90001, 0, 1, 4),
(2, 20, 90001, 0, 1, 4),
(2, 21, 90001, 0, 1, 4),
(2, 22, 90001, 0, 1, 4),
(2, 23, 90001, 0, 1, 4),
(2, 24, 90001, 0, 1, 4),
(2, 7, 120001, 0, 1, 4),
(2, 8, 120001, 0, 1, 4),
(2, 9, 120001, 0, 1, 4),
(2, 10, 120001, 0, 1, 4),
(2, 11, 120001, 0, 1, 4),
(2, 12, 120001, 0, 1, 4),
(2, 25, 120001, 0, 1, 4),
(2, 26, 120001, 0, 1, 4),
(2, 27, 120001, 0, 1, 4),
(2, 28, 120001, 0, 1, 4),
(2, 29, 120001, 0, 1, 4),
(2, 30, 120001, 0, 1, 4),
(2, 56, 120001, 0, 1, 4),
(2, 31, 150001, 0, 1, 4),
(2, 32, 150001, 0, 1, 4),
(2, 33, 150001, 0, 1, 4),
(2, 34, 150001, 0, 1, 4),
(2, 35, 150001, 0, 1, 4),
(2, 36, 150001, 0, 1, 4),
(2, 55, 150001, 0, 1, 4),
(2, 57, 150001, 0, 1, 4),
(2, 58, 150001, 0, 1, 4),
(2, 59, 150001, 0, 1, 4),
(2, 60, 150001, 0, 1, 4),
(2, 13, 160001, 0, 1, 4),
(2, 14, 160001, 0, 1, 4),
(2, 15, 160001, 0, 1, 4),
(2, 16, 160001, 0, 1, 4),
(2, 17, 160001, 0, 1, 4),
(2, 18, 160001, 0, 1, 4),
(2, 37, 180001, 0, 1, 4),
(2, 38, 180001, 0, 1, 4),
(2, 39, 180001, 0, 1, 4),
(2, 40, 180001, 0, 1, 4),
(2, 41, 180001, 0, 1, 4),
(2, 42, 180001, 0, 1, 4),
(2, 43, 210001, 0, 1, 4),
(2, 44, 210001, 0, 1, 4),
(2, 45, 210001, 0, 1, 4),
(2, 46, 210001, 0, 1, 4),
(2, 47, 210001, 0, 1, 4),
(2, 48, 210001, 0, 1, 4),
(2, 49, 240001, 0, 1, 4),
(2, 50, 240001, 0, 1, 4),
(2, 51, 240001, 0, 1, 4),
(2, 52, 240001, 0, 1, 4),
(2, 53, 240001, 0, 1, 4),
(2, 54, 240001, 0, 1, 4),
(4, 1, 1, 1, 1, 4),
(4, 2, 1, 1, 1, 4),
(4, 3, 1, 1, 1, 4),
(4, 4, 1, 1, 1, 4),
(4, 5, 1, 1, 1, 4),
(4, 6, 1, 1, 1, 4),
(5, 7, 1, 1, 1, 4),
(5, 8, 1, 1, 1, 4),
(5, 9, 1, 1, 1, 4),
(5, 10, 1, 1, 1, 4),
(5, 11, 1, 1, 1, 4),
(5, 12, 1, 1, 1, 4),
(6, 13, 1, 1, 1, 4),
(6, 14, 1, 1, 1, 4),
(6, 15, 1, 1, 1, 4),
(6, 16, 1, 1, 1, 4),
(6, 17, 1, 1, 1, 4),
(6, 18, 1, 1, 1, 4),
(7, 19, 1, 1, 1, 4),
(7, 20, 1, 1, 1, 4),
(7, 21, 1, 1, 1, 4),
(7, 22, 1, 1, 1, 4),
(7, 23, 1, 1, 1, 4),
(7, 24, 1, 1, 1, 4),
(8, 25, 1, 1, 1, 4),
(8, 26, 1, 1, 1, 4),
(8, 27, 1, 1, 1, 4),
(8, 28, 1, 1, 1, 4),
(8, 29, 1, 1, 1, 4),
(8, 30, 1, 1, 1, 4),
(8, 56, 1, 1, 1, 4),
(9, 31, 1, 1, 1, 4),
(9, 32, 1, 1, 1, 4),
(9, 33, 1, 1, 1, 4),
(9, 34, 1, 1, 1, 4),
(9, 35, 1, 1, 1, 4),
(9, 36, 1, 1, 1, 4),
(9, 55, 1, 1, 1, 4),
(9, 57, 1, 1, 1, 4),
(9, 58, 1, 1, 1, 4),
(9, 59, 1, 1, 1, 4),
(9, 60, 1, 1, 1, 4),
(10, 37, 1, 1, 1, 4),
(10, 38, 1, 1, 1, 4),
(10, 39, 1, 1, 1, 4),
(10, 40, 1, 1, 1, 4),
(10, 41, 1, 1, 1, 4),
(10, 42, 1, 1, 1, 4),
(11, 43, 1, 1, 1, 4),
(11, 44, 1, 1, 1, 4),
(11, 45, 1, 1, 1, 4),
(11, 46, 1, 1, 1, 4),
(11, 47, 1, 1, 1, 4),
(11, 48, 1, 1, 1, 4),
(12, 49, 1, 1, 1, 4),
(12, 50, 1, 1, 1, 4),
(12, 51, 1, 1, 1, 4),
(12, 52, 1, 1, 1, 4),
(12, 53, 1, 1, 1, 4),
(12, 54, 1, 1, 1, 4);

-- --------------------------------------------------------

--
-- Tábla szerkezet: `catalog_category_product_index_enbl_idx`
--

CREATE TABLE IF NOT EXISTS `catalog_category_product_index_enbl_idx` (
  `product_id` int(10) unsigned NOT NULL default '0',
  `visibility` int(11) unsigned NOT NULL default '0',
  KEY `IDX_PRODUCT` (`product_id`)
) ENGINE=InnoDB DEFAULT CHARSET=utf8;

--
-- A tábla adatainak kiíratása `catalog_category_product_index_enbl_idx`
--


-- --------------------------------------------------------

--
-- Tábla szerkezet: `catalog_category_product_index_enbl_tmp`
--

CREATE TABLE IF NOT EXISTS `catalog_category_product_index_enbl_tmp` (
  `product_id` int(10) unsigned NOT NULL default '0',
  `visibility` int(11) unsigned NOT NULL default '0',
  KEY `IDX_PRODUCT` (`product_id`)
) ENGINE=MEMORY DEFAULT CHARSET=utf8;

--
-- A tábla adatainak kiíratása `catalog_category_product_index_enbl_tmp`
--


-- --------------------------------------------------------

--
-- Tábla szerkezet: `catalog_category_product_index_idx`
--

CREATE TABLE IF NOT EXISTS `catalog_category_product_index_idx` (
  `category_id` int(10) unsigned NOT NULL default '0',
  `product_id` int(10) unsigned NOT NULL default '0',
  `position` int(10) NOT NULL default '0',
  `is_parent` tinyint(1) unsigned NOT NULL default '0',
  `store_id` smallint(5) unsigned NOT NULL default '0',
  `visibility` tinyint(3) unsigned NOT NULL
) ENGINE=InnoDB DEFAULT CHARSET=utf8;

--
-- A tábla adatainak kiíratása `catalog_category_product_index_idx`
--


-- --------------------------------------------------------

--
-- Tábla szerkezet: `catalog_category_product_index_tmp`
--

CREATE TABLE IF NOT EXISTS `catalog_category_product_index_tmp` (
  `category_id` int(10) unsigned NOT NULL default '0',
  `product_id` int(10) unsigned NOT NULL default '0',
  `position` int(10) NOT NULL default '0',
  `is_parent` tinyint(1) unsigned NOT NULL default '0',
  `store_id` smallint(5) unsigned NOT NULL default '0',
  `visibility` tinyint(3) unsigned NOT NULL
) ENGINE=MEMORY DEFAULT CHARSET=utf8;

--
-- A tábla adatainak kiíratása `catalog_category_product_index_tmp`
--


-- --------------------------------------------------------

--
-- Tábla szerkezet: `catalog_compare_item`
--

CREATE TABLE IF NOT EXISTS `catalog_compare_item` (
  `catalog_compare_item_id` int(11) unsigned NOT NULL auto_increment,
  `visitor_id` int(11) unsigned NOT NULL default '0',
  `customer_id` int(11) unsigned default NULL,
  `product_id` int(11) unsigned NOT NULL default '0',
  `store_id` smallint(5) unsigned default NULL,
  PRIMARY KEY  (`catalog_compare_item_id`),
  KEY `FK_CATALOG_COMPARE_ITEM_CUSTOMER` (`customer_id`),
  KEY `FK_CATALOG_COMPARE_ITEM_PRODUCT` (`product_id`),
  KEY `IDX_VISITOR_PRODUCTS` (`visitor_id`,`product_id`),
  KEY `IDX_CUSTOMER_PRODUCTS` (`customer_id`,`product_id`),
  KEY `FK_CATALOG_COMPARE_ITEM_STORE` (`store_id`)
) ENGINE=InnoDB  DEFAULT CHARSET=utf8 AUTO_INCREMENT=102 ;

--
-- A tábla adatainak kiíratása `catalog_compare_item`
--

INSERT INTO `catalog_compare_item` (`catalog_compare_item_id`, `visitor_id`, `customer_id`, `product_id`, `store_id`) VALUES
(1, 4649, NULL, 18, 1),
(2, 5058, NULL, 4, 1),
(3, 5984, NULL, 31, 1),
(4, 5984, NULL, 32, 1),
(5, 5984, NULL, 33, 1),
(6, 5984, NULL, 34, 1),
(7, 5984, NULL, 35, 1),
(8, 5984, NULL, 36, 1),
(9, 5984, NULL, 55, 1),
(10, 5984, NULL, 57, 1),
(11, 5984, NULL, 58, 1),
(12, 6408, NULL, 37, 1),
(13, 6408, NULL, 38, 1),
(14, 6408, NULL, 39, 1),
(15, 6408, NULL, 40, 1),
(16, 6408, NULL, 41, 1),
(17, 6408, NULL, 42, 1),
(18, 6781, NULL, 31, 1),
(19, 6781, NULL, 32, 1),
(20, 6781, NULL, 33, 1),
(21, 6781, NULL, 34, 1),
(22, 6781, NULL, 35, 1),
(23, 6781, NULL, 36, 1),
(24, 6781, NULL, 55, 1),
(25, 6781, NULL, 57, 1),
(26, 6781, NULL, 58, 1),
(27, 6857, NULL, 31, 1),
(28, 6857, NULL, 32, 1),
(29, 6857, NULL, 33, 1),
(30, 6857, NULL, 34, 1),
(31, 6857, NULL, 35, 1),
(32, 6857, NULL, 36, 1),
(33, 6857, NULL, 55, 1),
(34, 6857, NULL, 57, 1),
(35, 6857, NULL, 58, 1),
(36, 8330, NULL, 1, 1),
(37, 8330, NULL, 2, 1),
(38, 8330, NULL, 3, 1),
(39, 8330, NULL, 4, 1),
(40, 8330, NULL, 5, 1),
(41, 8330, NULL, 6, 1),
(42, 8330, NULL, 7, 1),
(43, 8330, NULL, 8, 1),
(44, 8330, NULL, 9, 1),
(45, 8330, NULL, 10, 1),
(46, 8330, NULL, 11, 1),
(47, 8330, NULL, 12, 1),
(48, 8330, NULL, 13, 1),
(49, 8330, NULL, 14, 1),
(50, 8330, NULL, 15, 1),
(51, 8330, NULL, 16, 1),
(52, 8330, NULL, 17, 1),
(53, 8330, NULL, 18, 1),
(54, 8330, NULL, 19, 1),
(55, 8330, NULL, 20, 1),
(56, 8330, NULL, 21, 1),
(57, 8330, NULL, 22, 1),
(58, 8330, NULL, 23, 1),
(59, 8330, NULL, 24, 1),
(60, 9080, NULL, 1, 1),
(61, 9080, NULL, 2, 1),
(62, 9080, NULL, 3, 1),
(63, 9080, NULL, 4, 1),
(64, 9080, NULL, 5, 1),
(65, 9080, NULL, 6, 1),
(66, 9080, NULL, 7, 1),
(67, 9080, NULL, 8, 1),
(68, 9080, NULL, 9, 1),
(69, 9080, NULL, 10, 1),
(70, 9080, NULL, 11, 1),
(71, 9080, NULL, 12, 1),
(72, 9080, NULL, 13, 1),
(73, 9080, NULL, 14, 1),
(74, 9080, NULL, 15, 1),
(75, 9080, NULL, 16, 1),
(76, 9080, NULL, 17, 1),
(77, 9080, NULL, 18, 1),
(78, 9080, NULL, 19, 1),
(79, 9080, NULL, 20, 1),
(80, 9080, NULL, 21, 1),
(81, 9080, NULL, 22, 1),
(82, 9080, NULL, 23, 1),
(83, 9080, NULL, 24, 1),
(84, 10068, NULL, 1, 1),
(85, 10068, NULL, 2, 1),
(86, 10068, NULL, 3, 1),
(87, 10068, NULL, 4, 1),
(88, 10068, NULL, 5, 1),
(89, 10068, NULL, 6, 1),
(90, 10068, NULL, 7, 1),
(91, 10068, NULL, 8, 1),
(92, 10474, NULL, 35, 1),
(93, 11147, NULL, 39, 1),
(94, 24144, NULL, 35, 1),
(95, 25204, NULL, 1, 1),
(96, 25204, NULL, 2, 1),
(97, 25204, NULL, 3, 1),
(98, 25204, NULL, 4, 1),
(99, 25204, NULL, 5, 1),
(100, 25204, NULL, 6, 1),
(101, 27016, NULL, 20, 1);

-- --------------------------------------------------------

--
-- Tábla szerkezet: `catalog_eav_attribute`
--

CREATE TABLE IF NOT EXISTS `catalog_eav_attribute` (
  `attribute_id` smallint(5) unsigned NOT NULL auto_increment,
  `frontend_input_renderer` varchar(255) default NULL,
  `is_global` tinyint(1) unsigned NOT NULL default '1',
  `is_visible` tinyint(1) unsigned NOT NULL default '1',
  `is_searchable` tinyint(1) unsigned NOT NULL default '0',
  `is_filterable` tinyint(1) unsigned NOT NULL default '0',
  `is_comparable` tinyint(1) unsigned NOT NULL default '0',
  `is_visible_on_front` tinyint(1) unsigned NOT NULL default '0',
  `is_html_allowed_on_front` tinyint(1) unsigned NOT NULL default '0',
  `is_used_for_price_rules` tinyint(1) unsigned NOT NULL default '0' COMMENT 'deprecated after 1.4.0.1',
  `is_filterable_in_search` tinyint(1) unsigned NOT NULL default '0',
  `used_in_product_listing` tinyint(1) unsigned NOT NULL default '0',
  `used_for_sort_by` tinyint(1) unsigned NOT NULL default '0',
  `is_configurable` tinyint(1) unsigned NOT NULL default '1',
  `apply_to` varchar(255) NOT NULL,
  `is_visible_in_advanced_search` tinyint(1) unsigned NOT NULL default '0',
  `position` int(11) NOT NULL,
  `is_wysiwyg_enabled` tinyint(1) unsigned NOT NULL default '0',
  `is_used_for_promo_rules` tinyint(1) unsigned NOT NULL default '0',
  PRIMARY KEY  (`attribute_id`),
  KEY `IDX_USED_FOR_SORT_BY` (`used_for_sort_by`),
  KEY `IDX_USED_IN_PRODUCT_LISTING` (`used_in_product_listing`)
) ENGINE=InnoDB  DEFAULT CHARSET=utf8 AUTO_INCREMENT=122 ;

--
-- A tábla adatainak kiíratása `catalog_eav_attribute`
--

INSERT INTO `catalog_eav_attribute` (`attribute_id`, `frontend_input_renderer`, `is_global`, `is_visible`, `is_searchable`, `is_filterable`, `is_comparable`, `is_visible_on_front`, `is_html_allowed_on_front`, `is_used_for_price_rules`, `is_filterable_in_search`, `used_in_product_listing`, `used_for_sort_by`, `is_configurable`, `apply_to`, `is_visible_in_advanced_search`, `position`, `is_wysiwyg_enabled`, `is_used_for_promo_rules`) VALUES
(33, '', 0, 1, 0, 0, 0, 0, 0, 0, 0, 0, 0, 1, '', 0, 0, 0, 0),
(34, '', 0, 1, 0, 0, 0, 0, 0, 0, 0, 0, 0, 1, '', 0, 0, 0, 0),
(35, '', 0, 1, 0, 0, 0, 0, 0, 0, 0, 0, 0, 1, '', 0, 0, 0, 0),
(36, '', 0, 1, 0, 0, 0, 0, 1, 0, 0, 0, 0, 1, '', 0, 0, 1, 0),
(37, '', 0, 1, 0, 0, 0, 0, 0, 0, 0, 0, 0, 1, '', 0, 0, 0, 0),
(38, '', 0, 1, 0, 0, 0, 0, 0, 0, 0, 0, 0, 1, '', 0, 0, 0, 0),
(39, '', 0, 1, 0, 0, 0, 0, 0, 0, 0, 0, 0, 1, '', 0, 0, 0, 0),
(40, '', 0, 1, 0, 0, 0, 0, 0, 0, 0, 0, 0, 1, '', 0, 0, 0, 0),
(41, '', 0, 1, 0, 0, 0, 0, 0, 0, 0, 0, 0, 1, '', 0, 0, 0, 0),
(42, '', 0, 1, 0, 0, 0, 0, 0, 0, 0, 0, 0, 1, '', 0, 0, 0, 0),
(43, '', 1, 1, 0, 0, 0, 0, 0, 0, 0, 0, 0, 1, '', 0, 0, 0, 0),
(44, '', 1, 0, 0, 0, 0, 0, 0, 0, 0, 0, 0, 1, '', 0, 0, 0, 0),
(45, '', 1, 0, 0, 0, 0, 0, 0, 0, 0, 0, 0, 1, '', 0, 0, 0, 0),
(46, '', 1, 0, 0, 0, 0, 0, 0, 0, 0, 0, 0, 1, '', 0, 0, 0, 0),
(47, '', 1, 0, 0, 0, 0, 0, 0, 0, 0, 0, 0, 1, '', 0, 0, 0, 0),
(48, '', 1, 0, 0, 0, 0, 0, 0, 0, 0, 0, 0, 1, '', 0, 0, 0, 0),
(49, '', 0, 0, 0, 0, 0, 0, 0, 0, 0, 0, 0, 1, '', 0, 0, 0, 0),
(50, '', 0, 1, 0, 0, 0, 0, 0, 0, 0, 0, 0, 1, '', 0, 0, 0, 0),
(51, '', 0, 1, 0, 0, 0, 0, 0, 0, 0, 0, 0, 1, '', 0, 0, 0, 0),
(52, '', 0, 1, 0, 0, 0, 0, 0, 0, 0, 0, 0, 1, '', 0, 0, 0, 0),
(53, '', 0, 1, 0, 0, 0, 0, 0, 0, 0, 0, 0, 1, '', 0, 0, 0, 0),
(54, '', 0, 1, 0, 0, 0, 0, 0, 0, 0, 0, 0, 1, '', 0, 0, 0, 0),
(55, '', 0, 1, 0, 0, 0, 0, 0, 0, 0, 0, 0, 1, '', 0, 0, 0, 0),
(56, '', 1, 0, 0, 0, 0, 0, 0, 0, 0, 0, 0, 1, '', 0, 0, 0, 0),
(57, '', 1, 0, 0, 0, 0, 0, 0, 0, 0, 0, 0, 1, '', 0, 0, 0, 0),
(58, 'adminhtml/catalog_category_helper_sortby_available', 0, 1, 0, 0, 0, 0, 0, 0, 0, 0, 0, 1, '', 0, 0, 0, 0),
(59, 'adminhtml/catalog_category_helper_sortby_default', 0, 1, 0, 0, 0, 0, 0, 0, 0, 0, 0, 1, '', 0, 0, 0, 0),
(60, '', 0, 1, 1, 0, 0, 0, 0, 0, 0, 1, 1, 1, '', 1, 0, 0, 0),
(61, '', 0, 1, 1, 0, 1, 0, 1, 0, 0, 0, 0, 1, '', 1, 0, 1, 0),
(62, '', 0, 1, 1, 0, 1, 0, 1, 0, 0, 1, 0, 1, '', 1, 0, 1, 0),
(63, '', 1, 1, 1, 0, 1, 0, 0, 0, 0, 0, 0, 1, '', 1, 0, 0, 0),
(64, '', 2, 1, 1, 1, 0, 0, 0, 0, 0, 1, 1, 1, 'simple,configurable,virtual,bundle,downloadable', 1, 0, 0, 0),
(65, '', 2, 1, 0, 0, 0, 0, 0, 0, 0, 1, 0, 1, 'simple,configurable,virtual,bundle,downloadable', 0, 0, 0, 0),
(66, '', 2, 1, 0, 0, 0, 0, 0, 0, 0, 1, 0, 1, 'simple,configurable,virtual,bundle,downloadable', 0, 0, 0, 0),
(67, '', 2, 1, 0, 0, 0, 0, 0, 0, 0, 1, 0, 1, 'simple,configurable,virtual,bundle,downloadable', 0, 0, 0, 0),
(68, '', 2, 1, 0, 0, 0, 0, 0, 0, 0, 0, 0, 1, 'simple,virtual,downloadable', 0, 0, 0, 0),
(69, '', 1, 1, 0, 0, 0, 0, 0, 0, 0, 0, 0, 1, 'simple,bundle', 0, 0, 0, 0),
(70, '', 1, 1, 1, 1, 1, 0, 0, 0, 0, 0, 0, 1, 'simple', 1, 0, 0, 0),
(71, '', 0, 1, 0, 0, 0, 0, 0, 0, 0, 0, 0, 1, '', 0, 0, 0, 0),
(72, '', 0, 1, 0, 0, 0, 0, 0, 0, 0, 0, 0, 1, '', 0, 0, 0, 0),
(73, '', 0, 1, 0, 0, 0, 0, 0, 0, 0, 0, 0, 1, '', 0, 0, 0, 0),
(74, '', 0, 1, 0, 0, 0, 0, 0, 0, 0, 0, 0, 1, '', 0, 0, 0, 0),
(75, '', 0, 1, 0, 0, 0, 0, 0, 0, 0, 1, 0, 1, '', 0, 0, 0, 0),
(76, '', 0, 1, 0, 0, 0, 0, 0, 0, 0, 1, 0, 1, '', 0, 0, 0, 0),
(77, '', 1, 1, 0, 0, 0, 0, 0, 0, 0, 0, 0, 1, '', 0, 0, 0, 0),
(78, '', 1, 0, 0, 0, 0, 0, 0, 0, 0, 0, 0, 1, '', 0, 0, 0, 0),
(79, '', 2, 1, 0, 0, 0, 0, 0, 0, 0, 0, 0, 1, 'simple,configurable,virtual,bundle,downloadable', 0, 0, 0, 0),
(80, '', 1, 1, 1, 1, 1, 0, 0, 0, 0, 0, 0, 1, 'simple', 1, 0, 0, 0),
(81, '', 2, 1, 0, 0, 0, 0, 0, 0, 0, 1, 0, 1, '', 0, 0, 0, 0),
(82, '', 2, 1, 0, 0, 0, 0, 0, 0, 0, 1, 0, 1, '', 0, 0, 0, 0),
(83, '', 1, 1, 0, 0, 0, 0, 0, 0, 0, 0, 0, 1, '', 0, 0, 0, 0),
(84, '', 2, 1, 1, 0, 0, 0, 0, 0, 0, 1, 0, 1, '', 0, 0, 0, 0),
(85, '', 2, 1, 1, 0, 0, 0, 0, 0, 0, 1, 0, 1, 'simple,configurable,virtual,bundle,downloadable', 1, 0, 0, 0),
(86, '', 0, 1, 0, 0, 0, 0, 0, 0, 0, 1, 0, 1, '', 0, 0, 0, 0),
(87, '', 0, 0, 0, 0, 0, 0, 0, 0, 0, 0, 0, 1, '', 0, 0, 0, 0),
(88, '', 0, 0, 0, 0, 0, 0, 0, 0, 0, 0, 0, 1, 'simple,configurable,virtual,bundle,downloadable', 0, 0, 0, 0),
(89, '', 1, 1, 0, 0, 0, 0, 0, 0, 0, 0, 0, 0, 'simple,virtual', 0, 0, 0, 0),
(90, '', 1, 1, 0, 0, 0, 0, 0, 0, 0, 0, 0, 0, 'simple,virtual', 0, 0, 0, 0),
(91, '', 0, 1, 0, 0, 0, 0, 0, 0, 0, 0, 0, 1, '', 0, 0, 0, 0),
(92, '', 0, 1, 0, 0, 0, 0, 0, 0, 0, 0, 0, 1, '', 0, 0, 0, 0),
(93, '', 0, 1, 0, 0, 0, 0, 0, 0, 0, 0, 0, 1, '', 0, 0, 0, 0),
(94, '', 0, 1, 0, 0, 0, 0, 0, 0, 0, 0, 0, 1, '', 0, 0, 0, 0),
(95, '', 0, 1, 0, 0, 0, 0, 0, 0, 0, 0, 0, 1, '', 0, 0, 0, 0),
(96, '', 0, 1, 0, 0, 0, 0, 0, 0, 0, 0, 0, 1, '', 0, 0, 0, 0),
(97, '', 0, 1, 0, 0, 0, 0, 0, 0, 0, 0, 0, 1, '', 0, 0, 0, 0),
(98, '', 1, 0, 0, 0, 0, 0, 0, 0, 0, 1, 0, 1, '', 0, 0, 0, 0),
(99, '', 1, 0, 0, 0, 0, 0, 0, 0, 0, 0, 0, 1, '', 0, 0, 0, 0),
(100, '', 0, 0, 0, 0, 0, 0, 0, 0, 0, 1, 0, 0, '', 0, 0, 0, 0),
(101, '', 0, 0, 0, 0, 0, 0, 0, 0, 0, 1, 0, 0, '', 0, 0, 0, 0),
(102, '', 0, 0, 0, 0, 0, 0, 0, 0, 0, 1, 0, 0, '', 0, 0, 0, 0),
(103, '', 1, 0, 0, 0, 0, 0, 0, 0, 0, 0, 0, 1, '', 0, 0, 0, 0),
(104, '', 1, 0, 0, 0, 0, 0, 0, 0, 0, 0, 0, 1, '', 0, 0, 0, 0),
(105, '', 0, 1, 0, 0, 0, 0, 0, 0, 0, 0, 0, 1, '', 0, 0, 0, 0),
(106, '', 0, 1, 0, 0, 0, 0, 0, 0, 0, 0, 0, 1, '', 0, 0, 0, 0),
(107, '', 0, 1, 0, 0, 0, 0, 0, 0, 0, 0, 0, 1, '', 0, 0, 0, 0),
(108, 'adminhtml/catalog_category_helper_pricestep', 0, 1, 0, 0, 0, 0, 0, 0, 0, 0, 0, 1, '', 0, 0, 0, 0),
(109, '', 1, 1, 0, 0, 0, 0, 0, 0, 0, 0, 0, 0, '', 0, 0, 0, 0),
(110, 'giftmessage/adminhtml_product_helper_form_config', 1, 1, 0, 0, 0, 0, 0, 0, 0, 0, 0, 0, '', 0, 0, 0, 0),
(111, '', 1, 0, 0, 0, 0, 0, 0, 0, 0, 1, 0, 0, 'bundle', 0, 0, 0, 0),
(112, '', 1, 0, 0, 0, 0, 0, 0, 0, 0, 0, 0, 0, 'bundle', 0, 0, 0, 0),
(113, '', 1, 0, 0, 0, 0, 0, 0, 0, 0, 1, 0, 0, 'bundle', 0, 0, 0, 0),
(114, '', 1, 1, 0, 0, 0, 0, 0, 0, 0, 1, 0, 0, 'bundle', 0, 0, 0, 0),
(115, '', 1, 0, 0, 0, 0, 0, 0, 0, 0, 1, 0, 0, 'bundle', 0, 0, 0, 0),
(116, '', 1, 0, 0, 0, 0, 0, 0, 0, 0, 1, 0, 0, 'downloadable', 0, 0, 0, 0),
(117, '', 0, 0, 0, 0, 0, 0, 0, 0, 0, 0, 0, 0, 'downloadable', 0, 0, 0, 0),
(118, '', 0, 0, 0, 0, 0, 0, 0, 0, 0, 0, 0, 0, 'downloadable', 0, 0, 0, 0),
(119, '', 1, 0, 0, 0, 0, 0, 0, 0, 0, 1, 0, 0, 'downloadable', 0, 0, 0, 0),
(120, '', 0, 1, 0, 0, 0, 0, 0, 0, 0, 0, 0, 1, '', 0, 0, 0, 0),
(121, '', 1, 1, 0, 0, 0, 0, 0, 0, 0, 1, 0, 0, '', 0, 0, 0, 0);

-- --------------------------------------------------------

--
-- Tábla szerkezet: `catalog_product_bundle_option`
--

CREATE TABLE IF NOT EXISTS `catalog_product_bundle_option` (
  `option_id` int(10) unsigned NOT NULL auto_increment,
  `parent_id` int(10) unsigned NOT NULL,
  `required` tinyint(1) unsigned NOT NULL default '0',
  `position` int(10) unsigned NOT NULL default '0',
  `type` varchar(255) NOT NULL default '',
  PRIMARY KEY  (`option_id`),
  KEY `FK_CATALOG_PRODUCT_BUNDLE_OPTION_PARENT` (`parent_id`)
) ENGINE=InnoDB DEFAULT CHARSET=utf8 COMMENT='Bundle Options' AUTO_INCREMENT=1 ;

--
-- A tábla adatainak kiíratása `catalog_product_bundle_option`
--


-- --------------------------------------------------------

--
-- Tábla szerkezet: `catalog_product_bundle_option_value`
--

CREATE TABLE IF NOT EXISTS `catalog_product_bundle_option_value` (
  `value_id` int(10) unsigned NOT NULL auto_increment,
  `option_id` int(10) unsigned NOT NULL,
  `store_id` smallint(5) unsigned NOT NULL,
  `title` varchar(255) NOT NULL default '',
  PRIMARY KEY  (`value_id`),
  UNIQUE KEY `UNQ_OPTION_STORE` (`option_id`,`store_id`)
) ENGINE=InnoDB DEFAULT CHARSET=utf8 COMMENT='Bundle Selections' AUTO_INCREMENT=1 ;

--
-- A tábla adatainak kiíratása `catalog_product_bundle_option_value`
--


-- --------------------------------------------------------

--
-- Tábla szerkezet: `catalog_product_bundle_price_index`
--

CREATE TABLE IF NOT EXISTS `catalog_product_bundle_price_index` (
  `entity_id` int(10) unsigned NOT NULL,
  `website_id` smallint(5) unsigned NOT NULL,
  `customer_group_id` smallint(3) unsigned NOT NULL,
  `min_price` decimal(12,4) NOT NULL,
  `max_price` decimal(12,4) NOT NULL,
  PRIMARY KEY  (`entity_id`,`website_id`,`customer_group_id`),
  KEY `IDX_WEBSITE` (`website_id`),
  KEY `IDX_CUSTOMER_GROUP` (`customer_group_id`)
) ENGINE=InnoDB DEFAULT CHARSET=utf8;

--
-- A tábla adatainak kiíratása `catalog_product_bundle_price_index`
--


-- --------------------------------------------------------

--
-- Tábla szerkezet: `catalog_product_bundle_selection`
--

CREATE TABLE IF NOT EXISTS `catalog_product_bundle_selection` (
  `selection_id` int(10) unsigned NOT NULL auto_increment,
  `option_id` int(10) unsigned NOT NULL,
  `parent_product_id` int(10) unsigned NOT NULL,
  `product_id` int(10) unsigned NOT NULL,
  `position` int(10) unsigned NOT NULL default '0',
  `is_default` tinyint(1) unsigned NOT NULL default '0',
  `selection_price_type` tinyint(1) unsigned NOT NULL default '0',
  `selection_price_value` decimal(12,4) NOT NULL default '0.0000',
  `selection_qty` decimal(12,4) NOT NULL default '0.0000',
  `selection_can_change_qty` tinyint(1) NOT NULL default '0',
  PRIMARY KEY  (`selection_id`),
  KEY `FK_CATALOG_PRODUCT_BUNDLE_SELECTION_OPTION` (`option_id`),
  KEY `FK_CATALOG_PRODUCT_BUNDLE_SELECTION_PRODUCT` (`product_id`)
) ENGINE=InnoDB DEFAULT CHARSET=utf8 COMMENT='Bundle Selections' AUTO_INCREMENT=1 ;

--
-- A tábla adatainak kiíratása `catalog_product_bundle_selection`
--


-- --------------------------------------------------------

--
-- Tábla szerkezet: `catalog_product_bundle_selection_price`
--

CREATE TABLE IF NOT EXISTS `catalog_product_bundle_selection_price` (
  `selection_id` int(10) unsigned NOT NULL,
  `website_id` smallint(5) unsigned NOT NULL,
  `selection_price_type` tinyint(1) unsigned NOT NULL default '0',
  `selection_price_value` decimal(12,4) NOT NULL default '0.0000',
  PRIMARY KEY  (`selection_id`,`website_id`),
  KEY `FK_BUNDLE_PRICE_SELECTION_WEBSITE` (`website_id`)
) ENGINE=InnoDB DEFAULT CHARSET=utf8;

--
-- A tábla adatainak kiíratása `catalog_product_bundle_selection_price`
--


-- --------------------------------------------------------

--
-- Tábla szerkezet: `catalog_product_bundle_stock_index`
--

CREATE TABLE IF NOT EXISTS `catalog_product_bundle_stock_index` (
  `entity_id` int(10) unsigned NOT NULL,
  `website_id` smallint(5) unsigned NOT NULL,
  `stock_id` smallint(5) unsigned NOT NULL,
  `option_id` int(10) unsigned NOT NULL default '0',
  `stock_status` tinyint(1) default '0',
  PRIMARY KEY  (`entity_id`,`stock_id`,`website_id`,`option_id`)
) ENGINE=InnoDB DEFAULT CHARSET=utf8;

--
-- A tábla adatainak kiíratása `catalog_product_bundle_stock_index`
--


-- --------------------------------------------------------

--
-- Tábla szerkezet: `catalog_product_enabled_index`
--

CREATE TABLE IF NOT EXISTS `catalog_product_enabled_index` (
  `product_id` int(10) unsigned NOT NULL default '0',
  `store_id` smallint(5) unsigned NOT NULL default '0',
  `visibility` smallint(5) unsigned NOT NULL default '0',
  UNIQUE KEY `UNQ_PRODUCT_STORE` (`product_id`,`store_id`),
  KEY `IDX_PRODUCT_VISIBILITY_IN_STORE` (`product_id`,`store_id`,`visibility`),
  KEY `FK_CATALOG_PRODUCT_ENABLED_INDEX_STORE` (`store_id`)
) ENGINE=InnoDB DEFAULT CHARSET=utf8;

--
-- A tábla adatainak kiíratása `catalog_product_enabled_index`
--


-- --------------------------------------------------------

--
-- Tábla szerkezet: `catalog_product_entity`
--

CREATE TABLE IF NOT EXISTS `catalog_product_entity` (
  `entity_id` int(10) unsigned NOT NULL auto_increment,
  `entity_type_id` smallint(8) unsigned NOT NULL default '0',
  `attribute_set_id` smallint(5) unsigned NOT NULL default '0',
  `type_id` varchar(32) NOT NULL default 'simple',
  `sku` varchar(64) default NULL,
  `has_options` smallint(1) NOT NULL default '0',
  `required_options` tinyint(1) unsigned NOT NULL default '0',
  `created_at` datetime NOT NULL default '0000-00-00 00:00:00',
  `updated_at` datetime NOT NULL default '0000-00-00 00:00:00',
  PRIMARY KEY  (`entity_id`),
  KEY `FK_CATALOG_PRODUCT_ENTITY_ENTITY_TYPE` (`entity_type_id`),
  KEY `FK_CATALOG_PRODUCT_ENTITY_ATTRIBUTE_SET_ID` (`attribute_set_id`),
  KEY `sku` (`sku`)
) ENGINE=InnoDB  DEFAULT CHARSET=utf8 COMMENT='Product Entities' AUTO_INCREMENT=61 ;

--
-- A tábla adatainak kiíratása `catalog_product_entity`
--

INSERT INTO `catalog_product_entity` (`entity_id`, `entity_type_id`, `attribute_set_id`, `type_id`, `sku`, `has_options`, `required_options`, `created_at`, `updated_at`) VALUES
(1, 4, 4, 'simple', 'IndiB Branches Orange Rug', 1, 1, '2011-04-12 13:35:03', '2011-04-12 19:19:56'),
(2, 4, 4, 'simple', 'MohoDesign Fluid Rug', 0, 0, '2011-04-12 13:37:54', '2011-04-12 19:22:02'),
(3, 4, 4, 'simple', 'MohoDesign Mag Rug', 1, 1, '2011-04-12 13:41:53', '2011-04-12 19:24:04'),
(4, 4, 4, 'simple', 'SAVOY SHAG SAVOY STRIPE', 0, 0, '2011-04-12 13:45:35', '2011-04-12 19:25:05'),
(5, 4, 4, 'simple', 'Thrown Away Floral Rug', 1, 1, '2011-04-12 13:49:36', '2011-04-12 19:26:00'),
(6, 4, 4, 'simple', 'Traverse Modern Rug by Bowron', 0, 0, '2011-04-12 13:51:43', '2011-04-12 19:26:57'),
(7, 4, 4, 'simple', 'Berber Carpet', 1, 1, '2011-04-12 13:56:05', '2011-04-12 19:28:45'),
(8, 4, 4, 'simple', 'Cloth Bindings', 0, 0, '2011-04-12 14:02:31', '2011-04-12 19:30:51'),
(9, 4, 4, 'simple', 'Domo Mila Autumn Leaf Inspiration', 1, 1, '2011-04-12 14:08:52', '2011-04-12 19:32:16'),
(10, 4, 4, 'simple', 'Faux Leather Bindings', 0, 0, '2011-04-12 14:24:20', '2011-04-12 19:33:27'),
(11, 4, 4, 'simple', 'Red And Green Floral Pattern', 1, 1, '2011-04-12 14:27:44', '2011-04-12 19:36:24'),
(12, 4, 4, 'simple', 'Sisal by Sisal', 0, 0, '2011-04-12 14:30:57', '2011-04-12 19:39:05'),
(13, 4, 4, 'simple', 'Bimini Twist', 1, 1, '2011-04-12 16:39:48', '2011-04-12 19:40:12'),
(14, 4, 4, 'simple', 'Creative Bindings', 0, 0, '2011-04-12 16:41:53', '2011-04-12 19:41:18'),
(15, 4, 4, 'simple', 'Kaleidoscope style', 1, 1, '2011-04-12 16:47:04', '2011-04-12 19:43:11'),
(16, 4, 4, 'simple', 'One Border', 0, 0, '2011-04-12 16:50:22', '2011-04-12 19:47:55'),
(17, 4, 4, 'simple', 'Three Border', 1, 1, '2011-04-12 16:53:08', '2011-04-12 19:54:32'),
(18, 4, 4, 'simple', 'Two Border', 0, 0, '2011-04-12 16:54:52', '2011-04-12 19:55:36'),
(19, 4, 4, 'simple', 'Caesarstone Apple Martini', 1, 1, '2011-04-12 16:58:03', '2011-04-12 19:57:15'),
(20, 4, 4, 'simple', 'Firetable and Concrete Countertop', 0, 0, '2011-04-12 17:00:02', '2011-04-12 19:59:26'),
(21, 4, 4, 'simple', 'Silestone Capri Limestone', 1, 1, '2011-04-12 17:02:12', '2011-04-12 20:01:02'),
(22, 4, 4, 'simple', 'Silestone Tao', 0, 0, '2011-04-12 17:03:54', '2011-04-12 20:02:46'),
(23, 4, 4, 'simple', 'Solid Surface Bedrock', 1, 1, '2011-04-12 17:06:15', '2011-04-12 20:04:02'),
(24, 4, 4, 'simple', 'Solid Surface Bluestone', 0, 0, '2011-04-12 17:07:58', '2011-04-12 20:05:40'),
(25, 4, 4, 'simple', 'Kraus Brazillian Teak hardwood', 0, 0, '2011-04-12 17:11:14', '2011-04-12 20:08:37'),
(26, 4, 4, 'simple', 'Kraus Golden Sadle hardwood', 0, 0, '2011-04-12 17:13:21', '2011-04-12 20:12:35'),
(27, 4, 4, 'simple', 'Kraus Natural Hard Maple hardwood', 0, 0, '2011-04-12 17:15:22', '2011-04-13 05:14:51'),
(28, 4, 4, 'simple', 'Kraus Natural Red Oak hardwood', 0, 0, '2011-04-12 17:19:23', '2011-04-13 05:15:59'),
(29, 4, 4, 'simple', 'Kraus Sienna Oak hardwood', 0, 0, '2011-04-12 17:24:50', '2011-04-13 05:17:35'),
(30, 4, 4, 'simple', 'Kraus Tigerwood hardwood', 0, 0, '2011-04-12 17:27:14', '2011-04-13 05:18:53'),
(31, 4, 4, 'simple', 'Elka Heartwood Maple Laminate', 0, 0, '2011-04-12 17:29:59', '2011-04-13 05:20:23'),
(32, 4, 4, 'simple', 'Kraus Augusta Cherry Laminate', 0, 0, '2011-04-12 17:32:27', '2011-04-13 05:21:21'),
(33, 4, 4, 'simple', 'Kraus Hartland Maple Laminate', 0, 0, '2011-04-12 17:34:41', '2011-04-13 05:22:09'),
(34, 4, 4, 'simple', 'Kraus Panama Teak Laminate', 0, 0, '2011-04-12 17:37:01', '2011-04-13 05:22:58'),
(35, 4, 4, 'simple', 'Kraus Rustic Maple Laminate', 0, 0, '2011-04-12 17:39:16', '2011-04-13 05:24:00'),
(36, 4, 4, 'simple', 'Kraus Spruce Laminate', 0, 0, '2011-04-12 17:40:53', '2011-04-13 05:25:13'),
(37, 4, 4, 'simple', 'Calabria in Biscotti field tile', 0, 0, '2011-04-12 17:42:57', '2011-04-13 05:27:15'),
(38, 4, 4, 'simple', 'Polyflor Crema Slate Tile Camaro', 0, 0, '2011-04-12 17:46:16', '2011-04-13 05:28:31'),
(39, 4, 4, 'simple', 'Pompei Ceramic Tile', 0, 0, '2011-04-12 17:48:34', '2011-04-13 05:29:38'),
(40, 4, 4, 'simple', 'Tarkett Black Antia', 0, 0, '2011-04-12 17:52:46', '2011-04-13 05:30:37'),
(41, 4, 4, 'simple', 'Terra Antica Oro field tile', 0, 0, '2011-04-12 17:58:53', '2011-04-13 05:31:36'),
(42, 4, 4, 'simple', 'Westminster Teak Wooden Tiles', 0, 0, '2011-04-12 18:05:00', '2011-04-13 05:32:50'),
(43, 4, 4, 'simple', 'Beige Ocher Limestone Flooring', 0, 0, '2011-04-12 18:07:54', '2011-04-13 05:36:48'),
(44, 4, 4, 'simple', 'Donegal in Sabbia field tile', 0, 0, '2011-04-12 18:10:45', '2011-04-13 05:37:49'),
(45, 4, 4, 'simple', 'Edgefield in Beige', 0, 0, '2011-04-12 18:12:48', '2011-04-13 05:38:43'),
(46, 4, 4, 'simple', 'Limestone from Burgundy', 0, 0, '2011-04-12 18:14:34', '2011-04-13 05:39:44'),
(47, 4, 4, 'simple', 'Medium and fine grain Limestone Flooring', 0, 0, '2011-04-12 18:36:33', '2011-04-13 05:40:33'),
(48, 4, 4, 'simple', 'Tarkett Aurice Beige', 0, 0, '2011-04-12 18:39:05', '2011-04-13 05:47:55'),
(49, 4, 4, 'simple', 'Gerflor Cassiopee Super Vinyl', 1, 1, '2011-04-12 18:43:40', '2011-04-13 05:48:43'),
(50, 4, 4, 'simple', 'Gerflor Damier Super Solar Vinyl', 0, 0, '2011-04-12 18:46:58', '2011-04-13 05:49:38'),
(51, 4, 4, 'simple', 'Gerflor Jurassic Nuage Vinyl', 1, 1, '2011-04-12 18:49:15', '2011-04-13 05:50:30'),
(52, 4, 4, 'simple', 'Polyflor Romano Stone Vinyl', 0, 0, '2011-04-12 18:50:57', '2011-04-13 05:51:27'),
(53, 4, 4, 'simple', 'Tarkett Limestone Terracotta Vinyl', 1, 1, '2011-04-12 18:54:51', '2011-04-13 05:52:12'),
(54, 4, 4, 'simple', 'Tarkett Quartza Black Vinyl', 0, 0, '2011-04-12 18:56:47', '2011-04-13 05:53:07'),
(55, 4, 4, 'simple', 'Heritage Heights Collection by Bruce L0005 Teak/Komi Teak', 0, 0, '2011-04-15 14:10:53', '2011-04-15 14:12:13'),
(56, 4, 4, 'simple', 'Salvador by Shaw151 Figured  Maple', 1, 1, '2011-04-15 14:20:49', '2011-04-15 14:26:01'),
(57, 4, 4, 'simple', '00600 Blissful', 0, 0, '2011-04-15 14:36:47', '2011-04-15 14:36:47'),
(58, 4, 4, 'simple', 'Great Scott by Queen 00100  Linen Mist', 1, 1, '2011-04-15 15:07:20', '2011-04-15 15:07:20'),
(59, 4, 4, 'simple', 'Salvador by Shaw151 Figured', 0, 0, '2011-04-15 15:21:50', '2011-04-15 15:21:50'),
(60, 4, 4, 'simple', 'Salvador by Shaw15', 1, 1, '2011-04-15 15:28:13', '2011-04-15 15:29:51');

-- --------------------------------------------------------

--
-- Tábla szerkezet: `catalog_product_entity_datetime`
--

CREATE TABLE IF NOT EXISTS `catalog_product_entity_datetime` (
  `value_id` int(11) NOT NULL auto_increment,
  `entity_type_id` smallint(5) unsigned NOT NULL default '0',
  `attribute_id` smallint(5) unsigned NOT NULL default '0',
  `store_id` smallint(5) unsigned NOT NULL default '0',
  `entity_id` int(10) unsigned NOT NULL default '0',
  `value` datetime default NULL,
  PRIMARY KEY  (`value_id`),
  UNIQUE KEY `IDX_ATTRIBUTE_VALUE` (`entity_id`,`attribute_id`,`store_id`),
  KEY `FK_CATALOG_PRODUCT_ENTITY_DATETIME_ATTRIBUTE` (`attribute_id`),
  KEY `FK_CATALOG_PRODUCT_ENTITY_DATETIME_STORE` (`store_id`),
  KEY `FK_CATALOG_PRODUCT_ENTITY_DATETIME_PRODUCT_ENTITY` (`entity_id`)
) ENGINE=InnoDB  DEFAULT CHARSET=utf8 AUTO_INCREMENT=765 ;

--
-- A tábla adatainak kiíratása `catalog_product_entity_datetime`
--

INSERT INTO `catalog_product_entity_datetime` (`value_id`, `entity_type_id`, `attribute_id`, `store_id`, `entity_id`, `value`) VALUES
(1, 4, 81, 0, 1, NULL),
(2, 4, 82, 0, 1, NULL),
(3, 4, 66, 0, 1, NULL),
(4, 4, 67, 0, 1, NULL),
(5, 4, 93, 0, 1, NULL),
(6, 4, 94, 0, 1, NULL),
(7, 4, 81, 0, 2, NULL),
(8, 4, 82, 0, 2, NULL),
(9, 4, 66, 0, 2, NULL),
(10, 4, 67, 0, 2, NULL),
(11, 4, 93, 0, 2, NULL),
(12, 4, 94, 0, 2, NULL),
(13, 4, 81, 0, 3, NULL),
(14, 4, 82, 0, 3, NULL),
(15, 4, 66, 0, 3, NULL),
(16, 4, 67, 0, 3, NULL),
(17, 4, 93, 0, 3, NULL),
(18, 4, 94, 0, 3, NULL),
(25, 4, 81, 0, 4, NULL),
(26, 4, 82, 0, 4, NULL),
(27, 4, 66, 0, 4, NULL),
(28, 4, 67, 0, 4, NULL),
(29, 4, 93, 0, 4, NULL),
(30, 4, 94, 0, 4, NULL),
(37, 4, 81, 0, 5, NULL),
(38, 4, 82, 0, 5, NULL),
(39, 4, 66, 0, 5, NULL),
(40, 4, 67, 0, 5, NULL),
(41, 4, 93, 0, 5, NULL),
(42, 4, 94, 0, 5, NULL),
(43, 4, 81, 0, 6, NULL),
(44, 4, 82, 0, 6, NULL),
(45, 4, 66, 0, 6, NULL),
(46, 4, 67, 0, 6, NULL),
(47, 4, 93, 0, 6, NULL),
(48, 4, 94, 0, 6, NULL),
(61, 4, 81, 0, 7, NULL),
(62, 4, 82, 0, 7, NULL),
(63, 4, 66, 0, 7, NULL),
(64, 4, 67, 0, 7, NULL),
(65, 4, 93, 0, 7, NULL),
(66, 4, 94, 0, 7, NULL),
(73, 4, 81, 0, 8, NULL),
(74, 4, 82, 0, 8, NULL),
(75, 4, 66, 0, 8, NULL),
(76, 4, 67, 0, 8, NULL),
(77, 4, 93, 0, 8, NULL),
(78, 4, 94, 0, 8, NULL),
(85, 4, 81, 0, 9, NULL),
(86, 4, 82, 0, 9, NULL),
(87, 4, 66, 0, 9, NULL),
(88, 4, 67, 0, 9, NULL),
(89, 4, 93, 0, 9, NULL),
(90, 4, 94, 0, 9, NULL),
(91, 4, 81, 0, 10, NULL),
(92, 4, 82, 0, 10, NULL),
(93, 4, 66, 0, 10, NULL),
(94, 4, 67, 0, 10, NULL),
(95, 4, 93, 0, 10, NULL),
(96, 4, 94, 0, 10, NULL),
(97, 4, 81, 0, 11, NULL),
(98, 4, 82, 0, 11, NULL),
(99, 4, 66, 0, 11, NULL),
(100, 4, 67, 0, 11, NULL),
(101, 4, 93, 0, 11, NULL),
(102, 4, 94, 0, 11, NULL),
(109, 4, 81, 0, 12, NULL),
(110, 4, 82, 0, 12, NULL),
(111, 4, 66, 0, 12, NULL),
(112, 4, 67, 0, 12, NULL),
(113, 4, 93, 0, 12, NULL),
(114, 4, 94, 0, 12, NULL),
(115, 4, 81, 0, 13, NULL),
(116, 4, 82, 0, 13, NULL),
(117, 4, 66, 0, 13, NULL),
(118, 4, 67, 0, 13, NULL),
(119, 4, 93, 0, 13, NULL),
(120, 4, 94, 0, 13, NULL),
(127, 4, 81, 0, 14, NULL),
(128, 4, 82, 0, 14, NULL),
(129, 4, 66, 0, 14, NULL),
(130, 4, 67, 0, 14, NULL),
(131, 4, 93, 0, 14, NULL),
(132, 4, 94, 0, 14, NULL),
(133, 4, 81, 0, 15, NULL),
(134, 4, 82, 0, 15, NULL),
(135, 4, 66, 0, 15, NULL),
(136, 4, 67, 0, 15, NULL),
(137, 4, 93, 0, 15, NULL),
(138, 4, 94, 0, 15, NULL),
(145, 4, 81, 0, 16, NULL),
(146, 4, 82, 0, 16, NULL),
(147, 4, 66, 0, 16, NULL),
(148, 4, 67, 0, 16, NULL),
(149, 4, 93, 0, 16, NULL),
(150, 4, 94, 0, 16, NULL),
(157, 4, 81, 0, 17, NULL),
(158, 4, 82, 0, 17, NULL),
(159, 4, 66, 0, 17, NULL),
(160, 4, 67, 0, 17, NULL),
(161, 4, 93, 0, 17, NULL),
(162, 4, 94, 0, 17, NULL),
(163, 4, 81, 0, 18, NULL),
(164, 4, 82, 0, 18, NULL),
(165, 4, 66, 0, 18, NULL),
(166, 4, 67, 0, 18, NULL),
(167, 4, 93, 0, 18, NULL),
(168, 4, 94, 0, 18, NULL),
(175, 4, 81, 0, 19, NULL),
(176, 4, 82, 0, 19, NULL),
(177, 4, 66, 0, 19, NULL),
(178, 4, 67, 0, 19, NULL),
(179, 4, 93, 0, 19, NULL),
(180, 4, 94, 0, 19, NULL),
(181, 4, 81, 0, 20, NULL),
(182, 4, 82, 0, 20, NULL),
(183, 4, 66, 0, 20, NULL),
(184, 4, 67, 0, 20, NULL),
(185, 4, 93, 0, 20, NULL),
(186, 4, 94, 0, 20, NULL),
(187, 4, 81, 0, 21, NULL),
(188, 4, 82, 0, 21, NULL),
(189, 4, 66, 0, 21, NULL),
(190, 4, 67, 0, 21, NULL),
(191, 4, 93, 0, 21, NULL),
(192, 4, 94, 0, 21, NULL),
(193, 4, 81, 0, 22, NULL),
(194, 4, 82, 0, 22, NULL),
(195, 4, 66, 0, 22, NULL),
(196, 4, 67, 0, 22, NULL),
(197, 4, 93, 0, 22, NULL),
(198, 4, 94, 0, 22, NULL),
(199, 4, 81, 0, 23, NULL),
(200, 4, 82, 0, 23, NULL),
(201, 4, 66, 0, 23, NULL),
(202, 4, 67, 0, 23, NULL),
(203, 4, 93, 0, 23, NULL),
(204, 4, 94, 0, 23, NULL),
(205, 4, 81, 0, 24, NULL),
(206, 4, 82, 0, 24, NULL),
(207, 4, 66, 0, 24, NULL),
(208, 4, 67, 0, 24, NULL),
(209, 4, 93, 0, 24, NULL),
(210, 4, 94, 0, 24, NULL),
(211, 4, 81, 0, 25, NULL),
(212, 4, 82, 0, 25, NULL),
(213, 4, 66, 0, 25, NULL),
(214, 4, 67, 0, 25, NULL),
(215, 4, 93, 0, 25, NULL),
(216, 4, 94, 0, 25, NULL),
(217, 4, 81, 0, 26, NULL),
(218, 4, 82, 0, 26, NULL),
(219, 4, 66, 0, 26, NULL),
(220, 4, 67, 0, 26, NULL),
(221, 4, 93, 0, 26, NULL),
(222, 4, 94, 0, 26, NULL),
(229, 4, 81, 0, 27, NULL),
(230, 4, 82, 0, 27, NULL),
(231, 4, 66, 0, 27, NULL),
(232, 4, 67, 0, 27, NULL),
(233, 4, 93, 0, 27, NULL),
(234, 4, 94, 0, 27, NULL),
(253, 4, 81, 0, 28, NULL),
(254, 4, 82, 0, 28, NULL),
(255, 4, 66, 0, 28, NULL),
(256, 4, 67, 0, 28, NULL),
(257, 4, 93, 0, 28, NULL),
(258, 4, 94, 0, 28, NULL),
(265, 4, 81, 0, 29, NULL),
(266, 4, 82, 0, 29, NULL),
(267, 4, 66, 0, 29, NULL),
(268, 4, 67, 0, 29, NULL),
(269, 4, 93, 0, 29, NULL),
(270, 4, 94, 0, 29, NULL),
(271, 4, 81, 0, 30, NULL),
(272, 4, 82, 0, 30, NULL),
(273, 4, 66, 0, 30, NULL),
(274, 4, 67, 0, 30, NULL),
(275, 4, 93, 0, 30, NULL),
(276, 4, 94, 0, 30, NULL),
(277, 4, 81, 0, 31, NULL),
(278, 4, 82, 0, 31, NULL),
(279, 4, 66, 0, 31, NULL),
(280, 4, 67, 0, 31, NULL),
(281, 4, 93, 0, 31, NULL),
(282, 4, 94, 0, 31, NULL),
(283, 4, 81, 0, 32, NULL),
(284, 4, 82, 0, 32, NULL),
(285, 4, 66, 0, 32, NULL),
(286, 4, 67, 0, 32, NULL),
(287, 4, 93, 0, 32, NULL),
(288, 4, 94, 0, 32, NULL),
(289, 4, 81, 0, 33, NULL),
(290, 4, 82, 0, 33, NULL),
(291, 4, 66, 0, 33, NULL),
(292, 4, 67, 0, 33, NULL),
(293, 4, 93, 0, 33, NULL),
(294, 4, 94, 0, 33, NULL),
(295, 4, 81, 0, 34, NULL),
(296, 4, 82, 0, 34, NULL),
(297, 4, 66, 0, 34, NULL),
(298, 4, 67, 0, 34, NULL),
(299, 4, 93, 0, 34, NULL),
(300, 4, 94, 0, 34, NULL),
(301, 4, 81, 0, 35, NULL),
(302, 4, 82, 0, 35, NULL),
(303, 4, 66, 0, 35, NULL),
(304, 4, 67, 0, 35, NULL),
(305, 4, 93, 0, 35, NULL),
(306, 4, 94, 0, 35, NULL),
(307, 4, 81, 0, 36, NULL),
(308, 4, 82, 0, 36, NULL),
(309, 4, 66, 0, 36, NULL),
(310, 4, 67, 0, 36, NULL),
(311, 4, 93, 0, 36, NULL),
(312, 4, 94, 0, 36, NULL),
(313, 4, 81, 0, 37, NULL),
(314, 4, 82, 0, 37, NULL),
(315, 4, 66, 0, 37, NULL),
(316, 4, 67, 0, 37, NULL),
(317, 4, 93, 0, 37, NULL),
(318, 4, 94, 0, 37, NULL),
(331, 4, 81, 0, 38, NULL),
(332, 4, 82, 0, 38, NULL),
(333, 4, 66, 0, 38, NULL),
(334, 4, 67, 0, 38, NULL),
(335, 4, 93, 0, 38, NULL),
(336, 4, 94, 0, 38, NULL),
(343, 4, 81, 0, 39, NULL),
(344, 4, 82, 0, 39, NULL),
(345, 4, 66, 0, 39, NULL),
(346, 4, 67, 0, 39, NULL),
(347, 4, 93, 0, 39, NULL),
(348, 4, 94, 0, 39, NULL),
(355, 4, 81, 0, 40, NULL),
(356, 4, 82, 0, 40, NULL),
(357, 4, 66, 0, 40, NULL),
(358, 4, 67, 0, 40, NULL),
(359, 4, 93, 0, 40, NULL),
(360, 4, 94, 0, 40, NULL),
(373, 4, 81, 0, 41, NULL),
(374, 4, 82, 0, 41, NULL),
(375, 4, 66, 0, 41, NULL),
(376, 4, 67, 0, 41, NULL),
(377, 4, 93, 0, 41, NULL),
(378, 4, 94, 0, 41, NULL),
(403, 4, 81, 0, 42, NULL),
(404, 4, 82, 0, 42, NULL),
(405, 4, 66, 0, 42, NULL),
(406, 4, 67, 0, 42, NULL),
(407, 4, 93, 0, 42, NULL),
(408, 4, 94, 0, 42, NULL),
(409, 4, 81, 0, 43, NULL),
(410, 4, 82, 0, 43, NULL),
(411, 4, 66, 0, 43, NULL),
(412, 4, 67, 0, 43, NULL),
(413, 4, 93, 0, 43, NULL),
(414, 4, 94, 0, 43, NULL),
(421, 4, 81, 0, 44, NULL),
(422, 4, 82, 0, 44, NULL),
(423, 4, 66, 0, 44, NULL),
(424, 4, 67, 0, 44, NULL),
(425, 4, 93, 0, 44, NULL),
(426, 4, 94, 0, 44, NULL),
(433, 4, 81, 0, 45, NULL),
(434, 4, 82, 0, 45, NULL),
(435, 4, 66, 0, 45, NULL),
(436, 4, 67, 0, 45, NULL),
(437, 4, 93, 0, 45, NULL),
(438, 4, 94, 0, 45, NULL),
(439, 4, 81, 0, 46, NULL),
(440, 4, 82, 0, 46, NULL),
(441, 4, 66, 0, 46, NULL),
(442, 4, 67, 0, 46, NULL),
(443, 4, 93, 0, 46, NULL),
(444, 4, 94, 0, 46, NULL),
(451, 4, 81, 0, 47, NULL),
(452, 4, 82, 0, 47, NULL),
(453, 4, 66, 0, 47, NULL),
(454, 4, 67, 0, 47, NULL),
(455, 4, 93, 0, 47, NULL),
(456, 4, 94, 0, 47, NULL),
(457, 4, 81, 0, 48, NULL),
(458, 4, 82, 0, 48, NULL),
(459, 4, 66, 0, 48, NULL),
(460, 4, 67, 0, 48, NULL),
(461, 4, 93, 0, 48, NULL),
(462, 4, 94, 0, 48, NULL),
(463, 4, 81, 0, 49, NULL),
(464, 4, 82, 0, 49, NULL),
(465, 4, 66, 0, 49, NULL),
(466, 4, 67, 0, 49, NULL),
(467, 4, 93, 0, 49, NULL),
(468, 4, 94, 0, 49, NULL),
(481, 4, 81, 0, 50, NULL),
(482, 4, 82, 0, 50, NULL),
(483, 4, 66, 0, 50, NULL),
(484, 4, 67, 0, 50, NULL),
(485, 4, 93, 0, 50, NULL),
(486, 4, 94, 0, 50, NULL),
(487, 4, 81, 0, 51, NULL),
(488, 4, 82, 0, 51, NULL),
(489, 4, 66, 0, 51, NULL),
(490, 4, 67, 0, 51, NULL),
(491, 4, 93, 0, 51, NULL),
(492, 4, 94, 0, 51, NULL),
(493, 4, 81, 0, 52, NULL),
(494, 4, 82, 0, 52, NULL),
(495, 4, 66, 0, 52, NULL),
(496, 4, 67, 0, 52, NULL),
(497, 4, 93, 0, 52, NULL),
(498, 4, 94, 0, 52, NULL),
(523, 4, 81, 0, 53, NULL),
(524, 4, 82, 0, 53, NULL),
(525, 4, 66, 0, 53, NULL),
(526, 4, 67, 0, 53, NULL),
(527, 4, 93, 0, 53, NULL),
(528, 4, 94, 0, 53, NULL),
(535, 4, 81, 0, 54, NULL),
(536, 4, 82, 0, 54, NULL),
(537, 4, 66, 0, 54, NULL),
(538, 4, 67, 0, 54, NULL),
(539, 4, 93, 0, 54, NULL),
(540, 4, 94, 0, 54, NULL),
(721, 4, 81, 0, 55, '2011-04-15 00:00:00'),
(722, 4, 82, 0, 55, '2047-04-16 00:00:00'),
(723, 4, 66, 0, 55, NULL),
(724, 4, 67, 0, 55, NULL),
(725, 4, 93, 0, 55, NULL),
(726, 4, 94, 0, 55, NULL),
(731, 4, 81, 0, 56, '2011-04-15 00:00:00'),
(732, 4, 82, 0, 56, '2045-04-18 00:00:00'),
(733, 4, 66, 0, 56, NULL),
(734, 4, 67, 0, 56, NULL),
(735, 4, 93, 0, 56, NULL),
(736, 4, 94, 0, 56, NULL),
(741, 4, 81, 0, 57, '2011-04-15 00:00:00'),
(742, 4, 82, 0, 57, '2046-04-17 00:00:00'),
(743, 4, 66, 0, 57, NULL),
(744, 4, 67, 0, 57, NULL),
(745, 4, 93, 0, 57, NULL),
(746, 4, 94, 0, 57, NULL),
(747, 4, 81, 0, 58, '2011-04-15 00:00:00'),
(748, 4, 82, 0, 58, '2045-04-19 00:00:00'),
(749, 4, 66, 0, 58, NULL),
(750, 4, 67, 0, 58, NULL),
(751, 4, 93, 0, 58, NULL),
(752, 4, 94, 0, 58, NULL),
(753, 4, 81, 0, 59, '2011-04-15 00:00:00'),
(754, 4, 82, 0, 59, '2044-04-12 00:00:00'),
(755, 4, 66, 0, 59, NULL),
(756, 4, 67, 0, 59, NULL),
(757, 4, 93, 0, 59, NULL),
(758, 4, 94, 0, 59, NULL),
(759, 4, 81, 0, 60, '2011-04-15 00:00:00'),
(760, 4, 82, 0, 60, '2043-04-14 00:00:00'),
(761, 4, 66, 0, 60, NULL),
(762, 4, 67, 0, 60, NULL),
(763, 4, 93, 0, 60, NULL),
(764, 4, 94, 0, 60, NULL);

-- --------------------------------------------------------

--
-- Tábla szerkezet: `catalog_product_entity_decimal`
--

CREATE TABLE IF NOT EXISTS `catalog_product_entity_decimal` (
  `value_id` int(11) NOT NULL auto_increment,
  `entity_type_id` smallint(5) unsigned NOT NULL default '0',
  `attribute_id` smallint(5) unsigned NOT NULL default '0',
  `store_id` smallint(5) unsigned NOT NULL default '0',
  `entity_id` int(10) unsigned NOT NULL default '0',
  `value` decimal(12,4) default NULL,
  PRIMARY KEY  (`value_id`),
  UNIQUE KEY `IDX_ATTRIBUTE_VALUE` (`entity_id`,`attribute_id`,`store_id`),
  KEY `FK_CATALOG_PRODUCT_ENTITY_DECIMAL_STORE` (`store_id`),
  KEY `FK_CATALOG_PRODUCT_ENTITY_DECIMAL_PRODUCT_ENTITY` (`entity_id`),
  KEY `FK_CATALOG_PRODUCT_ENTITY_DECIMAL_ATTRIBUTE` (`attribute_id`)
) ENGINE=InnoDB  DEFAULT CHARSET=utf8 AUTO_INCREMENT=445 ;

--
-- A tábla adatainak kiíratása `catalog_product_entity_decimal`
--

INSERT INTO `catalog_product_entity_decimal` (`value_id`, `entity_type_id`, `attribute_id`, `store_id`, `entity_id`, `value`) VALUES
(1, 4, 69, 0, 1, 2.1000),
(2, 4, 64, 0, 1, 75.6400),
(3, 4, 65, 0, 1, NULL),
(4, 4, 68, 0, 1, NULL),
(5, 4, 69, 0, 2, 2.3000),
(6, 4, 64, 0, 2, 104.5300),
(7, 4, 65, 0, 2, NULL),
(8, 4, 68, 0, 2, NULL),
(9, 4, 69, 0, 3, 2.4000),
(10, 4, 64, 0, 3, 93.3500),
(11, 4, 65, 0, 3, NULL),
(12, 4, 68, 0, 3, NULL),
(16, 4, 69, 0, 4, 2.0000),
(17, 4, 64, 0, 4, 92.8200),
(18, 4, 65, 0, 4, NULL),
(19, 4, 68, 0, 4, NULL),
(23, 4, 69, 0, 5, 2.4000),
(24, 4, 64, 0, 5, 102.4300),
(25, 4, 65, 0, 5, NULL),
(26, 4, 68, 0, 5, NULL),
(27, 4, 69, 0, 6, 2.3000),
(28, 4, 64, 0, 6, 73.2100),
(29, 4, 65, 0, 6, NULL),
(30, 4, 68, 0, 6, NULL),
(37, 4, 69, 0, 7, 3.2000),
(38, 4, 64, 0, 7, 91.2300),
(39, 4, 65, 0, 7, NULL),
(40, 4, 68, 0, 7, NULL),
(44, 4, 69, 0, 8, 2.8000),
(45, 4, 64, 0, 8, 84.9700),
(46, 4, 65, 0, 8, NULL),
(47, 4, 68, 0, 8, NULL),
(51, 4, 69, 0, 9, 2.2000),
(52, 4, 64, 0, 9, 101.2400),
(53, 4, 65, 0, 9, NULL),
(54, 4, 68, 0, 9, NULL),
(55, 4, 69, 0, 10, 3.3000),
(56, 4, 64, 0, 10, 85.5300),
(57, 4, 65, 0, 10, NULL),
(58, 4, 68, 0, 10, NULL),
(59, 4, 69, 0, 11, 2.4000),
(60, 4, 64, 0, 11, 113.4500),
(61, 4, 65, 0, 11, NULL),
(62, 4, 68, 0, 11, NULL),
(66, 4, 69, 0, 12, 1.9000),
(67, 4, 64, 0, 12, 74.5300),
(68, 4, 65, 0, 12, NULL),
(69, 4, 68, 0, 12, NULL),
(70, 4, 69, 0, 13, 2.5000),
(71, 4, 64, 0, 13, 104.6500),
(72, 4, 65, 0, 13, NULL),
(73, 4, 68, 0, 13, NULL),
(77, 4, 69, 0, 14, 3.2000),
(78, 4, 64, 0, 14, 75.6400),
(79, 4, 65, 0, 14, NULL),
(80, 4, 68, 0, 14, NULL),
(81, 4, 69, 0, 15, 1.9000),
(82, 4, 64, 0, 15, 102.4300),
(83, 4, 65, 0, 15, NULL),
(84, 4, 68, 0, 15, NULL),
(88, 4, 69, 0, 16, 2.4000),
(89, 4, 64, 0, 16, 81.9700),
(90, 4, 65, 0, 16, NULL),
(91, 4, 68, 0, 16, NULL),
(95, 4, 69, 0, 17, 2.1000),
(96, 4, 64, 0, 17, 75.3200),
(97, 4, 65, 0, 17, NULL),
(98, 4, 68, 0, 17, NULL),
(99, 4, 69, 0, 18, 2.8000),
(100, 4, 64, 0, 18, 94.3200),
(101, 4, 65, 0, 18, NULL),
(102, 4, 68, 0, 18, NULL),
(106, 4, 69, 0, 19, 3.1000),
(107, 4, 64, 0, 19, 73.2100),
(108, 4, 65, 0, 19, NULL),
(109, 4, 68, 0, 19, NULL),
(110, 4, 69, 0, 20, 3.2000),
(111, 4, 64, 0, 20, 75.3200),
(112, 4, 65, 0, 20, NULL),
(113, 4, 68, 0, 20, NULL),
(114, 4, 69, 0, 21, 3.7000),
(115, 4, 64, 0, 21, 106.3800),
(116, 4, 65, 0, 21, NULL),
(117, 4, 68, 0, 21, NULL),
(118, 4, 69, 0, 22, 3.2000),
(119, 4, 64, 0, 22, 92.8200),
(120, 4, 65, 0, 22, NULL),
(121, 4, 68, 0, 22, NULL),
(122, 4, 69, 0, 23, 2.8000),
(123, 4, 64, 0, 23, 101.2400),
(124, 4, 65, 0, 23, NULL),
(125, 4, 68, 0, 23, NULL),
(126, 4, 69, 0, 24, 4.1000),
(127, 4, 64, 0, 24, 123.6800),
(128, 4, 65, 0, 24, NULL),
(129, 4, 68, 0, 24, NULL),
(130, 4, 69, 0, 25, 3.7000),
(131, 4, 64, 0, 25, 113.4500),
(132, 4, 65, 0, 25, NULL),
(133, 4, 68, 0, 25, NULL),
(134, 4, 69, 0, 26, 3.3000),
(135, 4, 64, 0, 26, 93.3500),
(136, 4, 65, 0, 26, NULL),
(137, 4, 68, 0, 26, NULL),
(141, 4, 69, 0, 27, 3.2000),
(142, 4, 64, 0, 27, 94.3200),
(143, 4, 65, 0, 27, NULL),
(144, 4, 68, 0, 27, NULL),
(154, 4, 69, 0, 28, 2.5000),
(155, 4, 64, 0, 28, 95.5700),
(156, 4, 65, 0, 28, NULL),
(157, 4, 68, 0, 28, NULL),
(161, 4, 69, 0, 29, 2.5000),
(162, 4, 64, 0, 29, 101.2400),
(163, 4, 65, 0, 29, NULL),
(164, 4, 68, 0, 29, NULL),
(165, 4, 69, 0, 30, 2.8000),
(166, 4, 64, 0, 30, 109.4500),
(167, 4, 65, 0, 30, NULL),
(168, 4, 68, 0, 30, NULL),
(169, 4, 69, 0, 31, 1.9000),
(170, 4, 64, 0, 31, 74.5300),
(171, 4, 65, 0, 31, NULL),
(172, 4, 68, 0, 31, NULL),
(173, 4, 69, 0, 32, 2.1000),
(174, 4, 64, 0, 32, 72.8600),
(175, 4, 65, 0, 32, NULL),
(176, 4, 68, 0, 32, NULL),
(177, 4, 69, 0, 33, 2.1000),
(178, 4, 64, 0, 33, 83.2300),
(179, 4, 65, 0, 33, NULL),
(180, 4, 68, 0, 33, NULL),
(181, 4, 69, 0, 34, 2.2000),
(182, 4, 64, 0, 34, 82.9200),
(183, 4, 65, 0, 34, NULL),
(184, 4, 68, 0, 34, NULL),
(185, 4, 69, 0, 35, 1.9000),
(186, 4, 64, 0, 35, 79.6200),
(187, 4, 65, 0, 35, NULL),
(188, 4, 68, 0, 35, NULL),
(189, 4, 69, 0, 36, 2.3000),
(190, 4, 64, 0, 36, 91.5600),
(191, 4, 65, 0, 36, NULL),
(192, 4, 68, 0, 36, NULL),
(193, 4, 69, 0, 37, 2.2000),
(194, 4, 64, 0, 37, 83.6500),
(195, 4, 65, 0, 37, NULL),
(196, 4, 68, 0, 37, NULL),
(203, 4, 69, 0, 38, 3.2000),
(204, 4, 64, 0, 38, 85.8600),
(205, 4, 65, 0, 38, NULL),
(206, 4, 68, 0, 38, NULL),
(210, 4, 69, 0, 39, 2.1000),
(211, 4, 64, 0, 39, 92.8200),
(212, 4, 65, 0, 39, NULL),
(213, 4, 68, 0, 39, NULL),
(217, 4, 69, 0, 40, 1.9000),
(218, 4, 64, 0, 40, 83.2300),
(219, 4, 65, 0, 40, NULL),
(220, 4, 68, 0, 40, NULL),
(227, 4, 69, 0, 41, 2.7000),
(228, 4, 64, 0, 41, 91.5600),
(229, 4, 65, 0, 41, NULL),
(230, 4, 68, 0, 41, NULL),
(243, 4, 69, 0, 42, 2.3000),
(244, 4, 64, 0, 42, 96.5300),
(245, 4, 65, 0, 42, NULL),
(246, 4, 68, 0, 42, NULL),
(247, 4, 69, 0, 43, 2.3000),
(248, 4, 64, 0, 43, 85.5300),
(249, 4, 65, 0, 43, NULL),
(250, 4, 68, 0, 43, NULL),
(254, 4, 69, 0, 44, 3.6000),
(255, 4, 64, 0, 44, 112.4500),
(256, 4, 65, 0, 44, NULL),
(257, 4, 68, 0, 44, NULL),
(261, 4, 69, 0, 45, 3.2000),
(262, 4, 64, 0, 45, 105.6700),
(263, 4, 65, 0, 45, NULL),
(264, 4, 68, 0, 45, NULL),
(265, 4, 69, 0, 46, 3.1500),
(266, 4, 64, 0, 46, 104.6500),
(267, 4, 65, 0, 46, NULL),
(268, 4, 68, 0, 46, NULL),
(272, 4, 69, 0, 47, 2.8000),
(273, 4, 64, 0, 47, 102.4300),
(274, 4, 65, 0, 47, NULL),
(275, 4, 68, 0, 47, NULL),
(276, 4, 69, 0, 48, 3.2000),
(277, 4, 64, 0, 48, 123.6800),
(278, 4, 65, 0, 48, NULL),
(279, 4, 68, 0, 48, NULL),
(280, 4, 69, 0, 49, 2.1000),
(281, 4, 64, 0, 49, 87.4600),
(282, 4, 65, 0, 49, NULL),
(283, 4, 68, 0, 49, NULL),
(290, 4, 69, 0, 50, 2.8000),
(291, 4, 64, 0, 50, 85.5300),
(292, 4, 65, 0, 50, NULL),
(293, 4, 68, 0, 50, NULL),
(294, 4, 69, 0, 51, 2.5000),
(295, 4, 64, 0, 51, 92.7600),
(296, 4, 65, 0, 51, NULL),
(297, 4, 68, 0, 51, NULL),
(298, 4, 69, 0, 52, 1.9000),
(299, 4, 64, 0, 52, 85.5300),
(300, 4, 65, 0, 52, NULL),
(301, 4, 68, 0, 52, NULL),
(314, 4, 69, 0, 53, 2.3000),
(315, 4, 64, 0, 53, 89.2500),
(316, 4, 65, 0, 53, NULL),
(317, 4, 68, 0, 53, NULL),
(321, 4, 69, 0, 54, 2.1000),
(322, 4, 64, 0, 54, 91.2300),
(323, 4, 65, 0, 54, NULL),
(324, 4, 68, 0, 54, NULL),
(415, 4, 69, 0, 55, 1.5000),
(416, 4, 64, 0, 55, 125.8900),
(417, 4, 65, 0, 55, NULL),
(418, 4, 68, 0, 55, NULL),
(422, 4, 69, 0, 56, 2.5000),
(423, 4, 64, 0, 56, 225.8900),
(424, 4, 65, 0, 56, NULL),
(425, 4, 68, 0, 56, NULL),
(429, 4, 69, 0, 57, 2.5000),
(430, 4, 64, 0, 57, 45.8900),
(431, 4, 65, 0, 57, NULL),
(432, 4, 68, 0, 57, NULL),
(433, 4, 69, 0, 58, 2.4000),
(434, 4, 64, 0, 58, 75.8900),
(435, 4, 65, 0, 58, NULL),
(436, 4, 68, 0, 58, NULL),
(437, 4, 69, 0, 59, 2.5000),
(438, 4, 64, 0, 59, 25.8900),
(439, 4, 65, 0, 59, NULL),
(440, 4, 68, 0, 59, NULL),
(441, 4, 69, 0, 60, 2.4000),
(442, 4, 64, 0, 60, 25.8900),
(443, 4, 65, 0, 60, NULL),
(444, 4, 68, 0, 60, NULL);

-- --------------------------------------------------------

--
-- Tábla szerkezet: `catalog_product_entity_gallery`
--

CREATE TABLE IF NOT EXISTS `catalog_product_entity_gallery` (
  `value_id` int(11) NOT NULL auto_increment,
  `entity_type_id` smallint(5) unsigned NOT NULL default '0',
  `attribute_id` smallint(5) unsigned NOT NULL default '0',
  `store_id` smallint(5) unsigned NOT NULL default '0',
  `entity_id` int(10) unsigned NOT NULL default '0',
  `position` int(11) NOT NULL default '0',
  `value` varchar(255) NOT NULL default '',
  PRIMARY KEY  (`value_id`),
  UNIQUE KEY `IDX_BASE` (`entity_type_id`,`entity_id`,`attribute_id`,`store_id`),
  KEY `FK_ATTRIBUTE_GALLERY_ENTITY` (`entity_id`),
  KEY `FK_CATALOG_CATEGORY_ENTITY_GALLERY_ATTRIBUTE` (`attribute_id`),
  KEY `FK_CATALOG_CATEGORY_ENTITY_GALLERY_STORE` (`store_id`)
) ENGINE=InnoDB DEFAULT CHARSET=utf8 AUTO_INCREMENT=1 ;

--
-- A tábla adatainak kiíratása `catalog_product_entity_gallery`
--


-- --------------------------------------------------------

--
-- Tábla szerkezet: `catalog_product_entity_int`
--

CREATE TABLE IF NOT EXISTS `catalog_product_entity_int` (
  `value_id` int(11) NOT NULL auto_increment,
  `entity_type_id` mediumint(8) unsigned NOT NULL default '0',
  `attribute_id` smallint(5) unsigned NOT NULL default '0',
  `store_id` smallint(5) unsigned NOT NULL default '0',
  `entity_id` int(10) unsigned NOT NULL default '0',
  `value` int(11) default NULL,
  PRIMARY KEY  (`value_id`),
  UNIQUE KEY `IDX_ATTRIBUTE_VALUE` (`entity_id`,`attribute_id`,`store_id`),
  KEY `FK_CATALOG_PRODUCT_ENTITY_INT_ATTRIBUTE` (`attribute_id`),
  KEY `FK_CATALOG_PRODUCT_ENTITY_INT_STORE` (`store_id`),
  KEY `FK_CATALOG_PRODUCT_ENTITY_INT_PRODUCT_ENTITY` (`entity_id`)
) ENGINE=InnoDB  DEFAULT CHARSET=utf8 AUTO_INCREMENT=361 ;

--
-- A tábla adatainak kiíratása `catalog_product_entity_int`
--

INSERT INTO `catalog_product_entity_int` (`value_id`, `entity_type_id`, `attribute_id`, `store_id`, `entity_id`, `value`) VALUES
(1, 4, 84, 0, 1, 1),
(2, 4, 91, 0, 1, 4),
(3, 4, 121, 0, 1, 0),
(4, 4, 85, 0, 1, 2),
(5, 4, 109, 0, 1, 1),
(6, 4, 89, 0, 1, 0),
(7, 4, 84, 0, 2, 1),
(8, 4, 91, 0, 2, 4),
(9, 4, 121, 0, 2, 0),
(10, 4, 85, 0, 2, 2),
(11, 4, 109, 0, 2, 1),
(12, 4, 89, 0, 2, 0),
(13, 4, 84, 0, 3, 1),
(14, 4, 91, 0, 3, 4),
(15, 4, 121, 0, 3, 0),
(16, 4, 85, 0, 3, 2),
(17, 4, 109, 0, 3, 1),
(18, 4, 89, 0, 3, 0),
(19, 4, 84, 0, 4, 1),
(20, 4, 91, 0, 4, 4),
(21, 4, 121, 0, 4, 0),
(22, 4, 85, 0, 4, 2),
(23, 4, 109, 0, 4, 1),
(24, 4, 89, 0, 4, 0),
(25, 4, 84, 0, 5, 1),
(26, 4, 91, 0, 5, 4),
(27, 4, 121, 0, 5, 0),
(28, 4, 85, 0, 5, 2),
(29, 4, 109, 0, 5, 1),
(30, 4, 89, 0, 5, 0),
(31, 4, 84, 0, 6, 1),
(32, 4, 91, 0, 6, 4),
(33, 4, 121, 0, 6, 0),
(34, 4, 85, 0, 6, 2),
(35, 4, 109, 0, 6, 1),
(36, 4, 89, 0, 6, 0),
(37, 4, 84, 0, 7, 1),
(38, 4, 91, 0, 7, 4),
(39, 4, 121, 0, 7, 0),
(40, 4, 85, 0, 7, 2),
(41, 4, 109, 0, 7, 1),
(42, 4, 89, 0, 7, 0),
(43, 4, 84, 0, 8, 1),
(44, 4, 91, 0, 8, 4),
(45, 4, 121, 0, 8, 0),
(46, 4, 85, 0, 8, 2),
(47, 4, 109, 0, 8, 1),
(48, 4, 89, 0, 8, 0),
(49, 4, 84, 0, 9, 1),
(50, 4, 91, 0, 9, 4),
(51, 4, 121, 0, 9, 0),
(52, 4, 85, 0, 9, 2),
(53, 4, 109, 0, 9, 1),
(54, 4, 89, 0, 9, 0),
(55, 4, 84, 0, 10, 1),
(56, 4, 91, 0, 10, 4),
(57, 4, 121, 0, 10, 0),
(58, 4, 85, 0, 10, 2),
(59, 4, 109, 0, 10, 1),
(60, 4, 89, 0, 10, 0),
(61, 4, 84, 0, 11, 1),
(62, 4, 91, 0, 11, 4),
(63, 4, 121, 0, 11, 0),
(64, 4, 85, 0, 11, 2),
(65, 4, 109, 0, 11, 1),
(66, 4, 89, 0, 11, 0),
(67, 4, 84, 0, 12, 1),
(68, 4, 91, 0, 12, 4),
(69, 4, 121, 0, 12, 0),
(70, 4, 85, 0, 12, 2),
(71, 4, 109, 0, 12, 1),
(72, 4, 89, 0, 12, 0),
(73, 4, 84, 0, 13, 1),
(74, 4, 91, 0, 13, 4),
(75, 4, 121, 0, 13, 0),
(76, 4, 85, 0, 13, 2),
(77, 4, 109, 0, 13, 1),
(78, 4, 89, 0, 13, 0),
(79, 4, 84, 0, 14, 1),
(80, 4, 91, 0, 14, 4),
(81, 4, 121, 0, 14, 0),
(82, 4, 85, 0, 14, 2),
(83, 4, 109, 0, 14, 1),
(84, 4, 89, 0, 14, 0),
(85, 4, 84, 0, 15, 1),
(86, 4, 91, 0, 15, 4),
(87, 4, 121, 0, 15, 0),
(88, 4, 85, 0, 15, 2),
(89, 4, 109, 0, 15, 1),
(90, 4, 89, 0, 15, 0),
(91, 4, 84, 0, 16, 1),
(92, 4, 91, 0, 16, 4),
(93, 4, 121, 0, 16, 0),
(94, 4, 85, 0, 16, 2),
(95, 4, 109, 0, 16, 1),
(96, 4, 89, 0, 16, 0),
(97, 4, 84, 0, 17, 1),
(98, 4, 91, 0, 17, 4),
(99, 4, 121, 0, 17, 0),
(100, 4, 85, 0, 17, 2),
(101, 4, 109, 0, 17, 1),
(102, 4, 89, 0, 17, 0),
(103, 4, 84, 0, 18, 1),
(104, 4, 91, 0, 18, 4),
(105, 4, 121, 0, 18, 0),
(106, 4, 85, 0, 18, 2),
(107, 4, 109, 0, 18, 1),
(108, 4, 89, 0, 18, 0),
(109, 4, 84, 0, 19, 1),
(110, 4, 91, 0, 19, 4),
(111, 4, 121, 0, 19, 0),
(112, 4, 85, 0, 19, 2),
(113, 4, 109, 0, 19, 1),
(114, 4, 89, 0, 19, 0),
(115, 4, 84, 0, 20, 1),
(116, 4, 91, 0, 20, 4),
(117, 4, 121, 0, 20, 0),
(118, 4, 85, 0, 20, 2),
(119, 4, 109, 0, 20, 1),
(120, 4, 89, 0, 20, 0),
(121, 4, 84, 0, 21, 1),
(122, 4, 91, 0, 21, 4),
(123, 4, 121, 0, 21, 0),
(124, 4, 85, 0, 21, 2),
(125, 4, 109, 0, 21, 1),
(126, 4, 89, 0, 21, 0),
(127, 4, 84, 0, 22, 1),
(128, 4, 91, 0, 22, 4),
(129, 4, 121, 0, 22, 0),
(130, 4, 85, 0, 22, 2),
(131, 4, 109, 0, 22, 1),
(132, 4, 89, 0, 22, 0),
(133, 4, 84, 0, 23, 1),
(134, 4, 91, 0, 23, 4),
(135, 4, 121, 0, 23, 0),
(136, 4, 85, 0, 23, 2),
(137, 4, 109, 0, 23, 1),
(138, 4, 89, 0, 23, 0),
(139, 4, 84, 0, 24, 1),
(140, 4, 91, 0, 24, 4),
(141, 4, 121, 0, 24, 0),
(142, 4, 85, 0, 24, 2),
(143, 4, 109, 0, 24, 1),
(144, 4, 89, 0, 24, 0),
(145, 4, 84, 0, 25, 1),
(146, 4, 91, 0, 25, 4),
(147, 4, 121, 0, 25, 0),
(148, 4, 85, 0, 25, 2),
(149, 4, 109, 0, 25, 1),
(150, 4, 89, 0, 25, 0),
(151, 4, 84, 0, 26, 1),
(152, 4, 91, 0, 26, 4),
(153, 4, 121, 0, 26, 0),
(154, 4, 85, 0, 26, 2),
(155, 4, 109, 0, 26, 1),
(156, 4, 89, 0, 26, 0),
(157, 4, 84, 0, 27, 1),
(158, 4, 91, 0, 27, 4),
(159, 4, 121, 0, 27, 0),
(160, 4, 85, 0, 27, 2),
(161, 4, 109, 0, 27, 1),
(162, 4, 89, 0, 27, 0),
(163, 4, 84, 0, 28, 1),
(164, 4, 91, 0, 28, 4),
(165, 4, 121, 0, 28, 0),
(166, 4, 85, 0, 28, 2),
(167, 4, 109, 0, 28, 1),
(168, 4, 89, 0, 28, 0),
(169, 4, 84, 0, 29, 1),
(170, 4, 91, 0, 29, 4),
(171, 4, 121, 0, 29, 0),
(172, 4, 85, 0, 29, 2),
(173, 4, 109, 0, 29, 1),
(174, 4, 89, 0, 29, 0),
(175, 4, 84, 0, 30, 1),
(176, 4, 91, 0, 30, 4),
(177, 4, 121, 0, 30, 0),
(178, 4, 85, 0, 30, 2),
(179, 4, 109, 0, 30, 1),
(180, 4, 89, 0, 30, 0),
(181, 4, 84, 0, 31, 1),
(182, 4, 91, 0, 31, 4),
(183, 4, 121, 0, 31, 0),
(184, 4, 85, 0, 31, 2),
(185, 4, 109, 0, 31, 1),
(186, 4, 89, 0, 31, 0),
(187, 4, 84, 0, 32, 1),
(188, 4, 91, 0, 32, 4),
(189, 4, 121, 0, 32, 0),
(190, 4, 85, 0, 32, 2),
(191, 4, 109, 0, 32, 1),
(192, 4, 89, 0, 32, 0),
(193, 4, 84, 0, 33, 1),
(194, 4, 91, 0, 33, 4),
(195, 4, 121, 0, 33, 0),
(196, 4, 85, 0, 33, 2),
(197, 4, 109, 0, 33, 1),
(198, 4, 89, 0, 33, 0),
(199, 4, 84, 0, 34, 1),
(200, 4, 91, 0, 34, 4),
(201, 4, 121, 0, 34, 0),
(202, 4, 85, 0, 34, 2),
(203, 4, 109, 0, 34, 1),
(204, 4, 89, 0, 34, 0),
(205, 4, 84, 0, 35, 1),
(206, 4, 91, 0, 35, 4),
(207, 4, 121, 0, 35, 0),
(208, 4, 85, 0, 35, 2),
(209, 4, 109, 0, 35, 1),
(210, 4, 89, 0, 35, 0),
(211, 4, 84, 0, 36, 1),
(212, 4, 91, 0, 36, 4),
(213, 4, 121, 0, 36, 0),
(214, 4, 85, 0, 36, 2),
(215, 4, 109, 0, 36, 1),
(216, 4, 89, 0, 36, 0),
(217, 4, 84, 0, 37, 1),
(218, 4, 91, 0, 37, 4),
(219, 4, 121, 0, 37, 0),
(220, 4, 85, 0, 37, 2),
(221, 4, 109, 0, 37, 1),
(222, 4, 89, 0, 37, 0),
(223, 4, 84, 0, 38, 1),
(224, 4, 91, 0, 38, 4),
(225, 4, 121, 0, 38, 0),
(226, 4, 85, 0, 38, 2),
(227, 4, 109, 0, 38, 1),
(228, 4, 89, 0, 38, 0),
(229, 4, 84, 0, 39, 1),
(230, 4, 91, 0, 39, 4),
(231, 4, 121, 0, 39, 0),
(232, 4, 85, 0, 39, 2),
(233, 4, 109, 0, 39, 1),
(234, 4, 89, 0, 39, 0),
(235, 4, 84, 0, 40, 1),
(236, 4, 91, 0, 40, 4),
(237, 4, 121, 0, 40, 0),
(238, 4, 85, 0, 40, 2),
(239, 4, 109, 0, 40, 1),
(240, 4, 89, 0, 40, 0),
(241, 4, 84, 0, 41, 1),
(242, 4, 91, 0, 41, 4),
(243, 4, 121, 0, 41, 0),
(244, 4, 85, 0, 41, 2),
(245, 4, 109, 0, 41, 1),
(246, 4, 89, 0, 41, 0),
(247, 4, 84, 0, 42, 1),
(248, 4, 91, 0, 42, 4),
(249, 4, 121, 0, 42, 0),
(250, 4, 85, 0, 42, 2),
(251, 4, 109, 0, 42, 1),
(252, 4, 89, 0, 42, 0),
(253, 4, 84, 0, 43, 1),
(254, 4, 91, 0, 43, 4),
(255, 4, 121, 0, 43, 0),
(256, 4, 85, 0, 43, 2),
(257, 4, 109, 0, 43, 1),
(258, 4, 89, 0, 43, 0),
(259, 4, 84, 0, 44, 1),
(260, 4, 91, 0, 44, 4),
(261, 4, 121, 0, 44, 0),
(262, 4, 85, 0, 44, 2),
(263, 4, 109, 0, 44, 1),
(264, 4, 89, 0, 44, 0),
(265, 4, 84, 0, 45, 1),
(266, 4, 91, 0, 45, 4),
(267, 4, 121, 0, 45, 0),
(268, 4, 85, 0, 45, 2),
(269, 4, 109, 0, 45, 1),
(270, 4, 89, 0, 45, 0),
(271, 4, 84, 0, 46, 1),
(272, 4, 91, 0, 46, 4),
(273, 4, 121, 0, 46, 0),
(274, 4, 85, 0, 46, 2),
(275, 4, 109, 0, 46, 1),
(276, 4, 89, 0, 46, 0),
(277, 4, 84, 0, 47, 1),
(278, 4, 91, 0, 47, 4),
(279, 4, 121, 0, 47, 0),
(280, 4, 85, 0, 47, 2),
(281, 4, 109, 0, 47, 1),
(282, 4, 89, 0, 47, 0),
(283, 4, 84, 0, 48, 1),
(284, 4, 91, 0, 48, 4),
(285, 4, 121, 0, 48, 0),
(286, 4, 85, 0, 48, 2),
(287, 4, 109, 0, 48, 1),
(288, 4, 89, 0, 48, 0),
(289, 4, 84, 0, 49, 1),
(290, 4, 91, 0, 49, 4),
(291, 4, 121, 0, 49, 0),
(292, 4, 85, 0, 49, 2),
(293, 4, 109, 0, 49, 1),
(294, 4, 89, 0, 49, 0),
(295, 4, 84, 0, 50, 1),
(296, 4, 91, 0, 50, 4),
(297, 4, 121, 0, 50, 0),
(298, 4, 85, 0, 50, 2),
(299, 4, 109, 0, 50, 1),
(300, 4, 89, 0, 50, 0),
(301, 4, 84, 0, 51, 1),
(302, 4, 91, 0, 51, 4),
(303, 4, 121, 0, 51, 0),
(304, 4, 85, 0, 51, 2),
(305, 4, 109, 0, 51, 1),
(306, 4, 89, 0, 51, 0),
(307, 4, 84, 0, 52, 1),
(308, 4, 91, 0, 52, 4),
(309, 4, 121, 0, 52, 0),
(310, 4, 85, 0, 52, 2),
(311, 4, 109, 0, 52, 1),
(312, 4, 89, 0, 52, 0),
(313, 4, 84, 0, 53, 1),
(314, 4, 91, 0, 53, 4),
(315, 4, 121, 0, 53, 0),
(316, 4, 85, 0, 53, 2),
(317, 4, 109, 0, 53, 1),
(318, 4, 89, 0, 53, 0),
(319, 4, 84, 0, 54, 1),
(320, 4, 91, 0, 54, 4),
(321, 4, 121, 0, 54, 0),
(322, 4, 85, 0, 54, 2),
(323, 4, 109, 0, 54, 1),
(324, 4, 89, 0, 54, 0),
(325, 4, 84, 0, 55, 1),
(326, 4, 91, 0, 55, 4),
(327, 4, 121, 0, 55, 0),
(328, 4, 85, 0, 55, 2),
(329, 4, 109, 0, 55, 1),
(330, 4, 89, 0, 55, 0),
(331, 4, 84, 0, 56, 1),
(332, 4, 91, 0, 56, 4),
(333, 4, 121, 0, 56, 0),
(334, 4, 85, 0, 56, 2),
(335, 4, 109, 0, 56, 1),
(336, 4, 89, 0, 56, 0),
(337, 4, 84, 0, 57, 1),
(338, 4, 91, 0, 57, 4),
(339, 4, 121, 0, 57, 0),
(340, 4, 85, 0, 57, 2),
(341, 4, 109, 0, 57, 1),
(342, 4, 89, 0, 57, 0),
(343, 4, 84, 0, 58, 1),
(344, 4, 91, 0, 58, 4),
(345, 4, 121, 0, 58, 0),
(346, 4, 85, 0, 58, 2),
(347, 4, 109, 0, 58, 1),
(348, 4, 89, 0, 58, 0),
(349, 4, 84, 0, 59, 1),
(350, 4, 91, 0, 59, 4),
(351, 4, 121, 0, 59, 0),
(352, 4, 85, 0, 59, 2),
(353, 4, 109, 0, 59, 1),
(354, 4, 89, 0, 59, 0),
(355, 4, 84, 0, 60, 1),
(356, 4, 91, 0, 60, 4),
(357, 4, 121, 0, 60, 0),
(358, 4, 85, 0, 60, 2),
(359, 4, 109, 0, 60, 1),
(360, 4, 89, 0, 60, 0);

-- --------------------------------------------------------

--
-- Tábla szerkezet: `catalog_product_entity_media_gallery`
--

CREATE TABLE IF NOT EXISTS `catalog_product_entity_media_gallery` (
  `value_id` int(11) unsigned NOT NULL auto_increment,
  `attribute_id` smallint(5) unsigned NOT NULL default '0',
  `entity_id` int(10) unsigned NOT NULL default '0',
  `value` varchar(255) default NULL,
  PRIMARY KEY  (`value_id`),
  KEY `FK_CATALOG_PRODUCT_MEDIA_GALLERY_ATTRIBUTE` (`attribute_id`),
  KEY `FK_CATALOG_PRODUCT_MEDIA_GALLERY_ENTITY` (`entity_id`)
) ENGINE=InnoDB  DEFAULT CHARSET=utf8 COMMENT='Catalog product media gallery' AUTO_INCREMENT=169 ;

--
-- A tábla adatainak kiíratása `catalog_product_entity_media_gallery`
--

INSERT INTO `catalog_product_entity_media_gallery` (`value_id`, `attribute_id`, `entity_id`, `value`) VALUES
(1, 77, 1, '/i/n/indib_-_branches_orange_rug_2.png'),
(2, 77, 1, '/i/n/indib_-_branches_orange_rug_3.png'),
(3, 77, 1, '/i/n/indib_-_branches_orange_rug_1.png'),
(4, 77, 2, '/m/o/mohodesign_-_fluid_rug_1.png'),
(5, 77, 2, '/m/o/mohodesign_-_fluid_rug_3.png'),
(6, 77, 2, '/m/o/mohodesign_-_fluid_rug_2.png'),
(7, 77, 3, '/m/o/mohodesign_-_mag_rug_1.png'),
(8, 77, 3, '/m/o/mohodesign_-_mag_rug_3.png'),
(9, 77, 3, '/m/o/mohodesign_-_mag_rug_2.png'),
(10, 77, 4, '/s/a/savoy_shag_savoy_stripe_3.png'),
(11, 77, 4, '/s/a/savoy_shag_savoy_stripe_1.png'),
(12, 77, 4, '/s/a/savoy_shag_savoy_stripe_2.png'),
(13, 77, 5, '/t/h/thrown_away_green_floral_rug_3.png'),
(14, 77, 5, '/t/h/thrown_away_green_floral_rug_1.png'),
(15, 77, 5, '/t/h/thrown_away_green_floral_rug_2.png'),
(16, 77, 6, '/t/r/traverse_modern_rug_by_bowron_1.png'),
(17, 77, 6, '/t/r/traverse_modern_rug_by_bowron_2.png'),
(18, 77, 6, '/t/r/traverse_modern_rug_by_bowron_3.png'),
(19, 77, 7, '/b/e/berber_carpet_2_1.png'),
(20, 77, 7, '/b/e/berber_carpet_3.png'),
(21, 77, 7, '/b/e/berber_carpet_1_1.png'),
(22, 77, 8, '/c/l/cloth_bindings_1.png'),
(23, 77, 8, '/c/l/cloth_bindings_2.png'),
(24, 77, 8, '/c/l/cloth_bindings_3.png'),
(25, 77, 9, '/d/o/domo_mila_autumn_leaf_inspiration_1.png'),
(26, 77, 9, '/d/o/domo_mila_autumn_leaf_inspiration_3.png'),
(27, 77, 9, '/d/o/domo_mila_autumn_leaf_inspiration_2.png'),
(28, 77, 10, '/f/a/faux_leather_bindings_2.png'),
(29, 77, 10, '/f/a/faux_leather_bindings_3.png'),
(30, 77, 10, '/f/a/faux_leather_bindings_1.png'),
(31, 77, 11, '/r/e/red_and_green_floral_pattern_1.png'),
(32, 77, 11, '/r/e/red_and_green_floral_pattern_2.png'),
(33, 77, 11, '/r/e/red_and_green_floral_pattern_3.png'),
(34, 77, 12, '/s/i/sisal_by_sisal_3.png'),
(35, 77, 12, '/s/i/sisal_by_sisal_2.png'),
(36, 77, 12, '/s/i/sisal_by_sisal_1.png'),
(37, 77, 13, '/b/i/bimini_twist_1.png'),
(38, 77, 13, '/b/i/bimini_twist_2.png'),
(39, 77, 13, '/b/i/bimini_twist_3.png'),
(40, 77, 14, '/c/r/creative_bindings_1.png'),
(41, 77, 14, '/c/r/creative_bindings_2.png'),
(42, 77, 14, '/c/r/creative_bindings_3.png'),
(43, 77, 15, '/k/a/kaleidoscope_style_from_the_tufted_wool_carpet_collection_1.png'),
(44, 77, 15, '/k/a/kaleidoscope_style_from_the_tufted_wool_carpet_collection_2.png'),
(45, 77, 15, '/k/a/kaleidoscope_style_from_the_tufted_wool_carpet_collection_3.png'),
(46, 77, 16, '/o/n/one_border_3.png'),
(47, 77, 16, '/o/n/one_border_1.png'),
(48, 77, 16, '/o/n/one_border_2.png'),
(49, 77, 17, '/t/h/three_border_3.png'),
(50, 77, 17, '/t/h/three_border_2.png'),
(51, 77, 17, '/t/h/three_border_1.png'),
(52, 77, 18, '/t/w/two_border_1.png'),
(53, 77, 18, '/t/w/two_border_2.png'),
(54, 77, 18, '/t/w/two_border_3.png'),
(55, 77, 19, '/c/a/caesarstone_apple_martini_3.png'),
(56, 77, 19, '/c/a/caesarstone_apple_martini_2.png'),
(57, 77, 19, '/c/a/caesarstone_apple_martini_1.png'),
(58, 77, 20, '/f/i/firetable_and_concrete_countertop_2.png'),
(59, 77, 20, '/f/i/firetable_and_concrete_countertop_3.png'),
(60, 77, 20, '/f/i/firetable_and_concrete_countertop_1.png'),
(61, 77, 21, '/s/i/silestone___capri_limestone_1.png'),
(62, 77, 21, '/s/i/silestone___capri_limestone_3.png'),
(63, 77, 21, '/s/i/silestone___capri_limestone_2.png'),
(64, 77, 22, '/s/i/silestone_tao_3.png'),
(65, 77, 22, '/s/i/silestone_tao_1.png'),
(66, 77, 22, '/s/i/silestone_tao_2.png'),
(67, 77, 23, '/s/o/solid_surface_bedrock_1.png'),
(68, 77, 23, '/s/o/solid_surface_bedrock_2.png'),
(69, 77, 23, '/s/o/solid_surface_bedrock_3.png'),
(70, 77, 24, '/s/o/solid_surface_bluestone_2.png'),
(71, 77, 24, '/s/o/solid_surface_bluestone_1.png'),
(72, 77, 24, '/s/o/solid_surface_bluestone_3.png'),
(73, 77, 25, '/k/r/kraus_brazillian_teak_hardwood_2.png'),
(74, 77, 25, '/k/r/kraus_brazillian_teak_hardwood_1.png'),
(75, 77, 25, '/k/r/kraus_brazillian_teak_hardwood_3.png'),
(76, 77, 26, '/k/r/kraus_golden_sadle_oak_hardwood_1.png'),
(77, 77, 26, '/k/r/kraus_golden_sadle_oak_hardwood_3.png'),
(78, 77, 26, '/k/r/kraus_golden_sadle_oak_hardwood_2.png'),
(79, 77, 27, '/k/r/kraus_natural_hard_maple_hardwood_1.png'),
(80, 77, 27, '/k/r/kraus_natural_hard_maple_hardwood_2.png'),
(81, 77, 27, '/k/r/kraus_natural_hard_maple_hardwood_3.png'),
(82, 77, 28, '/k/r/kraus_natural_red_oak_hardwood_3.png'),
(83, 77, 28, '/k/r/kraus_natural_red_oak_hardwood_2.png'),
(84, 77, 28, '/k/r/kraus_natural_red_oak_hardwood_1.png'),
(85, 77, 29, '/k/r/kraus_sienna_oak_hardwood_2.png'),
(86, 77, 29, '/k/r/kraus_sienna_oak_hardwood_1.png'),
(87, 77, 29, '/k/r/kraus_sienna_oak_hardwood_3.png'),
(88, 77, 30, '/k/r/kraus_tigerwood_hardwood_1.png'),
(89, 77, 30, '/k/r/kraus_tigerwood_hardwood_3.png'),
(90, 77, 30, '/k/r/kraus_tigerwood_hardwood_2.png'),
(91, 77, 31, '/e/l/elka_heartwood_maple_v-groove_8_mm_laminate_2.png'),
(92, 77, 31, '/e/l/elka_heartwood_maple_v-groove_8_mm_laminate_1.png'),
(93, 77, 31, '/e/l/elka_heartwood_maple_v-groove_8_mm_laminate_3.png'),
(94, 77, 32, '/k/r/kraus_augusta_cherry_laminate_3.png'),
(95, 77, 32, '/k/r/kraus_augusta_cherry_laminate_2.png'),
(96, 77, 32, '/k/r/kraus_augusta_cherry_laminate_1.png'),
(97, 77, 33, '/k/r/kraus_hartland_maple_laminate_1.png'),
(98, 77, 33, '/k/r/kraus_hartland_maple_laminate_2.png'),
(99, 77, 33, '/k/r/kraus_hartland_maple_laminate_3.png'),
(100, 77, 34, '/k/r/kraus_panama_teak_laminate_1.png'),
(101, 77, 34, '/k/r/kraus_panama_teak_laminate_2.png'),
(102, 77, 34, '/k/r/kraus_panama_teak_laminate_3.png'),
(103, 77, 35, '/k/r/kraus_rustic_maple_laminate_2_copy.png'),
(104, 77, 35, '/k/r/kraus_rustic_maple_laminate_1.png'),
(105, 77, 35, '/k/r/kraus_rustic_maple_laminate_3.png'),
(106, 77, 36, '/k/r/kraus_spruce_laminate_1.png'),
(107, 77, 36, '/k/r/kraus_spruce_laminate_2.png'),
(108, 77, 36, '/k/r/kraus_spruce_laminate_3.png'),
(109, 77, 37, '/c/a/calabria_in_biscotti_12x_12_field_tile_2.png'),
(110, 77, 37, '/c/a/calabria_in_biscotti_12x_12_field_tile_1.png'),
(111, 77, 37, '/c/a/calabria_in_biscotti_12x_12_field_tile_3.png'),
(112, 77, 38, '/p/o/polyflor_crema_slate_tile_camaro_1.png'),
(113, 77, 38, '/p/o/polyflor_crema_slate_tile_camaro_2.png'),
(114, 77, 38, '/p/o/polyflor_crema_slate_tile_camaro_3.png'),
(115, 77, 39, '/p/o/pompei_ceramic_tile_3.png'),
(116, 77, 39, '/p/o/pompei_ceramic_tile_2.png'),
(117, 77, 39, '/p/o/pompei_ceramic_tile_1.png'),
(118, 77, 40, '/t/a/tarkett_black_antia_1.png'),
(119, 77, 40, '/t/a/tarkett_black_antia_3.png'),
(120, 77, 40, '/t/a/tarkett_black_antia_2.png'),
(121, 77, 41, '/t/e/terra_antica_oro_12x_12_field_tile_3.png'),
(122, 77, 41, '/t/e/terra_antica_oro_12x_12_field_tile_1.png'),
(123, 77, 41, '/t/e/terra_antica_oro_12x_12_field_tile_2.png'),
(124, 77, 42, '/w/e/westminster_teak_wooden_tiles_1.png'),
(125, 77, 42, '/w/e/westminster_teak_wooden_tiles_2.png'),
(126, 77, 42, '/w/e/westminster_teak_wooden_tiles_3.png'),
(127, 77, 43, '/b/e/beige_ocher_limestone_flooring_3.png'),
(128, 77, 43, '/b/e/beige_ocher_limestone_flooring_1.png'),
(129, 77, 43, '/b/e/beige_ocher_limestone_flooring_2.png'),
(130, 77, 44, '/d/o/donegal_in_sabbia_16x_16_field_tile_1.png'),
(131, 77, 44, '/d/o/donegal_in_sabbia_16x_16_field_tile_2.png'),
(132, 77, 44, '/d/o/donegal_in_sabbia_16x_16_field_tile_3.png'),
(133, 77, 45, '/e/d/edgefield_in_beige_16x_16_field_tile_1.png'),
(134, 77, 45, '/e/d/edgefield_in_beige_16x_16_field_tile_2.png'),
(135, 77, 45, '/e/d/edgefield_in_beige_16x_16_field_tile_3.png'),
(136, 77, 46, '/l/i/limestone_from_burgundy_2.png'),
(137, 77, 46, '/l/i/limestone_from_burgundy_1.png'),
(138, 77, 46, '/l/i/limestone_from_burgundy_3.png'),
(139, 77, 47, '/m/e/medium_and_fine_grain_limestone_flooring_3.png'),
(140, 77, 47, '/m/e/medium_and_fine_grain_limestone_flooring_2.png'),
(141, 77, 47, '/m/e/medium_and_fine_grain_limestone_flooring_1.png'),
(142, 77, 48, '/t/a/tarkett_aurice_beige_3.png'),
(143, 77, 48, '/t/a/tarkett_aurice_beige_2.png'),
(144, 77, 48, '/t/a/tarkett_aurice_beige_1.png'),
(145, 77, 49, '/g/e/gerflor_cassiopee_grass_super_solar_vinyl_3.png'),
(146, 77, 49, '/g/e/gerflor_cassiopee_grass_super_solar_vinyl_2.png'),
(147, 77, 49, '/g/e/gerflor_cassiopee_grass_super_solar_vinyl_1.png'),
(148, 77, 50, '/g/e/gerflor_damier_black_white_super_solar_vinyl_3.png'),
(149, 77, 50, '/g/e/gerflor_damier_black_white_super_solar_vinyl_2.png'),
(150, 77, 50, '/g/e/gerflor_damier_black_white_super_solar_vinyl_1.png'),
(151, 77, 51, '/g/e/gerflor_jurassic_nuage_super_solar_vinyl_3.png'),
(152, 77, 51, '/g/e/gerflor_jurassic_nuage_super_solar_vinyl_1.png'),
(153, 77, 51, '/g/e/gerflor_jurassic_nuage_super_solar_vinyl_2.png'),
(154, 77, 52, '/p/o/polyflor_romano_stone_tile_camaro_vinyl_1.png'),
(155, 77, 52, '/p/o/polyflor_romano_stone_tile_camaro_vinyl_3.png'),
(156, 77, 52, '/p/o/polyflor_romano_stone_tile_camaro_vinyl_2.png'),
(157, 77, 53, '/t/a/tarkett_limestone_terracotta_vinyl_3.png'),
(158, 77, 53, '/t/a/tarkett_limestone_terracotta_vinyl_1.png'),
(159, 77, 53, '/t/a/tarkett_limestone_terracotta_vinyl_2.png'),
(160, 77, 54, '/t/a/tarkett_quartza_black_vinyl_2_copy.png'),
(161, 77, 54, '/t/a/tarkett_quartza_black_vinyl_1.png'),
(162, 77, 54, '/t/a/tarkett_quartza_black_vinyl_3.png'),
(163, 77, 55, '/0/1/01.jpg'),
(164, 77, 56, '/0/2/02.jpg'),
(165, 77, 57, '/0/3/03.jpg'),
(166, 77, 58, '/0/4/04.jpg'),
(167, 77, 59, '/0/5/05.jpg'),
(168, 77, 60, '/0/6/06.jpg');

-- --------------------------------------------------------

--
-- Tábla szerkezet: `catalog_product_entity_media_gallery_value`
--

CREATE TABLE IF NOT EXISTS `catalog_product_entity_media_gallery_value` (
  `value_id` int(11) unsigned NOT NULL default '0',
  `store_id` smallint(5) unsigned NOT NULL default '0',
  `label` varchar(255) default NULL,
  `position` int(11) unsigned default NULL,
  `disabled` tinyint(1) unsigned NOT NULL default '0',
  PRIMARY KEY  (`value_id`,`store_id`),
  KEY `FK_CATALOG_PRODUCT_MEDIA_GALLERY_VALUE_STORE` (`store_id`)
) ENGINE=InnoDB DEFAULT CHARSET=utf8 COMMENT='Catalog product media gallery values';

--
-- A tábla adatainak kiíratása `catalog_product_entity_media_gallery_value`
--

INSERT INTO `catalog_product_entity_media_gallery_value` (`value_id`, `store_id`, `label`, `position`, `disabled`) VALUES
(1, 0, '', 1, 0),
(2, 0, '', 2, 0),
(3, 0, '', 3, 0),
(4, 0, '', 1, 0),
(5, 0, '', 2, 0),
(6, 0, '', 3, 0),
(7, 0, '', 1, 0),
(8, 0, '', 2, 0),
(9, 0, '', 3, 0),
(10, 0, '', 1, 0),
(11, 0, '', 2, 0),
(12, 0, '', 3, 0),
(13, 0, '', 1, 0),
(14, 0, '', 2, 0),
(15, 0, '', 3, 0),
(16, 0, '', 1, 0),
(17, 0, '', 2, 0),
(18, 0, '', 3, 0),
(19, 0, '', 1, 0),
(20, 0, '', 2, 0),
(21, 0, '', 3, 0),
(22, 0, '', 1, 0),
(23, 0, '', 2, 0),
(24, 0, '', 3, 0),
(25, 0, '', 1, 0),
(26, 0, '', 2, 0),
(27, 0, '', 3, 0),
(28, 0, '', 1, 0),
(29, 0, '', 2, 0),
(30, 0, '', 3, 0),
(31, 0, '', 1, 0),
(32, 0, '', 2, 0),
(33, 0, '', 3, 0),
(34, 0, '', 1, 0),
(35, 0, '', 2, 0),
(36, 0, '', 3, 0),
(37, 0, '', 1, 0),
(38, 0, '', 2, 0),
(39, 0, '', 3, 0),
(40, 0, '', 1, 0),
(41, 0, '', 2, 0),
(42, 0, '', 3, 0),
(43, 0, '', 1, 0),
(44, 0, '', 2, 0),
(45, 0, '', 3, 0),
(46, 0, '', 1, 0),
(47, 0, '', 2, 0),
(48, 0, '', 3, 0),
(49, 0, '', 1, 0),
(50, 0, '', 2, 0),
(51, 0, '', 3, 0),
(52, 0, '', 1, 0),
(53, 0, '', 2, 0),
(54, 0, '', 3, 0),
(55, 0, '', 1, 0),
(56, 0, '', 2, 0),
(57, 0, '', 3, 0),
(58, 0, '', 1, 0),
(59, 0, '', 2, 0),
(60, 0, '', 3, 0),
(61, 0, '', 1, 0),
(62, 0, '', 2, 0),
(63, 0, '', 3, 0),
(64, 0, '', 1, 0),
(65, 0, '', 2, 0),
(66, 0, '', 3, 0),
(67, 0, '', 1, 0),
(68, 0, '', 2, 0),
(69, 0, '', 3, 0),
(70, 0, '', 1, 0),
(71, 0, '', 2, 0),
(72, 0, '', 3, 0),
(73, 0, '', 1, 0),
(74, 0, '', 2, 0),
(75, 0, '', 3, 0),
(76, 0, '', 1, 0),
(77, 0, '', 2, 0),
(78, 0, '', 3, 0),
(79, 0, '', 1, 0),
(80, 0, '', 2, 0),
(81, 0, '', 3, 0),
(82, 0, '', 1, 0),
(83, 0, '', 2, 0),
(84, 0, '', 3, 0),
(85, 0, '', 1, 0),
(86, 0, '', 2, 0),
(87, 0, '', 3, 0),
(88, 0, '', 1, 0),
(89, 0, '', 2, 0),
(90, 0, '', 3, 0),
(91, 0, '', 1, 0),
(92, 0, '', 2, 0),
(93, 0, '', 3, 0),
(94, 0, '', 1, 0),
(95, 0, '', 2, 0),
(96, 0, '', 3, 0),
(97, 0, '', 1, 0),
(98, 0, '', 2, 0),
(99, 0, '', 3, 0),
(100, 0, '', 1, 0),
(101, 0, '', 2, 0),
(102, 0, '', 3, 0),
(103, 0, '', 1, 0),
(104, 0, '', 2, 0),
(105, 0, '', 3, 0),
(106, 0, '', 1, 0),
(107, 0, '', 2, 0),
(108, 0, '', 3, 0),
(109, 0, '', 1, 0),
(110, 0, '', 2, 0),
(111, 0, '', 3, 0),
(112, 0, '', 1, 0),
(113, 0, '', 2, 0),
(114, 0, '', 3, 0),
(115, 0, '', 1, 0),
(116, 0, '', 2, 0),
(117, 0, '', 3, 0),
(118, 0, '', 1, 0),
(119, 0, '', 2, 0),
(120, 0, '', 3, 0),
(121, 0, '', 1, 0),
(122, 0, '', 2, 0),
(123, 0, '', 3, 0),
(124, 0, '', 1, 0),
(125, 0, '', 2, 0),
(126, 0, '', 3, 0),
(127, 0, '', 1, 0),
(128, 0, '', 2, 0),
(129, 0, '', 3, 0),
(130, 0, '', 1, 0),
(131, 0, '', 2, 0),
(132, 0, '', 3, 0),
(133, 0, '', 1, 0),
(134, 0, '', 2, 0),
(135, 0, '', 3, 0),
(136, 0, '', 1, 0),
(137, 0, '', 2, 0),
(138, 0, '', 3, 0),
(139, 0, '', 1, 0),
(140, 0, '', 2, 0),
(141, 0, '', 3, 0),
(142, 0, '', 1, 0),
(143, 0, '', 2, 0),
(144, 0, '', 3, 0),
(145, 0, '', 1, 0),
(146, 0, '', 2, 0),
(147, 0, '', 3, 0),
(148, 0, '', 1, 0),
(149, 0, '', 2, 0),
(150, 0, '', 3, 0),
(151, 0, '', 1, 0),
(152, 0, '', 2, 0),
(153, 0, '', 3, 0),
(154, 0, '', 1, 0),
(155, 0, '', 2, 0),
(156, 0, '', 3, 0),
(157, 0, '', 1, 0),
(158, 0, '', 2, 0),
(159, 0, '', 3, 0),
(160, 0, '', 1, 0),
(161, 0, '', 2, 0),
(162, 0, '', 3, 0),
(163, 0, '', 1, 0),
(164, 0, '', 1, 0),
(165, 0, '', 1, 0),
(166, 0, '', 1, 0),
(167, 0, '', 1, 0),
(168, 0, '', 1, 0);

-- --------------------------------------------------------

--
-- Tábla szerkezet: `catalog_product_entity_text`
--

CREATE TABLE IF NOT EXISTS `catalog_product_entity_text` (
  `value_id` int(11) NOT NULL auto_increment,
  `entity_type_id` mediumint(8) unsigned NOT NULL default '0',
  `attribute_id` smallint(5) unsigned NOT NULL default '0',
  `store_id` smallint(5) unsigned NOT NULL default '0',
  `entity_id` int(10) unsigned NOT NULL default '0',
  `value` text NOT NULL,
  PRIMARY KEY  (`value_id`),
  UNIQUE KEY `IDX_ATTRIBUTE_VALUE` (`entity_id`,`attribute_id`,`store_id`),
  KEY `FK_CATALOG_PRODUCT_ENTITY_TEXT_ATTRIBUTE` (`attribute_id`),
  KEY `FK_CATALOG_PRODUCT_ENTITY_TEXT_STORE` (`store_id`),
  KEY `FK_CATALOG_PRODUCT_ENTITY_TEXT_PRODUCT_ENTITY` (`entity_id`)
) ENGINE=InnoDB  DEFAULT CHARSET=utf8 AUTO_INCREMENT=241 ;

--
-- A tábla adatainak kiíratása `catalog_product_entity_text`
--

INSERT INTO `catalog_product_entity_text` (`value_id`, `entity_type_id`, `attribute_id`, `store_id`, `entity_id`, `value`) VALUES
(1, 4, 61, 0, 1, '<p><strong>We are glad to welcome you</strong> at our store and sincerely hope that we will satisfy your needs. <strong>There is</strong> no surprise that flooring industry is all about strong traditions, premium quality and perfect servicing. <em>You should know that we work closely with Wood Flooring Association</em> to ensure the products that our clients receive from us will suit their requirements perfectly.</p><p>It is great honor for us to inform you that our company cooperates with the world-leading flooring manufacturers such as Lebex, Quickstep, Brintons Carpets, Ulster Carpets, Cormar and others. Whether you are looking for a luxury carpet or some laminated flooring - we always have something to offer to you and be sure that these products will be only of a premium quality. Our shop has all types of wood flooring from solid to laminated ones. Of course you may want to check out our products from the natural stone and ceramics <strong>too</strong>.</p>'),
(2, 4, 62, 0, 1, '<p><strong>We are glad to welcome you</strong> at our store and sincerely hope that we will satisfy your needs. <strong>There is</strong> no surprise that flooring industry is all about strong traditions, premium quality and perfect servicing. <em>You should know that we work closely with Wood Flooring Association</em> to ensure the products that our clients receive from us will suit their requirements perfectly.</p>'),
(3, 4, 72, 0, 1, ''),
(4, 4, 95, 0, 1, ''),
(5, 4, 61, 0, 2, '<p><strong>It is vitally important</strong> to build strong and reliable relationship with the client and this is a cornerstone of our philosophy. <strong>We are trying</strong> to do our best in making your presence at our store more comfortable and pleasant. <strong>Considering our huge</strong> experience we improve our servicing, products'' quality, implement new technologies and of course care about environmental part of our job. We are glad to welcome you at our store and sincerely hope that we will satisfy your needs.</p><p>There is no surprise that flooring industry is all about strong traditions, premium quality and perfect servicing. You should know that we work closely with Wood Flooring Association to ensure the products that our clients receive from us will suit their requirements perfectly.</p>'),
(6, 4, 62, 0, 2, '<p><strong>It is vitally important</strong> to build strong and reliable relationship with the client and this is a cornerstone of our philosophy. <strong>We are trying</strong> to do our best in making your presence at our store more comfortable and pleasant. <strong>Considering our huge</strong> experience we improve our servicing, products'' quality, implement new technologies and of course care about environmental part of our job. We are glad to welcome you at our store and sincerely hope that we will satisfy your needs.</p>'),
(7, 4, 72, 0, 2, ''),
(8, 4, 95, 0, 2, ''),
(9, 4, 61, 0, 3, '<p><strong>It is great</strong> honor for us to inform you that our company cooperates with the world-leading <strong>flooring</strong> manufacturers such as Lebex, <strong>Quickstep, Brintons Carpets</strong>, Ulster Carpets, Cormar and others. Whether you are looking for a luxury carpet or some laminated flooring - we always have something to offer to you and be sure that these products will be only of a premium quality. Our shop has all types of wood flooring from solid to laminated ones. Of course you may want to check out our products from the natural stone and ceramics too.</p><p><em>It is vitally important</em> to build strong and reliable relationship with the client and this is a cornerstone of our philosophy. We are trying to do our best in making your presence at our store more comfortable and pleasant. Considering our huge experience we improve our servicing, products'' quality, implement new technologies and of course care about environmental part of our job.</p>'),
(10, 4, 62, 0, 3, '<p><strong>It is great</strong> honor for us to inform you that our company cooperates with the world-leading <strong>flooring</strong> manufacturers such as Lebex, <strong>Quickstep, Brintons Carpets</strong>, Ulster Carpets, Cormar and others. Whether you are looking for a luxury carpet or some laminated flooring - we always have something to offer to you and be sure that these products will be only of a premium quality. Our shop has all types of wood flooring from solid to laminated ones. Of course you may want to check out our products from the natural stone and ceramics too.</p>'),
(11, 4, 72, 0, 3, ''),
(12, 4, 95, 0, 3, ''),
(13, 4, 61, 0, 4, '<p><strong>We are glad to welcome you</strong> at our store and sincerely hope that we will satisfy your needs. <strong>There is</strong> no surprise that flooring industry is all about strong traditions, premium quality and perfect servicing. <em>You should know that we work closely with Wood Flooring Association</em> to ensure the products that our clients receive from us will suit their requirements perfectly.</p><p>It is great honor for us to inform you that our company cooperates with the world-leading flooring manufacturers such as Lebex, Quickstep, Brintons Carpets, Ulster Carpets, Cormar and others. Whether you are looking for a luxury carpet or some laminated flooring - we always have something to offer to you and be sure that these products will be only of a premium quality. Our shop has all types of wood flooring from solid to laminated ones. Of course you may want to check out our products from the natural stone and ceramics <strong>too</strong>.</p>'),
(14, 4, 62, 0, 4, '<p><strong>We are glad to welcome you</strong> at our store and sincerely hope that we will satisfy your needs. <strong>There is</strong> no surprise that flooring industry is all about strong traditions, premium quality and perfect servicing. <em>You should know that we work closely with Wood Flooring Association</em> to ensure the products that our clients receive from us will suit their requirements perfectly.</p>'),
(15, 4, 72, 0, 4, ''),
(16, 4, 95, 0, 4, ''),
(17, 4, 61, 0, 5, '<p><strong>It is vitally important</strong> to build strong and reliable relationship with the client and this is a cornerstone of our philosophy. <strong>We are trying</strong> to do our best in making your presence at our store more comfortable and pleasant. <strong>Considering our huge</strong> experience we improve our servicing, products'' quality, implement new technologies and of course care about environmental part of our job. We are glad to welcome you at our store and sincerely hope that we will satisfy your needs.</p><p>There is no surprise that flooring industry is all about strong traditions, premium quality and perfect servicing. You should know that we work closely with Wood Flooring Association to ensure the products that our clients receive from us will suit their requirements perfectly.</p>'),
(18, 4, 62, 0, 5, '<p><strong>It is vitally important</strong> to build strong and reliable relationship with the client and this is a cornerstone of our philosophy. <strong>We are trying</strong> to do our best in making your presence at our store more comfortable and pleasant. <strong>Considering our huge</strong> experience we improve our servicing, products'' quality, implement new technologies and of course care about environmental part of our job. We are glad to welcome you at our store and sincerely hope that we will satisfy your needs.</p>'),
(19, 4, 72, 0, 5, ''),
(20, 4, 95, 0, 5, ''),
(21, 4, 61, 0, 6, '<p><strong>It is great</strong> honor for us to inform you that our company cooperates with the world-leading <strong>flooring</strong> manufacturers such as Lebex, <strong>Quickstep, Brintons Carpets</strong>, Ulster Carpets, Cormar and others. Whether you are looking for a luxury carpet or some laminated flooring - we always have something to offer to you and be sure that these products will be only of a premium quality. Our shop has all types of wood flooring from solid to laminated ones. Of course you may want to check out our products from the natural stone and ceramics too.</p><p><em>It is vitally important</em> to build strong and reliable relationship with the client and this is a cornerstone of our philosophy. We are trying to do our best in making your presence at our store more comfortable and pleasant. Considering our huge experience we improve our servicing, products'' quality, implement new technologies and of course care about environmental part of our job.</p>'),
(22, 4, 62, 0, 6, '<p><strong>It is great</strong> honor for us to inform you that our company cooperates with the world-leading <strong>flooring</strong> manufacturers such as Lebex, <strong>Quickstep, Brintons Carpets</strong>, Ulster Carpets, Cormar and others. Whether you are looking for a luxury carpet or some laminated flooring - we always have something to offer to you and be sure that these products will be only of a premium quality. Our shop has all types of wood flooring from solid to laminated ones. Of course you may want to check out our products from the natural stone and ceramics too.</p>'),
(23, 4, 72, 0, 6, ''),
(24, 4, 95, 0, 6, ''),
(25, 4, 61, 0, 7, '<p><strong>We are glad to welcome you</strong> at our store and sincerely hope that we will satisfy your needs. <strong>There is</strong> no surprise that flooring industry is all about strong traditions, premium quality and perfect servicing. <em>You should know that we work closely with Wood Flooring Association</em> to ensure the products that our clients receive from us will suit their requirements perfectly.</p><p>It is great honor for us to inform you that our company cooperates with the world-leading flooring manufacturers such as Lebex, Quickstep, Brintons Carpets, Ulster Carpets, Cormar and others. Whether you are looking for a luxury carpet or some laminated flooring - we always have something to offer to you and be sure that these products will be only of a premium quality. Our shop has all types of wood flooring from solid to laminated ones. Of course you may want to check out our products from the natural stone and ceramics <strong>too</strong>.</p>'),
(26, 4, 62, 0, 7, '<p><strong>We are glad to welcome you</strong> at our store and sincerely hope that we will satisfy your needs. <strong>There is</strong> no surprise that flooring industry is all about strong traditions, premium quality and perfect servicing. <em>You should know that we work closely with Wood Flooring Association</em> to ensure the products that our clients receive from us will suit their requirements perfectly.</p>'),
(27, 4, 72, 0, 7, ''),
(28, 4, 95, 0, 7, ''),
(29, 4, 61, 0, 8, '<p><strong>It is vitally important</strong> to build strong and reliable relationship with the client and this is a cornerstone of our philosophy. <strong>We are trying</strong> to do our best in making your presence at our store more comfortable and pleasant. <strong>Considering our huge</strong> experience we improve our servicing, products'' quality, implement new technologies and of course care about environmental part of our job. We are glad to welcome you at our store and sincerely hope that we will satisfy your needs.</p><p>There is no surprise that flooring industry is all about strong traditions, premium quality and perfect servicing. You should know that we work closely with Wood Flooring Association to ensure the products that our clients receive from us will suit their requirements perfectly.</p>'),
(30, 4, 62, 0, 8, '<p><strong>It is vitally important</strong> to build strong and reliable relationship with the client and this is a cornerstone of our philosophy. <strong>We are trying</strong> to do our best in making your presence at our store more comfortable and pleasant. <strong>Considering our huge</strong> experience we improve our servicing, products'' quality, implement new technologies and of course care about environmental part of our job. We are glad to welcome you at our store and sincerely hope that we will satisfy your needs.</p>'),
(31, 4, 72, 0, 8, ''),
(32, 4, 95, 0, 8, ''),
(33, 4, 61, 0, 9, '<p><strong>It is great</strong> honor for us to inform you that our company cooperates with the world-leading <strong>flooring</strong> manufacturers such as Lebex, <strong>Quickstep, Brintons Carpets</strong>, Ulster Carpets, Cormar and others. Whether you are looking for a luxury carpet or some laminated flooring - we always have something to offer to you and be sure that these products will be only of a premium quality. Our shop has all types of wood flooring from solid to laminated ones. Of course you may want to check out our products from the natural stone and ceramics too.</p><p><em>It is vitally important</em> to build strong and reliable relationship with the client and this is a cornerstone of our philosophy. We are trying to do our best in making your presence at our store more comfortable and pleasant. Considering our huge experience we improve our servicing, products'' quality, implement new technologies and of course care about environmental part of our job.</p>'),
(34, 4, 62, 0, 9, '<p><strong>It is great</strong> honor for us to inform you that our company cooperates with the world-leading <strong>flooring</strong> manufacturers such as Lebex, <strong>Quickstep, Brintons Carpets</strong>, Ulster Carpets, Cormar and others. Whether you are looking for a luxury carpet or some laminated flooring - we always have something to offer to you and be sure that these products will be only of a premium quality. Our shop has all types of wood flooring from solid to laminated ones. Of course you may want to check out our products from the natural stone and ceramics too.</p>'),
(35, 4, 72, 0, 9, ''),
(36, 4, 95, 0, 9, ''),
(37, 4, 61, 0, 10, '<p><strong>We are glad to welcome you</strong> at our store and sincerely hope that we will satisfy your needs. <strong>There is</strong> no surprise that flooring industry is all about strong traditions, premium quality and perfect servicing. <em>You should know that we work closely with Wood Flooring Association</em> to ensure the products that our clients receive from us will suit their requirements perfectly.</p><p>It is great honor for us to inform you that our company cooperates with the world-leading flooring manufacturers such as Lebex, Quickstep, Brintons Carpets, Ulster Carpets, Cormar and others. Whether you are looking for a luxury carpet or some laminated flooring - we always have something to offer to you and be sure that these products will be only of a premium quality. Our shop has all types of wood flooring from solid to laminated ones. Of course you may want to check out our products from the natural stone and ceramics <strong>too</strong>.</p>'),
(38, 4, 62, 0, 10, '<p><strong>We are glad to welcome you</strong> at our store and sincerely hope that we will satisfy your needs. <strong>There is</strong> no surprise that flooring industry is all about strong traditions, premium quality and perfect servicing. <em>You should know that we work closely with Wood Flooring Association</em> to ensure the products that our clients receive from us will suit their requirements perfectly.</p>'),
(39, 4, 72, 0, 10, ''),
(40, 4, 95, 0, 10, ''),
(41, 4, 61, 0, 11, '<p><strong>It is vitally important</strong> to build strong and reliable relationship with the client and this is a cornerstone of our philosophy. <strong>We are trying</strong> to do our best in making your presence at our store more comfortable and pleasant. <strong>Considering our huge</strong> experience we improve our servicing, products'' quality, implement new technologies and of course care about environmental part of our job. We are glad to welcome you at our store and sincerely hope that we will satisfy your needs.</p><p>There is no surprise that flooring industry is all about strong traditions, premium quality and perfect servicing. You should know that we work closely with Wood Flooring Association to ensure the products that our clients receive from us will suit their requirements perfectly.</p>'),
(42, 4, 62, 0, 11, '<p><strong>It is vitally important</strong> to build strong and reliable relationship with the client and this is a cornerstone of our philosophy. <strong>We are trying</strong> to do our best in making your presence at our store more comfortable and pleasant. <strong>Considering our huge</strong> experience we improve our servicing, products'' quality, implement new technologies and of course care about environmental part of our job. We are glad to welcome you at our store and sincerely hope that we will satisfy your needs.</p>'),
(43, 4, 72, 0, 11, ''),
(44, 4, 95, 0, 11, ''),
(45, 4, 61, 0, 12, '<p><strong>It is great</strong> honor for us to inform you that our company cooperates with the world-leading <strong>flooring</strong> manufacturers such as Lebex, <strong>Quickstep, Brintons Carpets</strong>, Ulster Carpets, Cormar and others. Whether you are looking for a luxury carpet or some laminated flooring - we always have something to offer to you and be sure that these products will be only of a premium quality. Our shop has all types of wood flooring from solid to laminated ones. Of course you may want to check out our products from the natural stone and ceramics too.</p><p><em>It is vitally important</em> to build strong and reliable relationship with the client and this is a cornerstone of our philosophy. We are trying to do our best in making your presence at our store more comfortable and pleasant. Considering our huge experience we improve our servicing, products'' quality, implement new technologies and of course care about environmental part of our job.</p>'),
(46, 4, 62, 0, 12, '<p><strong>It is great</strong> honor for us to inform you that our company cooperates with the world-leading <strong>flooring</strong> manufacturers such as Lebex, <strong>Quickstep, Brintons Carpets</strong>, Ulster Carpets, Cormar and others. Whether you are looking for a luxury carpet or some laminated flooring - we always have something to offer to you and be sure that these products will be only of a premium quality. Our shop has all types of wood flooring from solid to laminated ones. Of course you may want to check out our products from the natural stone and ceramics too.</p>'),
(47, 4, 72, 0, 12, ''),
(48, 4, 95, 0, 12, ''),
(49, 4, 61, 0, 13, '<p><strong>We are glad to welcome you</strong> at our store and sincerely hope that we will satisfy your needs. <strong>There is</strong> no surprise that flooring industry is all about strong traditions, premium quality and perfect servicing. <em>You should know that we work closely with Wood Flooring Association</em> to ensure the products that our clients receive from us will suit their requirements perfectly.</p><p>It is great honor for us to inform you that our company cooperates with the world-leading flooring manufacturers such as Lebex, Quickstep, Brintons Carpets, Ulster Carpets, Cormar and others. Whether you are looking for a luxury carpet or some laminated flooring - we always have something to offer to you and be sure that these products will be only of a premium quality. Our shop has all types of wood flooring from solid to laminated ones. Of course you may want to check out our products from the natural stone and ceramics <strong>too</strong>.</p>'),
(50, 4, 62, 0, 13, '<p><strong>We are glad to welcome you</strong> at our store and sincerely hope that we will satisfy your needs. <strong>There is</strong> no surprise that flooring industry is all about strong traditions, premium quality and perfect servicing. <em>You should know that we work closely with Wood Flooring Association</em> to ensure the products that our clients receive from us will suit their requirements perfectly.</p>'),
(51, 4, 72, 0, 13, ''),
(52, 4, 95, 0, 13, ''),
(53, 4, 61, 0, 14, '<p><strong>It is vitally important</strong> to build strong and reliable relationship with the client and this is a cornerstone of our philosophy. <strong>We are trying</strong> to do our best in making your presence at our store more comfortable and pleasant. <strong>Considering our huge</strong> experience we improve our servicing, products'' quality, implement new technologies and of course care about environmental part of our job. We are glad to welcome you at our store and sincerely hope that we will satisfy your needs.</p><p>There is no surprise that flooring industry is all about strong traditions, premium quality and perfect servicing. You should know that we work closely with Wood Flooring Association to ensure the products that our clients receive from us will suit their requirements perfectly.</p>'),
(54, 4, 62, 0, 14, '<p><strong>It is vitally important</strong> to build strong and reliable relationship with the client and this is a cornerstone of our philosophy. <strong>We are trying</strong> to do our best in making your presence at our store more comfortable and pleasant. <strong>Considering our huge</strong> experience we improve our servicing, products'' quality, implement new technologies and of course care about environmental part of our job. We are glad to welcome you at our store and sincerely hope that we will satisfy your needs.</p>'),
(55, 4, 72, 0, 14, ''),
(56, 4, 95, 0, 14, ''),
(57, 4, 61, 0, 15, '<p><strong>It is great</strong> honor for us to inform you that our company cooperates with the world-leading <strong>flooring</strong> manufacturers such as Lebex, <strong>Quickstep, Brintons Carpets</strong>, Ulster Carpets, Cormar and others. Whether you are looking for a luxury carpet or some laminated flooring - we always have something to offer to you and be sure that these products will be only of a premium quality. Our shop has all types of wood flooring from solid to laminated ones. Of course you may want to check out our products from the natural stone and ceramics too.</p><p><em>It is vitally important</em> to build strong and reliable relationship with the client and this is a cornerstone of our philosophy. We are trying to do our best in making your presence at our store more comfortable and pleasant. Considering our huge experience we improve our servicing, products'' quality, implement new technologies and of course care about environmental part of our job.</p>'),
(58, 4, 62, 0, 15, '<p><strong>It is great</strong> honor for us to inform you that our company cooperates with the world-leading <strong>flooring</strong> manufacturers such as Lebex, <strong>Quickstep, Brintons Carpets</strong>, Ulster Carpets, Cormar and others. Whether you are looking for a luxury carpet or some laminated flooring - we always have something to offer to you and be sure that these products will be only of a premium quality. Our shop has all types of wood flooring from solid to laminated ones. Of course you may want to check out our products from the natural stone and ceramics too.</p>'),
(59, 4, 72, 0, 15, ''),
(60, 4, 95, 0, 15, ''),
(61, 4, 61, 0, 16, '<p><strong>We are glad to welcome you</strong> at our store and sincerely hope that we will satisfy your needs. <strong>There is</strong> no surprise that flooring industry is all about strong traditions, premium quality and perfect servicing. <em>You should know that we work closely with Wood Flooring Association</em> to ensure the products that our clients receive from us will suit their requirements perfectly.</p><p>It is great honor for us to inform you that our company cooperates with the world-leading flooring manufacturers such as Lebex, Quickstep, Brintons Carpets, Ulster Carpets, Cormar and others. Whether you are looking for a luxury carpet or some laminated flooring - we always have something to offer to you and be sure that these products will be only of a premium quality. Our shop has all types of wood flooring from solid to laminated ones. Of course you may want to check out our products from the natural stone and ceramics <strong>too</strong>.</p>'),
(62, 4, 62, 0, 16, '<p><strong>We are glad to welcome you</strong> at our store and sincerely hope that we will satisfy your needs. <strong>There is</strong> no surprise that flooring industry is all about strong traditions, premium quality and perfect servicing. <em>You should know that we work closely with Wood Flooring Association</em> to ensure the products that our clients receive from us will suit their requirements perfectly.</p>'),
(63, 4, 72, 0, 16, ''),
(64, 4, 95, 0, 16, ''),
(65, 4, 61, 0, 17, '<p><strong>It is vitally important</strong> to build strong and reliable relationship with the client and this is a cornerstone of our philosophy. <strong>We are trying</strong> to do our best in making your presence at our store more comfortable and pleasant. <strong>Considering our huge</strong> experience we improve our servicing, products'' quality, implement new technologies and of course care about environmental part of our job. We are glad to welcome you at our store and sincerely hope that we will satisfy your needs.</p><p>There is no surprise that flooring industry is all about strong traditions, premium quality and perfect servicing. You should know that we work closely with Wood Flooring Association to ensure the products that our clients receive from us will suit their requirements perfectly.</p>'),
(66, 4, 62, 0, 17, '<p><strong>It is vitally important</strong> to build strong and reliable relationship with the client and this is a cornerstone of our philosophy. <strong>We are trying</strong> to do our best in making your presence at our store more comfortable and pleasant. <strong>Considering our huge</strong> experience we improve our servicing, products'' quality, implement new technologies and of course care about environmental part of our job. We are glad to welcome you at our store and sincerely hope that we will satisfy your needs.</p>'),
(67, 4, 72, 0, 17, ''),
(68, 4, 95, 0, 17, ''),
(69, 4, 61, 0, 18, '<p><strong>It is great</strong> honor for us to inform you that our company cooperates with the world-leading <strong>flooring</strong> manufacturers such as Lebex, <strong>Quickstep, Brintons Carpets</strong>, Ulster Carpets, Cormar and others. Whether you are looking for a luxury carpet or some laminated flooring - we always have something to offer to you and be sure that these products will be only of a premium quality. Our shop has all types of wood flooring from solid to laminated ones. Of course you may want to check out our products from the natural stone and ceramics too.</p><p><em>It is vitally important</em> to build strong and reliable relationship with the client and this is a cornerstone of our philosophy. We are trying to do our best in making your presence at our store more comfortable and pleasant. Considering our huge experience we improve our servicing, products'' quality, implement new technologies and of course care about environmental part of our job.</p>'),
(70, 4, 62, 0, 18, '<p><strong>It is great</strong> honor for us to inform you that our company cooperates with the world-leading <strong>flooring</strong> manufacturers such as Lebex, <strong>Quickstep, Brintons Carpets</strong>, Ulster Carpets, Cormar and others. Whether you are looking for a luxury carpet or some laminated flooring - we always have something to offer to you and be sure that these products will be only of a premium quality. Our shop has all types of wood flooring from solid to laminated ones. Of course you may want to check out our products from the natural stone and ceramics too.</p>'),
(71, 4, 72, 0, 18, ''),
(72, 4, 95, 0, 18, ''),
(73, 4, 61, 0, 19, '<p><strong>We are glad to welcome you</strong> at our store and sincerely hope that we will satisfy your needs. <strong>There is</strong> no surprise that flooring industry is all about strong traditions, premium quality and perfect servicing. <em>You should know that we work closely with Wood Flooring Association</em> to ensure the products that our clients receive from us will suit their requirements perfectly.</p><p>It is great honor for us to inform you that our company cooperates with the world-leading flooring manufacturers such as Lebex, Quickstep, Brintons Carpets, Ulster Carpets, Cormar and others. Whether you are looking for a luxury carpet or some laminated flooring - we always have something to offer to you and be sure that these products will be only of a premium quality. Our shop has all types of wood flooring from solid to laminated ones. Of course you may want to check out our products from the natural stone and ceramics <strong>too</strong>.</p>'),
(74, 4, 62, 0, 19, '<p><strong>We are glad to welcome you</strong> at our store and sincerely hope that we will satisfy your needs. <strong>There is</strong> no surprise that flooring industry is all about strong traditions, premium quality and perfect servicing. <em>You should know that we work closely with Wood Flooring Association</em> to ensure the products that our clients receive from us will suit their requirements perfectly.</p>'),
(75, 4, 72, 0, 19, ''),
(76, 4, 95, 0, 19, ''),
(77, 4, 61, 0, 20, '<p><strong>It is vitally important</strong> to build strong and reliable relationship with the client and this is a cornerstone of our philosophy. <strong>We are trying</strong> to do our best in making your presence at our store more comfortable and pleasant. <strong>Considering our huge</strong> experience we improve our servicing, products'' quality, implement new technologies and of course care about environmental part of our job. We are glad to welcome you at our store and sincerely hope that we will satisfy your needs.</p><p>There is no surprise that flooring industry is all about strong traditions, premium quality and perfect servicing. You should know that we work closely with Wood Flooring Association to ensure the products that our clients receive from us will suit their requirements perfectly.</p>'),
(78, 4, 62, 0, 20, '<p><strong>It is vitally important</strong> to build strong and reliable relationship with the client and this is a cornerstone of our philosophy. <strong>We are trying</strong> to do our best in making your presence at our store more comfortable and pleasant. <strong>Considering our huge</strong> experience we improve our servicing, products'' quality, implement new technologies and of course care about environmental part of our job. We are glad to welcome you at our store and sincerely hope that we will satisfy your needs.</p>'),
(79, 4, 72, 0, 20, ''),
(80, 4, 95, 0, 20, ''),
(81, 4, 61, 0, 21, '<p><strong>It is great</strong> honor for us to inform you that our company cooperates with the world-leading <strong>flooring</strong> manufacturers such as Lebex, <strong>Quickstep, Brintons Carpets</strong>, Ulster Carpets, Cormar and others. Whether you are looking for a luxury carpet or some laminated flooring - we always have something to offer to you and be sure that these products will be only of a premium quality. Our shop has all types of wood flooring from solid to laminated ones. Of course you may want to check out our products from the natural stone and ceramics too.</p><p><em>It is vitally important</em> to build strong and reliable relationship with the client and this is a cornerstone of our philosophy. We are trying to do our best in making your presence at our store more comfortable and pleasant. Considering our huge experience we improve our servicing, products'' quality, implement new technologies and of course care about environmental part of our job.</p>'),
(82, 4, 62, 0, 21, '<p><strong>It is great</strong> honor for us to inform you that our company cooperates with the world-leading <strong>flooring</strong> manufacturers such as Lebex, <strong>Quickstep, Brintons Carpets</strong>, Ulster Carpets, Cormar and others. Whether you are looking for a luxury carpet or some laminated flooring - we always have something to offer to you and be sure that these products will be only of a premium quality. Our shop has all types of wood flooring from solid to laminated ones. Of course you may want to check out our products from the natural stone and ceramics too.</p>'),
(83, 4, 72, 0, 21, ''),
(84, 4, 95, 0, 21, ''),
(85, 4, 61, 0, 22, '<p><strong>We are glad to welcome you</strong> at our store and sincerely hope that we will satisfy your needs. <strong>There is</strong> no surprise that flooring industry is all about strong traditions, premium quality and perfect servicing. <em>You should know that we work closely with Wood Flooring Association</em> to ensure the products that our clients receive from us will suit their requirements perfectly.</p><p>It is great honor for us to inform you that our company cooperates with the world-leading flooring manufacturers such as Lebex, Quickstep, Brintons Carpets, Ulster Carpets, Cormar and others. Whether you are looking for a luxury carpet or some laminated flooring - we always have something to offer to you and be sure that these products will be only of a premium quality. Our shop has all types of wood flooring from solid to laminated ones. Of course you may want to check out our products from the natural stone and ceramics <strong>too</strong>.</p>'),
(86, 4, 62, 0, 22, '<p><strong>We are glad to welcome you</strong> at our store and sincerely hope that we will satisfy your needs. <strong>There is</strong> no surprise that flooring industry is all about strong traditions, premium quality and perfect servicing. <em>You should know that we work closely with Wood Flooring Association</em> to ensure the products that our clients receive from us will suit their requirements perfectly.</p>'),
(87, 4, 72, 0, 22, ''),
(88, 4, 95, 0, 22, ''),
(89, 4, 61, 0, 23, '<p><strong>It is vitally important</strong> to build strong and reliable relationship with the client and this is a cornerstone of our philosophy. <strong>We are trying</strong> to do our best in making your presence at our store more comfortable and pleasant. <strong>Considering our huge</strong> experience we improve our servicing, products'' quality, implement new technologies and of course care about environmental part of our job. We are glad to welcome you at our store and sincerely hope that we will satisfy your needs.</p><p>There is no surprise that flooring industry is all about strong traditions, premium quality and perfect servicing. You should know that we work closely with Wood Flooring Association to ensure the products that our clients receive from us will suit their requirements perfectly.</p>'),
(90, 4, 62, 0, 23, '<p><strong>It is vitally important</strong> to build strong and reliable relationship with the client and this is a cornerstone of our philosophy. <strong>We are trying</strong> to do our best in making your presence at our store more comfortable and pleasant. <strong>Considering our huge</strong> experience we improve our servicing, products'' quality, implement new technologies and of course care about environmental part of our job. We are glad to welcome you at our store and sincerely hope that we will satisfy your needs.</p>'),
(91, 4, 72, 0, 23, ''),
(92, 4, 95, 0, 23, ''),
(93, 4, 61, 0, 24, '<p><strong>It is great</strong> honor for us to inform you that our company cooperates with the world-leading <strong>flooring</strong> manufacturers such as Lebex, <strong>Quickstep, Brintons Carpets</strong>, Ulster Carpets, Cormar and others. Whether you are looking for a luxury carpet or some laminated flooring - we always have something to offer to you and be sure that these products will be only of a premium quality. Our shop has all types of wood flooring from solid to laminated ones. Of course you may want to check out our products from the natural stone and ceramics too.</p><p><em>It is vitally important</em> to build strong and reliable relationship with the client and this is a cornerstone of our philosophy. We are trying to do our best in making your presence at our store more comfortable and pleasant. Considering our huge experience we improve our servicing, products'' quality, implement new technologies and of course care about environmental part of our job.</p>'),
(94, 4, 62, 0, 24, '<p><strong>It is great</strong> honor for us to inform you that our company cooperates with the world-leading <strong>flooring</strong> manufacturers such as Lebex, <strong>Quickstep, Brintons Carpets</strong>, Ulster Carpets, Cormar and others. Whether you are looking for a luxury carpet or some laminated flooring - we always have something to offer to you and be sure that these products will be only of a premium quality. Our shop has all types of wood flooring from solid to laminated ones. Of course you may want to check out our products from the natural stone and ceramics too.</p>'),
(95, 4, 72, 0, 24, ''),
(96, 4, 95, 0, 24, ''),
(97, 4, 61, 0, 25, '<p><strong>We are glad to welcome you</strong> at our store and sincerely hope that we will satisfy your needs. <strong>There is</strong> no surprise that flooring industry is all about strong traditions, premium quality and perfect servicing. <em>You should know that we work closely with Wood Flooring Association</em> to ensure the products that our clients receive from us will suit their requirements perfectly.</p><p>It is great honor for us to inform you that our company cooperates with the world-leading flooring manufacturers such as Lebex, Quickstep, Brintons Carpets, Ulster Carpets, Cormar and others. Whether you are looking for a luxury carpet or some laminated flooring - we always have something to offer to you and be sure that these products will be only of a premium quality. Our shop has all types of wood flooring from solid to laminated ones. Of course you may want to check out our products from the natural stone and ceramics <strong>too</strong>.</p>'),
(98, 4, 62, 0, 25, '<p><strong>We are glad to welcome you</strong> at our store and sincerely hope that we will satisfy your needs. <strong>There is</strong> no surprise that flooring industry is all about strong traditions, premium quality and perfect servicing. <em>You should know that we work closely with Wood Flooring Association</em> to ensure the products that our clients receive from us will suit their requirements perfectly.</p>'),
(99, 4, 72, 0, 25, ''),
(100, 4, 95, 0, 25, ''),
(101, 4, 61, 0, 26, '<p><strong>It is vitally important</strong> to build strong and reliable relationship with the client and this is a cornerstone of our philosophy. <strong>We are trying</strong> to do our best in making your presence at our store more comfortable and pleasant. <strong>Considering our huge</strong> experience we improve our servicing, products'' quality, implement new technologies and of course care about environmental part of our job. We are glad to welcome you at our store and sincerely hope that we will satisfy your needs.</p><p>There is no surprise that flooring industry is all about strong traditions, premium quality and perfect servicing. You should know that we work closely with Wood Flooring Association to ensure the products that our clients receive from us will suit their requirements perfectly.</p>'),
(102, 4, 62, 0, 26, '<p><strong>It is vitally important</strong> to build strong and reliable relationship with the client and this is a cornerstone of our philosophy. <strong>We are trying</strong> to do our best in making your presence at our store more comfortable and pleasant. <strong>Considering our huge</strong> experience we improve our servicing, products'' quality, implement new technologies and of course care about environmental part of our job. We are glad to welcome you at our store and sincerely hope that we will satisfy your needs.</p>'),
(103, 4, 72, 0, 26, ''),
(104, 4, 95, 0, 26, ''),
(105, 4, 61, 0, 27, '<p><strong>It is great</strong> honor for us to inform you that our company cooperates with the world-leading <strong>flooring</strong> manufacturers such as Lebex, <strong>Quickstep, Brintons Carpets</strong>, Ulster Carpets, Cormar and others. Whether you are looking for a luxury carpet or some laminated flooring - we always have something to offer to you and be sure that these products will be only of a premium quality. Our shop has all types of wood flooring from solid to laminated ones. Of course you may want to check out our products from the natural stone and ceramics too.</p><p><em>It is vitally important</em> to build strong and reliable relationship with the client and this is a cornerstone of our philosophy. We are trying to do our best in making your presence at our store more comfortable and pleasant. Considering our huge experience we improve our servicing, products'' quality, implement new technologies and of course care about environmental part of our job.</p>'),
(106, 4, 62, 0, 27, '<p><strong>It is great</strong> honor for us to inform you that our company cooperates with the world-leading <strong>flooring</strong> manufacturers such as Lebex, <strong>Quickstep, Brintons Carpets</strong>, Ulster Carpets, Cormar and others. Whether you are looking for a luxury carpet or some laminated flooring - we always have something to offer to you and be sure that these products will be only of a premium quality. Our shop has all types of wood flooring from solid to laminated ones. Of course you may want to check out our products from the natural stone and ceramics too.</p>'),
(107, 4, 72, 0, 27, ''),
(108, 4, 95, 0, 27, ''),
(109, 4, 61, 0, 28, '<p><strong>We are glad to welcome you</strong> at our store and sincerely hope that we will satisfy your needs. <strong>There is</strong> no surprise that flooring industry is all about strong traditions, premium quality and perfect servicing. <em>You should know that we work closely with Wood Flooring Association</em> to ensure the products that our clients receive from us will suit their requirements perfectly.</p><p>It is great honor for us to inform you that our company cooperates with the world-leading flooring manufacturers such as Lebex, Quickstep, Brintons Carpets, Ulster Carpets, Cormar and others. Whether you are looking for a luxury carpet or some laminated flooring - we always have something to offer to you and be sure that these products will be only of a premium quality. Our shop has all types of wood flooring from solid to laminated ones. Of course you may want to check out our products from the natural stone and ceramics <strong>too</strong>.</p>'),
(110, 4, 62, 0, 28, '<p><strong>We are glad to welcome you</strong> at our store and sincerely hope that we will satisfy your needs. <strong>There is</strong> no surprise that flooring industry is all about strong traditions, premium quality and perfect servicing. <em>You should know that we work closely with Wood Flooring Association</em> to ensure the products that our clients receive from us will suit their requirements perfectly.</p>'),
(111, 4, 72, 0, 28, ''),
(112, 4, 95, 0, 28, ''),
(113, 4, 61, 0, 29, '<p><strong>It is vitally important</strong> to build strong and reliable relationship with the client and this is a cornerstone of our philosophy. <strong>We are trying</strong> to do our best in making your presence at our store more comfortable and pleasant. <strong>Considering our huge</strong> experience we improve our servicing, products'' quality, implement new technologies and of course care about environmental part of our job. We are glad to welcome you at our store and sincerely hope that we will satisfy your needs.</p><p>There is no surprise that flooring industry is all about strong traditions, premium quality and perfect servicing. You should know that we work closely with Wood Flooring Association to ensure the products that our clients receive from us will suit their requirements perfectly.</p>'),
(114, 4, 62, 0, 29, '<p><strong>It is vitally important</strong> to build strong and reliable relationship with the client and this is a cornerstone of our philosophy. <strong>We are trying</strong> to do our best in making your presence at our store more comfortable and pleasant. <strong>Considering our huge</strong> experience we improve our servicing, products'' quality, implement new technologies and of course care about environmental part of our job. We are glad to welcome you at our store and sincerely hope that we will satisfy your needs.</p>'),
(115, 4, 72, 0, 29, ''),
(116, 4, 95, 0, 29, ''),
(117, 4, 61, 0, 30, '<p><strong>It is great</strong> honor for us to inform you that our company cooperates with the world-leading <strong>flooring</strong> manufacturers such as Lebex, <strong>Quickstep, Brintons Carpets</strong>, Ulster Carpets, Cormar and others. Whether you are looking for a luxury carpet or some laminated flooring - we always have something to offer to you and be sure that these products will be only of a premium quality. Our shop has all types of wood flooring from solid to laminated ones. Of course you may want to check out our products from the natural stone and ceramics too.</p><p><em>It is vitally important</em> to build strong and reliable relationship with the client and this is a cornerstone of our philosophy. We are trying to do our best in making your presence at our store more comfortable and pleasant. Considering our huge experience we improve our servicing, products'' quality, implement new technologies and of course care about environmental part of our job.</p>'),
(118, 4, 62, 0, 30, '<p><strong>It is great</strong> honor for us to inform you that our company cooperates with the world-leading <strong>flooring</strong> manufacturers such as Lebex, <strong>Quickstep, Brintons Carpets</strong>, Ulster Carpets, Cormar and others. Whether you are looking for a luxury carpet or some laminated flooring - we always have something to offer to you and be sure that these products will be only of a premium quality. Our shop has all types of wood flooring from solid to laminated ones. Of course you may want to check out our products from the natural stone and ceramics too.</p>'),
(119, 4, 72, 0, 30, ''),
(120, 4, 95, 0, 30, ''),
(121, 4, 61, 0, 31, '<p><strong>We are glad to welcome you</strong> at our store and sincerely hope that we will satisfy your needs. <strong>There is</strong> no surprise that flooring industry is all about strong traditions, premium quality and perfect servicing. <em>You should know that we work closely with Wood Flooring Association</em> to ensure the products that our clients receive from us will suit their requirements perfectly.</p><p>It is great honor for us to inform you that our company cooperates with the world-leading flooring manufacturers such as Lebex, Quickstep, Brintons Carpets, Ulster Carpets, Cormar and others. Whether you are looking for a luxury carpet or some laminated flooring - we always have something to offer to you and be sure that these products will be only of a premium quality. Our shop has all types of wood flooring from solid to laminated ones. Of course you may want to check out our products from the natural stone and ceramics <strong>too</strong>.</p>'),
(122, 4, 62, 0, 31, '<p><strong>We are glad to welcome you</strong> at our store and sincerely hope that we will satisfy your needs. <strong>There is</strong> no surprise that flooring industry is all about strong traditions, premium quality and perfect servicing. <em>You should know that we work closely with Wood Flooring Association</em> to ensure the products that our clients receive from us will suit their requirements perfectly.</p>'),
(123, 4, 72, 0, 31, ''),
(124, 4, 95, 0, 31, ''),
(125, 4, 61, 0, 32, '<p><strong>It is vitally important</strong> to build strong and reliable relationship with the client and this is a cornerstone of our philosophy. <strong>We are trying</strong> to do our best in making your presence at our store more comfortable and pleasant. <strong>Considering our huge</strong> experience we improve our servicing, products'' quality, implement new technologies and of course care about environmental part of our job. We are glad to welcome you at our store and sincerely hope that we will satisfy your needs.</p><p>There is no surprise that flooring industry is all about strong traditions, premium quality and perfect servicing. You should know that we work closely with Wood Flooring Association to ensure the products that our clients receive from us will suit their requirements perfectly.</p>'),
(126, 4, 62, 0, 32, '<p><strong>It is vitally important</strong> to build strong and reliable relationship with the client and this is a cornerstone of our philosophy. <strong>We are trying</strong> to do our best in making your presence at our store more comfortable and pleasant. <strong>Considering our huge</strong> experience we improve our servicing, products'' quality, implement new technologies and of course care about environmental part of our job. We are glad to welcome you at our store and sincerely hope that we will satisfy your needs.</p>'),
(127, 4, 72, 0, 32, ''),
(128, 4, 95, 0, 32, ''),
(129, 4, 61, 0, 33, '<p><strong>It is great</strong> honor for us to inform you that our company cooperates with the world-leading <strong>flooring</strong> manufacturers such as Lebex, <strong>Quickstep, Brintons Carpets</strong>, Ulster Carpets, Cormar and others. Whether you are looking for a luxury carpet or some laminated flooring - we always have something to offer to you and be sure that these products will be only of a premium quality. Our shop has all types of wood flooring from solid to laminated ones. Of course you may want to check out our products from the natural stone and ceramics too.</p><p><em>It is vitally important</em> to build strong and reliable relationship with the client and this is a cornerstone of our philosophy. We are trying to do our best in making your presence at our store more comfortable and pleasant. Considering our huge experience we improve our servicing, products'' quality, implement new technologies and of course care about environmental part of our job.</p>');
INSERT INTO `catalog_product_entity_text` (`value_id`, `entity_type_id`, `attribute_id`, `store_id`, `entity_id`, `value`) VALUES
(130, 4, 62, 0, 33, '<p><strong>It is great</strong> honor for us to inform you that our company cooperates with the world-leading <strong>flooring</strong> manufacturers such as Lebex, <strong>Quickstep, Brintons Carpets</strong>, Ulster Carpets, Cormar and others. Whether you are looking for a luxury carpet or some laminated flooring - we always have something to offer to you and be sure that these products will be only of a premium quality. Our shop has all types of wood flooring from solid to laminated ones. Of course you may want to check out our products from the natural stone and ceramics too.</p>'),
(131, 4, 72, 0, 33, ''),
(132, 4, 95, 0, 33, ''),
(133, 4, 61, 0, 34, '<p><strong>We are glad to welcome you</strong> at our store and sincerely hope that we will satisfy your needs. <strong>There is</strong> no surprise that flooring industry is all about strong traditions, premium quality and perfect servicing. <em>You should know that we work closely with Wood Flooring Association</em> to ensure the products that our clients receive from us will suit their requirements perfectly.</p><p>It is great honor for us to inform you that our company cooperates with the world-leading flooring manufacturers such as Lebex, Quickstep, Brintons Carpets, Ulster Carpets, Cormar and others. Whether you are looking for a luxury carpet or some laminated flooring - we always have something to offer to you and be sure that these products will be only of a premium quality. Our shop has all types of wood flooring from solid to laminated ones. Of course you may want to check out our products from the natural stone and ceramics <strong>too</strong>.</p>'),
(134, 4, 62, 0, 34, '<p><strong>We are glad to welcome you</strong> at our store and sincerely hope that we will satisfy your needs. <strong>There is</strong> no surprise that flooring industry is all about strong traditions, premium quality and perfect servicing. <em>You should know that we work closely with Wood Flooring Association</em> to ensure the products that our clients receive from us will suit their requirements perfectly.</p>'),
(135, 4, 72, 0, 34, ''),
(136, 4, 95, 0, 34, ''),
(137, 4, 61, 0, 35, '<p><strong>It is vitally important</strong> to build strong and reliable relationship with the client and this is a cornerstone of our philosophy. <strong>We are trying</strong> to do our best in making your presence at our store more comfortable and pleasant. <strong>Considering our huge</strong> experience we improve our servicing, products'' quality, implement new technologies and of course care about environmental part of our job. We are glad to welcome you at our store and sincerely hope that we will satisfy your needs.</p><p>There is no surprise that flooring industry is all about strong traditions, premium quality and perfect servicing. You should know that we work closely with Wood Flooring Association to ensure the products that our clients receive from us will suit their requirements perfectly.</p>'),
(138, 4, 62, 0, 35, '<p><strong>It is vitally important</strong> to build strong and reliable relationship with the client and this is a cornerstone of our philosophy. <strong>We are trying</strong> to do our best in making your presence at our store more comfortable and pleasant. <strong>Considering our huge</strong> experience we improve our servicing, products'' quality, implement new technologies and of course care about environmental part of our job. We are glad to welcome you at our store and sincerely hope that we will satisfy your needs.</p>'),
(139, 4, 72, 0, 35, ''),
(140, 4, 95, 0, 35, ''),
(141, 4, 61, 0, 36, '<p><strong>It is great</strong> honor for us to inform you that our company cooperates with the world-leading <strong>flooring</strong> manufacturers such as Lebex, <strong>Quickstep, Brintons Carpets</strong>, Ulster Carpets, Cormar and others. Whether you are looking for a luxury carpet or some laminated flooring - we always have something to offer to you and be sure that these products will be only of a premium quality. Our shop has all types of wood flooring from solid to laminated ones. Of course you may want to check out our products from the natural stone and ceramics too.</p><p><em>It is vitally important</em> to build strong and reliable relationship with the client and this is a cornerstone of our philosophy. We are trying to do our best in making your presence at our store more comfortable and pleasant. Considering our huge experience we improve our servicing, products'' quality, implement new technologies and of course care about environmental part of our job.</p>'),
(142, 4, 62, 0, 36, '<p><strong>It is great</strong> honor for us to inform you that our company cooperates with the world-leading <strong>flooring</strong> manufacturers such as Lebex, <strong>Quickstep, Brintons Carpets</strong>, Ulster Carpets, Cormar and others. Whether you are looking for a luxury carpet or some laminated flooring - we always have something to offer to you and be sure that these products will be only of a premium quality. Our shop has all types of wood flooring from solid to laminated ones. Of course you may want to check out our products from the natural stone and ceramics too.</p>'),
(143, 4, 72, 0, 36, ''),
(144, 4, 95, 0, 36, ''),
(145, 4, 61, 0, 37, '<p><strong>We are glad to welcome you</strong> at our store and sincerely hope that we will satisfy your needs. <strong>There is</strong> no surprise that flooring industry is all about strong traditions, premium quality and perfect servicing. <em>You should know that we work closely with Wood Flooring Association</em> to ensure the products that our clients receive from us will suit their requirements perfectly.</p><p>It is great honor for us to inform you that our company cooperates with the world-leading flooring manufacturers such as Lebex, Quickstep, Brintons Carpets, Ulster Carpets, Cormar and others. Whether you are looking for a luxury carpet or some laminated flooring - we always have something to offer to you and be sure that these products will be only of a premium quality. Our shop has all types of wood flooring from solid to laminated ones. Of course you may want to check out our products from the natural stone and ceramics <strong>too</strong>.</p>'),
(146, 4, 62, 0, 37, '<p><strong>We are glad to welcome you</strong> at our store and sincerely hope that we will satisfy your needs. <strong>There is</strong> no surprise that flooring industry is all about strong traditions, premium quality and perfect servicing. <em>You should know that we work closely with Wood Flooring Association</em> to ensure the products that our clients receive from us will suit their requirements perfectly.</p>'),
(147, 4, 72, 0, 37, ''),
(148, 4, 95, 0, 37, ''),
(149, 4, 61, 0, 38, '<p><strong>It is vitally important</strong> to build strong and reliable relationship with the client and this is a cornerstone of our philosophy. <strong>We are trying</strong> to do our best in making your presence at our store more comfortable and pleasant. <strong>Considering our huge</strong> experience we improve our servicing, products'' quality, implement new technologies and of course care about environmental part of our job. We are glad to welcome you at our store and sincerely hope that we will satisfy your needs.</p><p>There is no surprise that flooring industry is all about strong traditions, premium quality and perfect servicing. You should know that we work closely with Wood Flooring Association to ensure the products that our clients receive from us will suit their requirements perfectly.</p>'),
(150, 4, 62, 0, 38, '<p><strong>It is vitally important</strong> to build strong and reliable relationship with the client and this is a cornerstone of our philosophy. <strong>We are trying</strong> to do our best in making your presence at our store more comfortable and pleasant. <strong>Considering our huge</strong> experience we improve our servicing, products'' quality, implement new technologies and of course care about environmental part of our job. We are glad to welcome you at our store and sincerely hope that we will satisfy your needs.</p>'),
(151, 4, 72, 0, 38, ''),
(152, 4, 95, 0, 38, ''),
(153, 4, 61, 0, 39, '<p><strong>It is great</strong> honor for us to inform you that our company cooperates with the world-leading <strong>flooring</strong> manufacturers such as Lebex, <strong>Quickstep, Brintons Carpets</strong>, Ulster Carpets, Cormar and others. Whether you are looking for a luxury carpet or some laminated flooring - we always have something to offer to you and be sure that these products will be only of a premium quality. Our shop has all types of wood flooring from solid to laminated ones. Of course you may want to check out our products from the natural stone and ceramics too.</p><p><em>It is vitally important</em> to build strong and reliable relationship with the client and this is a cornerstone of our philosophy. We are trying to do our best in making your presence at our store more comfortable and pleasant. Considering our huge experience we improve our servicing, products'' quality, implement new technologies and of course care about environmental part of our job.</p>'),
(154, 4, 62, 0, 39, '<p><strong>It is great</strong> honor for us to inform you that our company cooperates with the world-leading <strong>flooring</strong> manufacturers such as Lebex, <strong>Quickstep, Brintons Carpets</strong>, Ulster Carpets, Cormar and others. Whether you are looking for a luxury carpet or some laminated flooring - we always have something to offer to you and be sure that these products will be only of a premium quality. Our shop has all types of wood flooring from solid to laminated ones. Of course you may want to check out our products from the natural stone and ceramics too.</p>'),
(155, 4, 72, 0, 39, ''),
(156, 4, 95, 0, 39, ''),
(157, 4, 61, 0, 40, '<p><strong>We are glad to welcome you</strong> at our store and sincerely hope that we will satisfy your needs. <strong>There is</strong> no surprise that flooring industry is all about strong traditions, premium quality and perfect servicing. <em>You should know that we work closely with Wood Flooring Association</em> to ensure the products that our clients receive from us will suit their requirements perfectly.</p><p>It is great honor for us to inform you that our company cooperates with the world-leading flooring manufacturers such as Lebex, Quickstep, Brintons Carpets, Ulster Carpets, Cormar and others. Whether you are looking for a luxury carpet or some laminated flooring - we always have something to offer to you and be sure that these products will be only of a premium quality. Our shop has all types of wood flooring from solid to laminated ones. Of course you may want to check out our products from the natural stone and ceramics <strong>too</strong>.</p>'),
(158, 4, 62, 0, 40, '<p><strong>We are glad to welcome you</strong> at our store and sincerely hope that we will satisfy your needs. <strong>There is</strong> no surprise that flooring industry is all about strong traditions, premium quality and perfect servicing. <em>You should know that we work closely with Wood Flooring Association</em> to ensure the products that our clients receive from us will suit their requirements perfectly.</p>'),
(159, 4, 72, 0, 40, ''),
(160, 4, 95, 0, 40, ''),
(161, 4, 61, 0, 41, '<p><strong>It is vitally important</strong> to build strong and reliable relationship with the client and this is a cornerstone of our philosophy. <strong>We are trying</strong> to do our best in making your presence at our store more comfortable and pleasant. <strong>Considering our huge</strong> experience we improve our servicing, products'' quality, implement new technologies and of course care about environmental part of our job. We are glad to welcome you at our store and sincerely hope that we will satisfy your needs.</p><p>There is no surprise that flooring industry is all about strong traditions, premium quality and perfect servicing. You should know that we work closely with Wood Flooring Association to ensure the products that our clients receive from us will suit their requirements perfectly.</p>'),
(162, 4, 62, 0, 41, '<p><strong>It is vitally important</strong> to build strong and reliable relationship with the client and this is a cornerstone of our philosophy. <strong>We are trying</strong> to do our best in making your presence at our store more comfortable and pleasant. <strong>Considering our huge</strong> experience we improve our servicing, products'' quality, implement new technologies and of course care about environmental part of our job. We are glad to welcome you at our store and sincerely hope that we will satisfy your needs.</p>'),
(163, 4, 72, 0, 41, ''),
(164, 4, 95, 0, 41, ''),
(165, 4, 61, 0, 42, '<p><strong>It is great</strong> honor for us to inform you that our company cooperates with the world-leading <strong>flooring</strong> manufacturers such as Lebex, <strong>Quickstep, Brintons Carpets</strong>, Ulster Carpets, Cormar and others. Whether you are looking for a luxury carpet or some laminated flooring - we always have something to offer to you and be sure that these products will be only of a premium quality. Our shop has all types of wood flooring from solid to laminated ones. Of course you may want to check out our products from the natural stone and ceramics too.</p><p><em>It is vitally important</em> to build strong and reliable relationship with the client and this is a cornerstone of our philosophy. We are trying to do our best in making your presence at our store more comfortable and pleasant. Considering our huge experience we improve our servicing, products'' quality, implement new technologies and of course care about environmental part of our job.</p>'),
(166, 4, 62, 0, 42, '<p><strong>It is great</strong> honor for us to inform you that our company cooperates with the world-leading <strong>flooring</strong> manufacturers such as Lebex, <strong>Quickstep, Brintons Carpets</strong>, Ulster Carpets, Cormar and others. Whether you are looking for a luxury carpet or some laminated flooring - we always have something to offer to you and be sure that these products will be only of a premium quality. Our shop has all types of wood flooring from solid to laminated ones. Of course you may want to check out our products from the natural stone and ceramics too.</p>'),
(167, 4, 72, 0, 42, ''),
(168, 4, 95, 0, 42, ''),
(169, 4, 61, 0, 43, '<p><strong>We are glad to welcome you</strong> at our store and sincerely hope that we will satisfy your needs. <strong>There is</strong> no surprise that flooring industry is all about strong traditions, premium quality and perfect servicing. <em>You should know that we work closely with Wood Flooring Association</em> to ensure the products that our clients receive from us will suit their requirements perfectly.</p><p>It is great honor for us to inform you that our company cooperates with the world-leading flooring manufacturers such as Lebex, Quickstep, Brintons Carpets, Ulster Carpets, Cormar and others. Whether you are looking for a luxury carpet or some laminated flooring - we always have something to offer to you and be sure that these products will be only of a premium quality. Our shop has all types of wood flooring from solid to laminated ones. Of course you may want to check out our products from the natural stone and ceramics <strong>too</strong>.</p>'),
(170, 4, 62, 0, 43, '<p><strong>We are glad to welcome you</strong> at our store and sincerely hope that we will satisfy your needs. <strong>There is</strong> no surprise that flooring industry is all about strong traditions, premium quality and perfect servicing. <em>You should know that we work closely with Wood Flooring Association</em> to ensure the products that our clients receive from us will suit their requirements perfectly.</p>'),
(171, 4, 72, 0, 43, ''),
(172, 4, 95, 0, 43, ''),
(173, 4, 61, 0, 44, '<p><strong>It is vitally important</strong> to build strong and reliable relationship with the client and this is a cornerstone of our philosophy. <strong>We are trying</strong> to do our best in making your presence at our store more comfortable and pleasant. <strong>Considering our huge</strong> experience we improve our servicing, products'' quality, implement new technologies and of course care about environmental part of our job. We are glad to welcome you at our store and sincerely hope that we will satisfy your needs.</p><p>There is no surprise that flooring industry is all about strong traditions, premium quality and perfect servicing. You should know that we work closely with Wood Flooring Association to ensure the products that our clients receive from us will suit their requirements perfectly.</p>'),
(174, 4, 62, 0, 44, '<p><strong>It is vitally important</strong> to build strong and reliable relationship with the client and this is a cornerstone of our philosophy. <strong>We are trying</strong> to do our best in making your presence at our store more comfortable and pleasant. <strong>Considering our huge</strong> experience we improve our servicing, products'' quality, implement new technologies and of course care about environmental part of our job. We are glad to welcome you at our store and sincerely hope that we will satisfy your needs.</p>'),
(175, 4, 72, 0, 44, ''),
(176, 4, 95, 0, 44, ''),
(177, 4, 61, 0, 45, '<p><strong>It is great</strong> honor for us to inform you that our company cooperates with the world-leading <strong>flooring</strong> manufacturers such as Lebex, <strong>Quickstep, Brintons Carpets</strong>, Ulster Carpets, Cormar and others. Whether you are looking for a luxury carpet or some laminated flooring - we always have something to offer to you and be sure that these products will be only of a premium quality. Our shop has all types of wood flooring from solid to laminated ones. Of course you may want to check out our products from the natural stone and ceramics too.</p><p><em>It is vitally important</em> to build strong and reliable relationship with the client and this is a cornerstone of our philosophy. We are trying to do our best in making your presence at our store more comfortable and pleasant. Considering our huge experience we improve our servicing, products'' quality, implement new technologies and of course care about environmental part of our job.</p>'),
(178, 4, 62, 0, 45, '<p><strong>It is great</strong> honor for us to inform you that our company cooperates with the world-leading <strong>flooring</strong> manufacturers such as Lebex, <strong>Quickstep, Brintons Carpets</strong>, Ulster Carpets, Cormar and others. Whether you are looking for a luxury carpet or some laminated flooring - we always have something to offer to you and be sure that these products will be only of a premium quality. Our shop has all types of wood flooring from solid to laminated ones. Of course you may want to check out our products from the natural stone and ceramics too.</p>'),
(179, 4, 72, 0, 45, ''),
(180, 4, 95, 0, 45, ''),
(181, 4, 61, 0, 46, '<p><strong>We are glad to welcome you</strong> at our store and sincerely hope that we will satisfy your needs. <strong>There is</strong> no surprise that flooring industry is all about strong traditions, premium quality and perfect servicing. <em>You should know that we work closely with Wood Flooring Association</em> to ensure the products that our clients receive from us will suit their requirements perfectly.</p><p>It is great honor for us to inform you that our company cooperates with the world-leading flooring manufacturers such as Lebex, Quickstep, Brintons Carpets, Ulster Carpets, Cormar and others. Whether you are looking for a luxury carpet or some laminated flooring - we always have something to offer to you and be sure that these products will be only of a premium quality. Our shop has all types of wood flooring from solid to laminated ones. Of course you may want to check out our products from the natural stone and ceramics <strong>too</strong>.</p>'),
(182, 4, 62, 0, 46, '<p><strong>We are glad to welcome you</strong> at our store and sincerely hope that we will satisfy your needs. <strong>There is</strong> no surprise that flooring industry is all about strong traditions, premium quality and perfect servicing. <em>You should know that we work closely with Wood Flooring Association</em> to ensure the products that our clients receive from us will suit their requirements perfectly.</p>'),
(183, 4, 72, 0, 46, ''),
(184, 4, 95, 0, 46, ''),
(185, 4, 61, 0, 47, '<p><strong>It is vitally important</strong> to build strong and reliable relationship with the client and this is a cornerstone of our philosophy. <strong>We are trying</strong> to do our best in making your presence at our store more comfortable and pleasant. <strong>Considering our huge</strong> experience we improve our servicing, products'' quality, implement new technologies and of course care about environmental part of our job. We are glad to welcome you at our store and sincerely hope that we will satisfy your needs.</p><p>There is no surprise that flooring industry is all about strong traditions, premium quality and perfect servicing. You should know that we work closely with Wood Flooring Association to ensure the products that our clients receive from us will suit their requirements perfectly.</p>'),
(186, 4, 62, 0, 47, '<p><strong>It is vitally important</strong> to build strong and reliable relationship with the client and this is a cornerstone of our philosophy. <strong>We are trying</strong> to do our best in making your presence at our store more comfortable and pleasant. <strong>Considering our huge</strong> experience we improve our servicing, products'' quality, implement new technologies and of course care about environmental part of our job. We are glad to welcome you at our store and sincerely hope that we will satisfy your needs.</p>'),
(187, 4, 72, 0, 47, ''),
(188, 4, 95, 0, 47, ''),
(189, 4, 61, 0, 48, '<p><strong>It is great</strong> honor for us to inform you that our company cooperates with the world-leading <strong>flooring</strong> manufacturers such as Lebex, <strong>Quickstep, Brintons Carpets</strong>, Ulster Carpets, Cormar and others. Whether you are looking for a luxury carpet or some laminated flooring - we always have something to offer to you and be sure that these products will be only of a premium quality. Our shop has all types of wood flooring from solid to laminated ones. Of course you may want to check out our products from the natural stone and ceramics too.</p><p><em>It is vitally important</em> to build strong and reliable relationship with the client and this is a cornerstone of our philosophy. We are trying to do our best in making your presence at our store more comfortable and pleasant. Considering our huge experience we improve our servicing, products'' quality, implement new technologies and of course care about environmental part of our job.</p>'),
(190, 4, 62, 0, 48, '<p><strong>It is great</strong> honor for us to inform you that our company cooperates with the world-leading <strong>flooring</strong> manufacturers such as Lebex, <strong>Quickstep, Brintons Carpets</strong>, Ulster Carpets, Cormar and others. Whether you are looking for a luxury carpet or some laminated flooring - we always have something to offer to you and be sure that these products will be only of a premium quality. Our shop has all types of wood flooring from solid to laminated ones. Of course you may want to check out our products from the natural stone and ceramics too.</p>'),
(191, 4, 72, 0, 48, ''),
(192, 4, 95, 0, 48, ''),
(193, 4, 61, 0, 49, '<p><strong>We are glad to welcome you</strong> at our store and sincerely hope that we will satisfy your needs. <strong>There is</strong> no surprise that flooring industry is all about strong traditions, premium quality and perfect servicing. <em>You should know that we work closely with Wood Flooring Association</em> to ensure the products that our clients receive from us will suit their requirements perfectly.</p><p>It is great honor for us to inform you that our company cooperates with the world-leading flooring manufacturers such as Lebex, Quickstep, Brintons Carpets, Ulster Carpets, Cormar and others. Whether you are looking for a luxury carpet or some laminated flooring - we always have something to offer to you and be sure that these products will be only of a premium quality. Our shop has all types of wood flooring from solid to laminated ones. Of course you may want to check out our products from the natural stone and ceramics <strong>too</strong>.</p>'),
(194, 4, 62, 0, 49, '<p><strong>We are glad to welcome you</strong> at our store and sincerely hope that we will satisfy your needs. <strong>There is</strong> no surprise that flooring industry is all about strong traditions, premium quality and perfect servicing. <em>You should know that we work closely with Wood Flooring Association</em> to ensure the products that our clients receive from us will suit their requirements perfectly.</p>'),
(195, 4, 72, 0, 49, ''),
(196, 4, 95, 0, 49, ''),
(197, 4, 61, 0, 50, '<p><strong>It is vitally important</strong> to build strong and reliable relationship with the client and this is a cornerstone of our philosophy. <strong>We are trying</strong> to do our best in making your presence at our store more comfortable and pleasant. <strong>Considering our huge</strong> experience we improve our servicing, products'' quality, implement new technologies and of course care about environmental part of our job. We are glad to welcome you at our store and sincerely hope that we will satisfy your needs.</p><p>There is no surprise that flooring industry is all about strong traditions, premium quality and perfect servicing. You should know that we work closely with Wood Flooring Association to ensure the products that our clients receive from us will suit their requirements perfectly.</p>'),
(198, 4, 62, 0, 50, '<p><strong>It is vitally important</strong> to build strong and reliable relationship with the client and this is a cornerstone of our philosophy. <strong>We are trying</strong> to do our best in making your presence at our store more comfortable and pleasant. <strong>Considering our huge</strong> experience we improve our servicing, products'' quality, implement new technologies and of course care about environmental part of our job. We are glad to welcome you at our store and sincerely hope that we will satisfy your needs.</p>'),
(199, 4, 72, 0, 50, ''),
(200, 4, 95, 0, 50, ''),
(201, 4, 61, 0, 51, '<p><strong>It is great</strong> honor for us to inform you that our company cooperates with the world-leading <strong>flooring</strong> manufacturers such as Lebex, <strong>Quickstep, Brintons Carpets</strong>, Ulster Carpets, Cormar and others. Whether you are looking for a luxury carpet or some laminated flooring - we always have something to offer to you and be sure that these products will be only of a premium quality. Our shop has all types of wood flooring from solid to laminated ones. Of course you may want to check out our products from the natural stone and ceramics too.</p><p><em>It is vitally important</em> to build strong and reliable relationship with the client and this is a cornerstone of our philosophy. We are trying to do our best in making your presence at our store more comfortable and pleasant. Considering our huge experience we improve our servicing, products'' quality, implement new technologies and of course care about environmental part of our job.</p>'),
(202, 4, 62, 0, 51, '<p><strong>It is great</strong> honor for us to inform you that our company cooperates with the world-leading <strong>flooring</strong> manufacturers such as Lebex, <strong>Quickstep, Brintons Carpets</strong>, Ulster Carpets, Cormar and others. Whether you are looking for a luxury carpet or some laminated flooring - we always have something to offer to you and be sure that these products will be only of a premium quality. Our shop has all types of wood flooring from solid to laminated ones. Of course you may want to check out our products from the natural stone and ceramics too.</p>'),
(203, 4, 72, 0, 51, ''),
(204, 4, 95, 0, 51, ''),
(205, 4, 61, 0, 52, '<p><strong>We are glad to welcome you</strong> at our store and sincerely hope that we will satisfy your needs. <strong>There is</strong> no surprise that flooring industry is all about strong traditions, premium quality and perfect servicing. <em>You should know that we work closely with Wood Flooring Association</em> to ensure the products that our clients receive from us will suit their requirements perfectly.</p><p>It is great honor for us to inform you that our company cooperates with the world-leading flooring manufacturers such as Lebex, Quickstep, Brintons Carpets, Ulster Carpets, Cormar and others. Whether you are looking for a luxury carpet or some laminated flooring - we always have something to offer to you and be sure that these products will be only of a premium quality. Our shop has all types of wood flooring from solid to laminated ones. Of course you may want to check out our products from the natural stone and ceramics <strong>too</strong>.</p>'),
(206, 4, 62, 0, 52, '<p><strong>We are glad to welcome you</strong> at our store and sincerely hope that we will satisfy your needs. <strong>There is</strong> no surprise that flooring industry is all about strong traditions, premium quality and perfect servicing. <em>You should know that we work closely with Wood Flooring Association</em> to ensure the products that our clients receive from us will suit their requirements perfectly.</p>'),
(207, 4, 72, 0, 52, ''),
(208, 4, 95, 0, 52, ''),
(209, 4, 61, 0, 53, '<p><strong>It is vitally important</strong> to build strong and reliable relationship with the client and this is a cornerstone of our philosophy. <strong>We are trying</strong> to do our best in making your presence at our store more comfortable and pleasant. <strong>Considering our huge</strong> experience we improve our servicing, products'' quality, implement new technologies and of course care about environmental part of our job. We are glad to welcome you at our store and sincerely hope that we will satisfy your needs.</p><p>There is no surprise that flooring industry is all about strong traditions, premium quality and perfect servicing. You should know that we work closely with Wood Flooring Association to ensure the products that our clients receive from us will suit their requirements perfectly.</p>'),
(210, 4, 62, 0, 53, '<p><strong>It is vitally important</strong> to build strong and reliable relationship with the client and this is a cornerstone of our philosophy. <strong>We are trying</strong> to do our best in making your presence at our store more comfortable and pleasant. <strong>Considering our huge</strong> experience we improve our servicing, products'' quality, implement new technologies and of course care about environmental part of our job. We are glad to welcome you at our store and sincerely hope that we will satisfy your needs.</p>'),
(211, 4, 72, 0, 53, ''),
(212, 4, 95, 0, 53, ''),
(213, 4, 61, 0, 54, '<p><strong>It is great</strong> honor for us to inform you that our company cooperates with the world-leading <strong>flooring</strong> manufacturers such as Lebex, <strong>Quickstep, Brintons Carpets</strong>, Ulster Carpets, Cormar and others. Whether you are looking for a luxury carpet or some laminated flooring - we always have something to offer to you and be sure that these products will be only of a premium quality. Our shop has all types of wood flooring from solid to laminated ones. Of course you may want to check out our products from the natural stone and ceramics too.</p><p><em>It is vitally important</em> to build strong and reliable relationship with the client and this is a cornerstone of our philosophy. We are trying to do our best in making your presence at our store more comfortable and pleasant. Considering our huge experience we improve our servicing, products'' quality, implement new technologies and of course care about environmental part of our job.</p>'),
(214, 4, 62, 0, 54, '<p><strong>It is great</strong> honor for us to inform you that our company cooperates with the world-leading <strong>flooring</strong> manufacturers such as Lebex, <strong>Quickstep, Brintons Carpets</strong>, Ulster Carpets, Cormar and others. Whether you are looking for a luxury carpet or some laminated flooring - we always have something to offer to you and be sure that these products will be only of a premium quality. Our shop has all types of wood flooring from solid to laminated ones. Of course you may want to check out our products from the natural stone and ceramics too.</p>'),
(215, 4, 72, 0, 54, ''),
(216, 4, 95, 0, 54, ''),
(217, 4, 61, 0, 55, '<p><strong>It is vitally important</strong> to build strong and reliable relationship with the client and this is a cornerstone of our philosophy. <strong>We are trying</strong> to do our best in making your presence at our store more comfortable and pleasant. <strong>Considering our huge</strong> experience we improve our servicing, products'' quality, implement new technologies and of course care about environmental part of our job. We are glad to welcome you at our store and sincerely hope that we will satisfy your needs.</p><p>There is no surprise that flooring industry is all about strong traditions, premium quality and perfect servicing. You should know that we work closely with Wood Flooring Association to ensure the products that our clients receive from us will suit their requirements perfectly.</p>'),
(218, 4, 62, 0, 55, '<p><strong>It is vitally important</strong> to build strong and reliable relationship with the client and this is a cornerstone of our philosophy. <strong>We are trying</strong> to do our best in making your presence at our store more comfortable and pleasant. <strong>Considering our huge</strong> experience we improve our servicing, products'' quality, implement new technologies and of course care about environmental part of our job. We are glad to welcome you at our store and sincerely hope that we will satisfy your needs.</p>'),
(219, 4, 72, 0, 55, ''),
(220, 4, 95, 0, 55, ''),
(221, 4, 61, 0, 56, '<p><strong>It is great</strong> honor for us to inform you that our company cooperates with the world-leading <strong>flooring</strong> manufacturers such as Lebex, <strong>Quickstep, Brintons Carpets</strong>, Ulster Carpets, Cormar and others. Whether you are looking for a luxury carpet or some laminated flooring - we always have something to offer to you and be sure that these products will be only of a premium quality. Our shop has all types of wood flooring from solid to laminated ones. Of course you may want to check out our products from the natural stone and ceramics too.</p><p><em>It is vitally important</em> to build strong and reliable relationship with the client and this is a cornerstone of our philosophy. We are trying to do our best in making your presence at our store more comfortable and pleasant. Considering our huge experience we improve our servicing, products'' quality, implement new technologies and of course care about environmental part of our job.</p>'),
(222, 4, 62, 0, 56, '<p><strong>It is great</strong> honor for us to inform you that our company cooperates with the world-leading <strong>flooring</strong> manufacturers such as Lebex, <strong>Quickstep, Brintons Carpets</strong>, Ulster Carpets, Cormar and others. Whether you are looking for a luxury carpet or some laminated flooring - we always have something to offer to you and be sure that these products will be only of a premium quality. Our shop has all types of wood flooring from solid to laminated ones. Of course you may want to check out our products from the natural stone and ceramics too.</p>'),
(223, 4, 72, 0, 56, ''),
(224, 4, 95, 0, 56, ''),
(225, 4, 61, 0, 57, '<p><strong>It is great</strong> honor for us to inform you that our company cooperates with the world-leading <strong>flooring</strong> manufacturers such as Lebex, <strong>Quickstep, Brintons Carpets</strong>, Ulster Carpets, Cormar and others. Whether you are looking for a luxury carpet or some laminated flooring - we always have something to offer to you and be sure that these products will be only of a premium quality. Our shop has all types of wood flooring from solid to laminated ones. Of course you may want to check out our products from the natural stone and ceramics too.</p><p><em>It is vitally important</em> to build strong and reliable relationship with the client and this is a cornerstone of our philosophy. We are trying to do our best in making your presence at our store more comfortable and pleasant. Considering our huge experience we improve our servicing, products'' quality, implement new technologies and of course care about environmental part of our job.</p>'),
(226, 4, 62, 0, 57, '<p><strong>It is great</strong> honor for us to inform you that our company cooperates with the world-leading <strong>flooring</strong> manufacturers such as Lebex, <strong>Quickstep, Brintons Carpets</strong>, Ulster Carpets, Cormar and others. Whether you are looking for a luxury carpet or some laminated flooring - we always have something to offer to you and be sure that these products will be only of a premium quality. Our shop has all types of wood flooring from solid to laminated ones. Of course you may want to check out our products from the natural stone and ceramics too.</p>'),
(227, 4, 72, 0, 57, ''),
(228, 4, 95, 0, 57, ''),
(229, 4, 61, 0, 58, '<p><strong>We are glad to welcome you</strong> at our store and sincerely hope that we will satisfy your needs. <strong>There is</strong> no surprise that flooring industry is all about strong traditions, premium quality and perfect servicing. <em>You should know that we work closely with Wood Flooring Association</em> to ensure the products that our clients receive from us will suit their requirements perfectly.</p><p>It is great honor for us to inform you that our company cooperates with the world-leading flooring manufacturers such as Lebex, Quickstep, Brintons Carpets, Ulster Carpets, Cormar and others. Whether you are looking for a luxury carpet or some laminated flooring - we always have something to offer to you and be sure that these products will be only of a premium quality. Our shop has all types of wood flooring from solid to laminated ones. Of course you may want to check out our products from the natural stone and ceramics <strong>too</strong>.</p>'),
(230, 4, 62, 0, 58, '<p><strong>We are glad to welcome you</strong> at our store and sincerely hope that we will satisfy your needs. <strong>There is</strong> no surprise that flooring industry is all about strong traditions, premium quality and perfect servicing. <em>You should know that we work closely with Wood Flooring Association</em> to ensure the products that our clients receive from us will suit their requirements perfectly.</p>'),
(231, 4, 72, 0, 58, ''),
(232, 4, 95, 0, 58, ''),
(233, 4, 61, 0, 59, '<p><strong>We are glad to welcome you</strong> at our store and sincerely hope that we will satisfy your needs. <strong>There is</strong> no surprise that flooring industry is all about strong traditions, premium quality and perfect servicing. <em>You should know that we work closely with Wood Flooring Association</em> to ensure the products that our clients receive from us will suit their requirements perfectly.</p><p>It is great honor for us to inform you that our company cooperates with the world-leading flooring manufacturers such as Lebex, Quickstep, Brintons Carpets, Ulster Carpets, Cormar and others. Whether you are looking for a luxury carpet or some laminated flooring - we always have something to offer to you and be sure that these products will be only of a premium quality. Our shop has all types of wood flooring from solid to laminated ones. Of course you may want to check out our products from the natural stone and ceramics <strong>too</strong>.</p>'),
(234, 4, 62, 0, 59, '<p><strong>We are glad to welcome you</strong> at our store and sincerely hope that we will satisfy your needs. <strong>There is</strong> no surprise that flooring industry is all about strong traditions, premium quality and perfect servicing. <em>You should know that we work closely with Wood Flooring Association</em> to ensure the products that our clients receive from us will suit their requirements perfectly.</p>'),
(235, 4, 72, 0, 59, ''),
(236, 4, 95, 0, 59, ''),
(237, 4, 61, 0, 60, '<p><strong>It is vitally important</strong> to build strong and reliable relationship with the client and this is a cornerstone of our philosophy. <strong>We are trying</strong> to do our best in making your presence at our store more comfortable and pleasant. <strong>Considering our huge</strong> experience we improve our servicing, products'' quality, implement new technologies and of course care about environmental part of our job. We are glad to welcome you at our store and sincerely hope that we will satisfy your needs.</p><p>There is no surprise that flooring industry is all about strong traditions, premium quality and perfect servicing. You should know that we work closely with Wood Flooring Association to ensure the products that our clients receive from us will suit their requirements perfectly.</p>'),
(238, 4, 62, 0, 60, '<p><strong>It is vitally important</strong> to build strong and reliable relationship with the client and this is a cornerstone of our philosophy. <strong>We are trying</strong> to do our best in making your presence at our store more comfortable and pleasant. <strong>Considering our huge</strong> experience we improve our servicing, products'' quality, implement new technologies and of course care about environmental part of our job. We are glad to welcome you at our store and sincerely hope that we will satisfy your needs.</p>'),
(239, 4, 72, 0, 60, ''),
(240, 4, 95, 0, 60, '');

-- --------------------------------------------------------

--
-- Tábla szerkezet: `catalog_product_entity_tier_price`
--

CREATE TABLE IF NOT EXISTS `catalog_product_entity_tier_price` (
  `value_id` int(11) NOT NULL auto_increment,
  `entity_id` int(10) unsigned NOT NULL default '0',
  `all_groups` tinyint(1) unsigned NOT NULL default '1',
  `customer_group_id` smallint(5) unsigned NOT NULL default '0',
  `qty` decimal(12,4) NOT NULL default '1.0000',
  `value` decimal(12,4) NOT NULL default '0.0000',
  `website_id` smallint(5) unsigned NOT NULL,
  PRIMARY KEY  (`value_id`),
  UNIQUE KEY `UNQ_CATALOG_PRODUCT_TIER_PRICE` (`entity_id`,`all_groups`,`customer_group_id`,`qty`,`website_id`),
  KEY `FK_CATALOG_PRODUCT_ENTITY_TIER_PRICE_PRODUCT_ENTITY` (`entity_id`),
  KEY `FK_CATALOG_PRODUCT_ENTITY_TIER_PRICE_GROUP` (`customer_group_id`),
  KEY `FK_CATALOG_PRODUCT_TIER_WEBSITE` (`website_id`)
) ENGINE=InnoDB DEFAULT CHARSET=utf8 AUTO_INCREMENT=1 ;

--
-- A tábla adatainak kiíratása `catalog_product_entity_tier_price`
--


-- --------------------------------------------------------

--
-- Tábla szerkezet: `catalog_product_entity_varchar`
--

CREATE TABLE IF NOT EXISTS `catalog_product_entity_varchar` (
  `value_id` int(11) NOT NULL auto_increment,
  `entity_type_id` mediumint(8) unsigned NOT NULL default '0',
  `attribute_id` smallint(5) unsigned NOT NULL default '0',
  `store_id` smallint(5) unsigned NOT NULL default '0',
  `entity_id` int(10) unsigned NOT NULL default '0',
  `value` varchar(255) NOT NULL default '',
  PRIMARY KEY  (`value_id`),
  UNIQUE KEY `IDX_ATTRIBUTE_VALUE` (`entity_id`,`attribute_id`,`store_id`),
  KEY `FK_CATALOG_PRODUCT_ENTITY_VARCHAR_ATTRIBUTE` (`attribute_id`),
  KEY `FK_CATALOG_PRODUCT_ENTITY_VARCHAR_STORE` (`store_id`),
  KEY `FK_CATALOG_PRODUCT_ENTITY_VARCHAR_PRODUCT_ENTITY` (`entity_id`)
) ENGINE=InnoDB  DEFAULT CHARSET=utf8 AUTO_INCREMENT=982 ;

--
-- A tábla adatainak kiíratása `catalog_product_entity_varchar`
--

INSERT INTO `catalog_product_entity_varchar` (`value_id`, `entity_type_id`, `attribute_id`, `store_id`, `entity_id`, `value`) VALUES
(1, 4, 60, 0, 1, 'IndiB Branches Orange Rug'),
(2, 4, 86, 0, 1, 'indib-branches-orange-rug'),
(3, 4, 71, 0, 1, ''),
(4, 4, 73, 0, 1, ''),
(5, 4, 74, 0, 1, '/i/n/indib_-_branches_orange_rug_1.png'),
(6, 4, 75, 0, 1, '/i/n/indib_-_branches_orange_rug_1.png'),
(7, 4, 76, 0, 1, '/i/n/indib_-_branches_orange_rug_1.png'),
(8, 4, 92, 0, 1, ''),
(9, 4, 96, 0, 1, ''),
(10, 4, 97, 0, 1, 'container1'),
(11, 4, 100, 0, 1, ''),
(12, 4, 101, 0, 1, ''),
(13, 4, 102, 0, 1, ''),
(14, 4, 110, 0, 1, ''),
(15, 4, 87, 1, 1, 'indib-branches-orange-rug.html'),
(16, 4, 87, 0, 1, 'indib-branches-orange-rug.html'),
(17, 4, 60, 0, 2, 'MohoDesign Fluid Rug'),
(18, 4, 86, 0, 2, 'mohodesign-fluid-rug'),
(19, 4, 71, 0, 2, ''),
(20, 4, 73, 0, 2, ''),
(21, 4, 74, 0, 2, '/m/o/mohodesign_-_fluid_rug_1.png'),
(22, 4, 75, 0, 2, '/m/o/mohodesign_-_fluid_rug_1.png'),
(23, 4, 76, 0, 2, '/m/o/mohodesign_-_fluid_rug_1.png'),
(24, 4, 92, 0, 2, ''),
(25, 4, 96, 0, 2, ''),
(26, 4, 97, 0, 2, 'container1'),
(27, 4, 100, 0, 2, ''),
(28, 4, 101, 0, 2, ''),
(29, 4, 102, 0, 2, ''),
(30, 4, 110, 0, 2, ''),
(31, 4, 87, 1, 2, 'mohodesign-fluid-rug.html'),
(32, 4, 87, 0, 2, 'mohodesign-fluid-rug.html'),
(33, 4, 60, 0, 3, 'MohoDesign Mag Rug'),
(34, 4, 86, 0, 3, 'mohodesign-mag-rug'),
(35, 4, 71, 0, 3, ''),
(36, 4, 73, 0, 3, ''),
(37, 4, 74, 0, 3, '/m/o/mohodesign_-_mag_rug_1.png'),
(38, 4, 75, 0, 3, '/m/o/mohodesign_-_mag_rug_1.png'),
(39, 4, 76, 0, 3, '/m/o/mohodesign_-_mag_rug_1.png'),
(40, 4, 92, 0, 3, ''),
(41, 4, 96, 0, 3, ''),
(42, 4, 97, 0, 3, 'container1'),
(43, 4, 100, 0, 3, ''),
(44, 4, 101, 0, 3, ''),
(45, 4, 102, 0, 3, ''),
(46, 4, 110, 0, 3, ''),
(47, 4, 87, 1, 3, 'mohodesign-mag-rug.html'),
(48, 4, 87, 0, 3, 'mohodesign-mag-rug.html'),
(49, 4, 60, 0, 4, 'SAVOY SHAG SAVOY STRIPE'),
(50, 4, 86, 0, 4, 'savoy-shag-savoy-stripe'),
(51, 4, 71, 0, 4, ''),
(52, 4, 73, 0, 4, ''),
(53, 4, 74, 0, 4, '/s/a/savoy_shag_savoy_stripe_1.png'),
(54, 4, 75, 0, 4, '/s/a/savoy_shag_savoy_stripe_1.png'),
(55, 4, 76, 0, 4, '/s/a/savoy_shag_savoy_stripe_1.png'),
(56, 4, 92, 0, 4, ''),
(57, 4, 96, 0, 4, ''),
(58, 4, 97, 0, 4, 'container1'),
(59, 4, 100, 0, 4, ''),
(60, 4, 101, 0, 4, ''),
(61, 4, 102, 0, 4, ''),
(62, 4, 110, 0, 4, ''),
(63, 4, 87, 1, 4, 'savoy-shag-savoy-stripe.html'),
(64, 4, 87, 0, 4, 'savoy-shag-savoy-stripe.html'),
(65, 4, 60, 0, 5, 'Thrown Away Floral Rug'),
(66, 4, 86, 0, 5, 'thrown-away-floral-rug'),
(67, 4, 71, 0, 5, ''),
(68, 4, 73, 0, 5, ''),
(69, 4, 74, 0, 5, '/t/h/thrown_away_green_floral_rug_1.png'),
(70, 4, 75, 0, 5, '/t/h/thrown_away_green_floral_rug_1.png'),
(71, 4, 76, 0, 5, '/t/h/thrown_away_green_floral_rug_1.png'),
(72, 4, 92, 0, 5, ''),
(73, 4, 96, 0, 5, ''),
(74, 4, 97, 0, 5, 'container1'),
(75, 4, 100, 0, 5, ''),
(76, 4, 101, 0, 5, ''),
(77, 4, 102, 0, 5, ''),
(78, 4, 110, 0, 5, ''),
(79, 4, 87, 1, 5, 'thrown-away-floral-rug.html'),
(80, 4, 87, 0, 5, 'thrown-away-floral-rug.html'),
(81, 4, 60, 0, 6, 'Traverse Modern Rug by Bowron'),
(82, 4, 86, 0, 6, 'traverse-modern-rug-by-bowron'),
(83, 4, 71, 0, 6, ''),
(84, 4, 73, 0, 6, ''),
(85, 4, 74, 0, 6, '/t/r/traverse_modern_rug_by_bowron_1.png'),
(86, 4, 75, 0, 6, '/t/r/traverse_modern_rug_by_bowron_1.png'),
(87, 4, 76, 0, 6, '/t/r/traverse_modern_rug_by_bowron_1.png'),
(88, 4, 92, 0, 6, ''),
(89, 4, 96, 0, 6, ''),
(90, 4, 97, 0, 6, 'container1'),
(91, 4, 110, 0, 6, ''),
(92, 4, 87, 1, 6, 'traverse-modern-rug-by-bowron.html'),
(93, 4, 87, 0, 6, 'traverse-modern-rug-by-bowron.html'),
(94, 4, 100, 0, 6, ''),
(95, 4, 101, 0, 6, ''),
(96, 4, 102, 0, 6, ''),
(100, 4, 60, 0, 7, 'Berber Carpet'),
(101, 4, 86, 0, 7, 'berber-carpet'),
(102, 4, 71, 0, 7, ''),
(103, 4, 73, 0, 7, ''),
(104, 4, 74, 0, 7, '/b/e/berber_carpet_1_1.png'),
(105, 4, 75, 0, 7, '/b/e/berber_carpet_1_1.png'),
(106, 4, 76, 0, 7, '/b/e/berber_carpet_1_1.png'),
(107, 4, 92, 0, 7, ''),
(108, 4, 96, 0, 7, ''),
(109, 4, 97, 0, 7, 'container1'),
(110, 4, 110, 0, 7, ''),
(111, 4, 87, 1, 7, 'berber-carpet.html'),
(112, 4, 87, 0, 7, 'berber-carpet.html'),
(113, 4, 100, 0, 7, ''),
(114, 4, 101, 0, 7, ''),
(115, 4, 102, 0, 7, ''),
(119, 4, 60, 0, 8, 'Cloth Bindings'),
(120, 4, 86, 0, 8, 'cloth-bindings'),
(121, 4, 71, 0, 8, ''),
(122, 4, 73, 0, 8, ''),
(123, 4, 74, 0, 8, '/c/l/cloth_bindings_1.png'),
(124, 4, 75, 0, 8, '/c/l/cloth_bindings_1.png'),
(125, 4, 76, 0, 8, '/c/l/cloth_bindings_1.png'),
(126, 4, 92, 0, 8, ''),
(127, 4, 96, 0, 8, ''),
(128, 4, 97, 0, 8, 'container1'),
(129, 4, 100, 0, 8, ''),
(130, 4, 101, 0, 8, ''),
(131, 4, 102, 0, 8, ''),
(132, 4, 110, 0, 8, ''),
(133, 4, 87, 1, 8, 'cloth-bindings.html'),
(134, 4, 87, 0, 8, 'cloth-bindings.html'),
(135, 4, 60, 0, 9, 'Domo Mila Autumn Leaf Inspiration'),
(136, 4, 86, 0, 9, 'domo-mila-autumn-leaf-inspiration'),
(137, 4, 71, 0, 9, ''),
(138, 4, 73, 0, 9, ''),
(139, 4, 74, 0, 9, '/d/o/domo_mila_autumn_leaf_inspiration_1.png'),
(140, 4, 75, 0, 9, '/d/o/domo_mila_autumn_leaf_inspiration_1.png'),
(141, 4, 76, 0, 9, '/d/o/domo_mila_autumn_leaf_inspiration_1.png'),
(142, 4, 92, 0, 9, ''),
(143, 4, 96, 0, 9, ''),
(144, 4, 97, 0, 9, 'container1'),
(145, 4, 100, 0, 9, ''),
(146, 4, 101, 0, 9, ''),
(147, 4, 102, 0, 9, ''),
(148, 4, 110, 0, 9, ''),
(149, 4, 87, 1, 9, 'domo-mila-autumn-leaf-inspiration.html'),
(150, 4, 87, 0, 9, 'domo-mila-autumn-leaf-inspiration.html'),
(151, 4, 60, 0, 10, 'Faux Leather Bindings'),
(152, 4, 86, 0, 10, 'faux-leather-bindings'),
(153, 4, 71, 0, 10, ''),
(154, 4, 73, 0, 10, ''),
(155, 4, 74, 0, 10, '/f/a/faux_leather_bindings_1.png'),
(156, 4, 75, 0, 10, '/f/a/faux_leather_bindings_1.png'),
(157, 4, 76, 0, 10, '/f/a/faux_leather_bindings_1.png'),
(158, 4, 92, 0, 10, ''),
(159, 4, 96, 0, 10, ''),
(160, 4, 97, 0, 10, 'container1'),
(161, 4, 100, 0, 10, ''),
(162, 4, 101, 0, 10, ''),
(163, 4, 102, 0, 10, ''),
(164, 4, 110, 0, 10, ''),
(165, 4, 87, 1, 10, 'faux-leather-bindings.html'),
(166, 4, 87, 0, 10, 'faux-leather-bindings.html'),
(167, 4, 60, 0, 11, 'Red And Green Floral Pattern'),
(168, 4, 86, 0, 11, 'red-and-green-floral-pattern'),
(169, 4, 71, 0, 11, ''),
(170, 4, 73, 0, 11, ''),
(171, 4, 74, 0, 11, '/r/e/red_and_green_floral_pattern_2.png'),
(172, 4, 75, 0, 11, '/r/e/red_and_green_floral_pattern_2.png'),
(173, 4, 76, 0, 11, '/r/e/red_and_green_floral_pattern_2.png'),
(174, 4, 92, 0, 11, ''),
(175, 4, 96, 0, 11, ''),
(176, 4, 97, 0, 11, 'container1'),
(177, 4, 100, 0, 11, ''),
(178, 4, 101, 0, 11, ''),
(179, 4, 102, 0, 11, ''),
(180, 4, 110, 0, 11, ''),
(181, 4, 87, 1, 11, 'red-and-green-floral-pattern.html'),
(182, 4, 87, 0, 11, 'red-and-green-floral-pattern.html'),
(183, 4, 60, 0, 12, 'Sisal by Sisal'),
(184, 4, 86, 0, 12, 'sisal-by-sisal'),
(185, 4, 71, 0, 12, ''),
(186, 4, 73, 0, 12, ''),
(187, 4, 74, 0, 12, '/s/i/sisal_by_sisal_1.png'),
(188, 4, 75, 0, 12, '/s/i/sisal_by_sisal_1.png'),
(189, 4, 76, 0, 12, '/s/i/sisal_by_sisal_1.png'),
(190, 4, 92, 0, 12, ''),
(191, 4, 96, 0, 12, ''),
(192, 4, 97, 0, 12, 'container1'),
(193, 4, 100, 0, 12, ''),
(194, 4, 101, 0, 12, ''),
(195, 4, 102, 0, 12, ''),
(196, 4, 110, 0, 12, ''),
(197, 4, 87, 1, 12, 'sisal-by-sisal.html'),
(198, 4, 87, 0, 12, 'sisal-by-sisal.html'),
(199, 4, 60, 0, 13, 'Bimini Twist'),
(200, 4, 86, 0, 13, 'bimini-twist'),
(201, 4, 71, 0, 13, ''),
(202, 4, 73, 0, 13, ''),
(203, 4, 74, 0, 13, '/b/i/bimini_twist_1.png'),
(204, 4, 75, 0, 13, '/b/i/bimini_twist_1.png'),
(205, 4, 76, 0, 13, '/b/i/bimini_twist_1.png'),
(206, 4, 92, 0, 13, ''),
(207, 4, 96, 0, 13, ''),
(208, 4, 97, 0, 13, 'container1'),
(209, 4, 100, 0, 13, ''),
(210, 4, 101, 0, 13, ''),
(211, 4, 102, 0, 13, ''),
(212, 4, 110, 0, 13, ''),
(213, 4, 87, 1, 13, 'bimini-twist.html'),
(214, 4, 87, 0, 13, 'bimini-twist.html'),
(215, 4, 60, 0, 14, 'Creative Bindings'),
(216, 4, 86, 0, 14, 'creative-bindings'),
(217, 4, 71, 0, 14, ''),
(218, 4, 73, 0, 14, ''),
(219, 4, 74, 0, 14, '/c/r/creative_bindings_1.png'),
(220, 4, 75, 0, 14, '/c/r/creative_bindings_1.png'),
(221, 4, 76, 0, 14, '/c/r/creative_bindings_1.png'),
(222, 4, 92, 0, 14, ''),
(223, 4, 96, 0, 14, ''),
(224, 4, 97, 0, 14, 'container1'),
(225, 4, 100, 0, 14, ''),
(226, 4, 101, 0, 14, ''),
(227, 4, 102, 0, 14, ''),
(228, 4, 110, 0, 14, ''),
(229, 4, 87, 1, 14, 'creative-bindings.html'),
(230, 4, 87, 0, 14, 'creative-bindings.html'),
(231, 4, 60, 0, 15, 'Kaleidoscope style'),
(232, 4, 86, 0, 15, 'kaleidoscope-style'),
(233, 4, 71, 0, 15, ''),
(234, 4, 73, 0, 15, ''),
(235, 4, 74, 0, 15, '/k/a/kaleidoscope_style_from_the_tufted_wool_carpet_collection_1.png'),
(236, 4, 75, 0, 15, '/k/a/kaleidoscope_style_from_the_tufted_wool_carpet_collection_1.png'),
(237, 4, 76, 0, 15, '/k/a/kaleidoscope_style_from_the_tufted_wool_carpet_collection_1.png'),
(238, 4, 92, 0, 15, ''),
(239, 4, 96, 0, 15, ''),
(240, 4, 97, 0, 15, 'container1'),
(241, 4, 100, 0, 15, ''),
(242, 4, 101, 0, 15, ''),
(243, 4, 102, 0, 15, ''),
(244, 4, 110, 0, 15, ''),
(245, 4, 87, 1, 15, 'kaleidoscope-style.html'),
(246, 4, 87, 0, 15, 'kaleidoscope-style.html'),
(247, 4, 60, 0, 16, 'One Border'),
(248, 4, 86, 0, 16, 'one-border'),
(249, 4, 71, 0, 16, ''),
(250, 4, 73, 0, 16, ''),
(251, 4, 74, 0, 16, '/o/n/one_border_1.png'),
(252, 4, 75, 0, 16, '/o/n/one_border_1.png'),
(253, 4, 76, 0, 16, '/o/n/one_border_1.png'),
(254, 4, 92, 0, 16, ''),
(255, 4, 96, 0, 16, ''),
(256, 4, 97, 0, 16, 'container1'),
(257, 4, 100, 0, 16, ''),
(258, 4, 101, 0, 16, ''),
(259, 4, 102, 0, 16, ''),
(260, 4, 110, 0, 16, ''),
(261, 4, 87, 1, 16, 'one-border.html'),
(262, 4, 87, 0, 16, 'one-border.html'),
(263, 4, 60, 0, 17, 'Three Border'),
(264, 4, 86, 0, 17, 'three-border'),
(265, 4, 71, 0, 17, ''),
(266, 4, 73, 0, 17, ''),
(267, 4, 74, 0, 17, '/t/h/three_border_1.png'),
(268, 4, 75, 0, 17, '/t/h/three_border_1.png'),
(269, 4, 76, 0, 17, '/t/h/three_border_1.png'),
(270, 4, 92, 0, 17, ''),
(271, 4, 96, 0, 17, ''),
(272, 4, 97, 0, 17, 'container1'),
(273, 4, 100, 0, 17, ''),
(274, 4, 101, 0, 17, ''),
(275, 4, 102, 0, 17, ''),
(276, 4, 110, 0, 17, ''),
(277, 4, 87, 1, 17, 'three-border.html'),
(278, 4, 87, 0, 17, 'three-border.html'),
(279, 4, 60, 0, 18, 'Two Border'),
(280, 4, 86, 0, 18, 'two-border'),
(281, 4, 71, 0, 18, ''),
(282, 4, 73, 0, 18, ''),
(283, 4, 74, 0, 18, '/t/w/two_border_1.png'),
(284, 4, 75, 0, 18, '/t/w/two_border_1.png'),
(285, 4, 76, 0, 18, '/t/w/two_border_1.png'),
(286, 4, 92, 0, 18, ''),
(287, 4, 96, 0, 18, ''),
(288, 4, 97, 0, 18, 'container1'),
(289, 4, 100, 0, 18, ''),
(290, 4, 101, 0, 18, ''),
(291, 4, 102, 0, 18, ''),
(292, 4, 110, 0, 18, ''),
(293, 4, 87, 1, 18, 'two-border.html'),
(294, 4, 87, 0, 18, 'two-border.html'),
(295, 4, 60, 0, 19, 'Caesarstone Apple Martini'),
(296, 4, 86, 0, 19, 'caesarstone-apple-martini'),
(297, 4, 71, 0, 19, ''),
(298, 4, 73, 0, 19, ''),
(299, 4, 74, 0, 19, '/c/a/caesarstone_apple_martini_1.png'),
(300, 4, 75, 0, 19, '/c/a/caesarstone_apple_martini_1.png'),
(301, 4, 76, 0, 19, '/c/a/caesarstone_apple_martini_1.png'),
(302, 4, 92, 0, 19, ''),
(303, 4, 96, 0, 19, ''),
(304, 4, 97, 0, 19, 'container1'),
(305, 4, 100, 0, 19, ''),
(306, 4, 101, 0, 19, ''),
(307, 4, 102, 0, 19, ''),
(308, 4, 110, 0, 19, ''),
(309, 4, 87, 1, 19, 'caesarstone-apple-martini.html'),
(310, 4, 87, 0, 19, 'caesarstone-apple-martini.html'),
(311, 4, 60, 0, 20, 'Firetable and Concrete Countertop'),
(312, 4, 86, 0, 20, 'firetable-and-concrete-countertop'),
(313, 4, 71, 0, 20, ''),
(314, 4, 73, 0, 20, ''),
(315, 4, 74, 0, 20, '/f/i/firetable_and_concrete_countertop_1.png'),
(316, 4, 75, 0, 20, '/f/i/firetable_and_concrete_countertop_1.png'),
(317, 4, 76, 0, 20, '/f/i/firetable_and_concrete_countertop_1.png'),
(318, 4, 92, 0, 20, ''),
(319, 4, 96, 0, 20, ''),
(320, 4, 97, 0, 20, 'container1'),
(321, 4, 100, 0, 20, ''),
(322, 4, 101, 0, 20, ''),
(323, 4, 102, 0, 20, ''),
(324, 4, 110, 0, 20, ''),
(325, 4, 87, 1, 20, 'firetable-and-concrete-countertop.html'),
(326, 4, 87, 0, 20, 'firetable-and-concrete-countertop.html'),
(327, 4, 60, 0, 21, 'Silestone Capri Limestone'),
(328, 4, 86, 0, 21, 'silestone-capri-limestone'),
(329, 4, 71, 0, 21, ''),
(330, 4, 73, 0, 21, ''),
(331, 4, 74, 0, 21, '/s/i/silestone___capri_limestone_1.png'),
(332, 4, 75, 0, 21, '/s/i/silestone___capri_limestone_1.png'),
(333, 4, 76, 0, 21, '/s/i/silestone___capri_limestone_1.png'),
(334, 4, 92, 0, 21, ''),
(335, 4, 96, 0, 21, ''),
(336, 4, 97, 0, 21, 'container1'),
(337, 4, 100, 0, 21, ''),
(338, 4, 101, 0, 21, ''),
(339, 4, 102, 0, 21, ''),
(340, 4, 110, 0, 21, ''),
(341, 4, 87, 1, 21, 'silestone-capri-limestone.html'),
(342, 4, 87, 0, 21, 'silestone-capri-limestone.html'),
(343, 4, 60, 0, 22, 'Silestone Tao'),
(344, 4, 86, 0, 22, 'silestone-tao'),
(345, 4, 71, 0, 22, ''),
(346, 4, 73, 0, 22, ''),
(347, 4, 74, 0, 22, '/s/i/silestone_tao_1.png'),
(348, 4, 75, 0, 22, '/s/i/silestone_tao_1.png'),
(349, 4, 76, 0, 22, '/s/i/silestone_tao_1.png'),
(350, 4, 92, 0, 22, ''),
(351, 4, 96, 0, 22, ''),
(352, 4, 97, 0, 22, 'container1'),
(353, 4, 100, 0, 22, ''),
(354, 4, 101, 0, 22, ''),
(355, 4, 102, 0, 22, ''),
(356, 4, 110, 0, 22, ''),
(357, 4, 87, 1, 22, 'silestone-tao.html'),
(358, 4, 87, 0, 22, 'silestone-tao.html'),
(359, 4, 60, 0, 23, 'Solid Surface Bedrock'),
(360, 4, 86, 0, 23, 'solid-surface-bedrock'),
(361, 4, 71, 0, 23, ''),
(362, 4, 73, 0, 23, ''),
(363, 4, 74, 0, 23, '/s/o/solid_surface_bedrock_1.png'),
(364, 4, 75, 0, 23, '/s/o/solid_surface_bedrock_1.png'),
(365, 4, 76, 0, 23, '/s/o/solid_surface_bedrock_1.png'),
(366, 4, 92, 0, 23, ''),
(367, 4, 96, 0, 23, ''),
(368, 4, 97, 0, 23, 'container1'),
(369, 4, 100, 0, 23, ''),
(370, 4, 101, 0, 23, ''),
(371, 4, 102, 0, 23, ''),
(372, 4, 110, 0, 23, ''),
(373, 4, 87, 1, 23, 'solid-surface-bedrock.html'),
(374, 4, 87, 0, 23, 'solid-surface-bedrock.html'),
(375, 4, 60, 0, 24, 'Solid Surface Bluestone'),
(376, 4, 86, 0, 24, 'solid-surface-bluestone'),
(377, 4, 71, 0, 24, ''),
(378, 4, 73, 0, 24, ''),
(379, 4, 74, 0, 24, '/s/o/solid_surface_bluestone_1.png'),
(380, 4, 75, 0, 24, '/s/o/solid_surface_bluestone_1.png'),
(381, 4, 76, 0, 24, '/s/o/solid_surface_bluestone_1.png'),
(382, 4, 92, 0, 24, ''),
(383, 4, 96, 0, 24, ''),
(384, 4, 97, 0, 24, 'container1'),
(385, 4, 100, 0, 24, ''),
(386, 4, 101, 0, 24, ''),
(387, 4, 102, 0, 24, ''),
(388, 4, 110, 0, 24, ''),
(389, 4, 87, 1, 24, 'solid-surface-bluestone.html'),
(390, 4, 87, 0, 24, 'solid-surface-bluestone.html'),
(391, 4, 60, 0, 25, 'Kraus Brazillian Teak hardwood'),
(392, 4, 86, 0, 25, 'kraus-brazillian-teak-hardwood'),
(393, 4, 71, 0, 25, ''),
(394, 4, 73, 0, 25, ''),
(395, 4, 74, 0, 25, '/k/r/kraus_brazillian_teak_hardwood_1.png'),
(396, 4, 75, 0, 25, '/k/r/kraus_brazillian_teak_hardwood_1.png'),
(397, 4, 76, 0, 25, '/k/r/kraus_brazillian_teak_hardwood_1.png'),
(398, 4, 92, 0, 25, ''),
(399, 4, 96, 0, 25, ''),
(400, 4, 97, 0, 25, 'container1'),
(401, 4, 100, 0, 25, ''),
(402, 4, 101, 0, 25, ''),
(403, 4, 102, 0, 25, ''),
(404, 4, 110, 0, 25, ''),
(405, 4, 87, 1, 25, 'kraus-brazillian-teak-hardwood.html'),
(406, 4, 87, 0, 25, 'kraus-brazillian-teak-hardwood.html'),
(407, 4, 60, 0, 26, 'Kraus Golden Sadle hardwood'),
(408, 4, 86, 0, 26, 'kraus-golden-sadle-hardwood'),
(409, 4, 71, 0, 26, ''),
(410, 4, 73, 0, 26, ''),
(411, 4, 74, 0, 26, '/k/r/kraus_golden_sadle_oak_hardwood_1.png'),
(412, 4, 75, 0, 26, '/k/r/kraus_golden_sadle_oak_hardwood_1.png'),
(413, 4, 76, 0, 26, '/k/r/kraus_golden_sadle_oak_hardwood_1.png'),
(414, 4, 92, 0, 26, ''),
(415, 4, 96, 0, 26, ''),
(416, 4, 97, 0, 26, 'container1'),
(417, 4, 100, 0, 26, ''),
(418, 4, 101, 0, 26, ''),
(419, 4, 102, 0, 26, ''),
(420, 4, 110, 0, 26, ''),
(421, 4, 87, 1, 26, 'kraus-golden-sadle-hardwood.html'),
(422, 4, 87, 0, 26, 'kraus-golden-sadle-hardwood.html'),
(423, 4, 60, 0, 27, 'Kraus Natural Hard Maple hardwood'),
(424, 4, 86, 0, 27, 'kraus-natural-hard-maple-hardwood'),
(425, 4, 71, 0, 27, ''),
(426, 4, 73, 0, 27, ''),
(427, 4, 74, 0, 27, '/k/r/kraus_natural_hard_maple_hardwood_1.png'),
(428, 4, 75, 0, 27, '/k/r/kraus_natural_hard_maple_hardwood_1.png'),
(429, 4, 76, 0, 27, '/k/r/kraus_natural_hard_maple_hardwood_1.png'),
(430, 4, 92, 0, 27, ''),
(431, 4, 96, 0, 27, ''),
(432, 4, 97, 0, 27, 'container1'),
(433, 4, 110, 0, 27, ''),
(434, 4, 87, 1, 27, 'kraus-natural-hard-maple-hardwood.html'),
(435, 4, 87, 0, 27, 'kraus-natural-hard-maple-hardwood.html'),
(436, 4, 100, 0, 27, ''),
(437, 4, 101, 0, 27, ''),
(438, 4, 102, 0, 27, ''),
(442, 4, 60, 0, 28, 'Kraus Natural Red Oak hardwood'),
(443, 4, 86, 0, 28, 'kraus-natural-red-oak-hardwood'),
(444, 4, 71, 0, 28, ''),
(445, 4, 73, 0, 28, ''),
(446, 4, 74, 0, 28, '/k/r/kraus_natural_red_oak_hardwood_1.png'),
(447, 4, 75, 0, 28, '/k/r/kraus_natural_red_oak_hardwood_1.png'),
(448, 4, 76, 0, 28, '/k/r/kraus_natural_red_oak_hardwood_1.png'),
(449, 4, 92, 0, 28, ''),
(450, 4, 96, 0, 28, ''),
(451, 4, 97, 0, 28, 'container1'),
(452, 4, 110, 0, 28, ''),
(453, 4, 87, 1, 28, 'kraus-natural-red-oak-hardwood.html'),
(454, 4, 87, 0, 28, 'kraus-natural-red-oak-hardwood.html'),
(455, 4, 100, 0, 28, ''),
(456, 4, 101, 0, 28, ''),
(457, 4, 102, 0, 28, ''),
(461, 4, 60, 0, 29, 'Kraus Sienna Oak hardwood'),
(462, 4, 86, 0, 29, 'kraus-sienna-oak-hardwood'),
(463, 4, 71, 0, 29, ''),
(464, 4, 73, 0, 29, ''),
(465, 4, 74, 0, 29, '/k/r/kraus_sienna_oak_hardwood_1.png'),
(466, 4, 75, 0, 29, '/k/r/kraus_sienna_oak_hardwood_1.png'),
(467, 4, 76, 0, 29, '/k/r/kraus_sienna_oak_hardwood_1.png'),
(468, 4, 92, 0, 29, ''),
(469, 4, 96, 0, 29, ''),
(470, 4, 97, 0, 29, 'container1'),
(471, 4, 100, 0, 29, ''),
(472, 4, 101, 0, 29, ''),
(473, 4, 102, 0, 29, ''),
(474, 4, 110, 0, 29, ''),
(475, 4, 87, 1, 29, 'kraus-sienna-oak-hardwood.html'),
(476, 4, 87, 0, 29, 'kraus-sienna-oak-hardwood.html'),
(477, 4, 60, 0, 30, 'Kraus Tigerwood hardwood'),
(478, 4, 86, 0, 30, 'kraus-tigerwood-hardwood'),
(479, 4, 71, 0, 30, ''),
(480, 4, 73, 0, 30, ''),
(481, 4, 74, 0, 30, '/k/r/kraus_tigerwood_hardwood_1.png'),
(482, 4, 75, 0, 30, '/k/r/kraus_tigerwood_hardwood_1.png'),
(483, 4, 76, 0, 30, '/k/r/kraus_tigerwood_hardwood_1.png'),
(484, 4, 92, 0, 30, ''),
(485, 4, 96, 0, 30, ''),
(486, 4, 97, 0, 30, 'container1'),
(487, 4, 100, 0, 30, ''),
(488, 4, 101, 0, 30, ''),
(489, 4, 102, 0, 30, ''),
(490, 4, 110, 0, 30, ''),
(491, 4, 87, 1, 30, 'kraus-tigerwood-hardwood.html'),
(492, 4, 87, 0, 30, 'kraus-tigerwood-hardwood.html'),
(493, 4, 60, 0, 31, 'Elka Heartwood Maple Laminate'),
(494, 4, 86, 0, 31, 'elka-heartwood-maple-laminate'),
(495, 4, 71, 0, 31, ''),
(496, 4, 73, 0, 31, ''),
(497, 4, 74, 0, 31, '/e/l/elka_heartwood_maple_v-groove_8_mm_laminate_1.png'),
(498, 4, 75, 0, 31, '/e/l/elka_heartwood_maple_v-groove_8_mm_laminate_1.png'),
(499, 4, 76, 0, 31, '/e/l/elka_heartwood_maple_v-groove_8_mm_laminate_1.png'),
(500, 4, 92, 0, 31, ''),
(501, 4, 96, 0, 31, ''),
(502, 4, 97, 0, 31, 'container1'),
(503, 4, 100, 0, 31, ''),
(504, 4, 101, 0, 31, ''),
(505, 4, 102, 0, 31, ''),
(506, 4, 110, 0, 31, ''),
(507, 4, 87, 1, 31, 'elka-heartwood-maple-laminate.html'),
(508, 4, 87, 0, 31, 'elka-heartwood-maple-laminate.html'),
(509, 4, 60, 0, 32, 'Kraus Augusta Cherry Laminate'),
(510, 4, 86, 0, 32, 'kraus-augusta-cherry-laminate'),
(511, 4, 71, 0, 32, ''),
(512, 4, 73, 0, 32, ''),
(513, 4, 74, 0, 32, '/k/r/kraus_augusta_cherry_laminate_1.png'),
(514, 4, 75, 0, 32, '/k/r/kraus_augusta_cherry_laminate_1.png'),
(515, 4, 76, 0, 32, '/k/r/kraus_augusta_cherry_laminate_1.png'),
(516, 4, 92, 0, 32, ''),
(517, 4, 96, 0, 32, ''),
(518, 4, 97, 0, 32, 'container1'),
(519, 4, 100, 0, 32, ''),
(520, 4, 101, 0, 32, ''),
(521, 4, 102, 0, 32, ''),
(522, 4, 110, 0, 32, ''),
(523, 4, 87, 1, 32, 'kraus-augusta-cherry-laminate.html'),
(524, 4, 87, 0, 32, 'kraus-augusta-cherry-laminate.html'),
(525, 4, 60, 0, 33, 'Kraus Hartland Maple Laminate'),
(526, 4, 86, 0, 33, 'kraus-hartland-maple-laminate'),
(527, 4, 71, 0, 33, ''),
(528, 4, 73, 0, 33, ''),
(529, 4, 74, 0, 33, '/k/r/kraus_hartland_maple_laminate_1.png'),
(530, 4, 75, 0, 33, '/k/r/kraus_hartland_maple_laminate_1.png'),
(531, 4, 76, 0, 33, '/k/r/kraus_hartland_maple_laminate_1.png'),
(532, 4, 92, 0, 33, ''),
(533, 4, 96, 0, 33, ''),
(534, 4, 97, 0, 33, 'container1'),
(535, 4, 100, 0, 33, ''),
(536, 4, 101, 0, 33, ''),
(537, 4, 102, 0, 33, ''),
(538, 4, 110, 0, 33, ''),
(539, 4, 87, 1, 33, 'kraus-hartland-maple-laminate.html'),
(540, 4, 87, 0, 33, 'kraus-hartland-maple-laminate.html'),
(541, 4, 60, 0, 34, 'Kraus Panama Teak Laminate'),
(542, 4, 86, 0, 34, 'kraus-panama-teak-laminate'),
(543, 4, 71, 0, 34, ''),
(544, 4, 73, 0, 34, ''),
(545, 4, 74, 0, 34, '/k/r/kraus_panama_teak_laminate_1.png'),
(546, 4, 75, 0, 34, '/k/r/kraus_panama_teak_laminate_1.png'),
(547, 4, 76, 0, 34, '/k/r/kraus_panama_teak_laminate_1.png'),
(548, 4, 92, 0, 34, ''),
(549, 4, 96, 0, 34, ''),
(550, 4, 97, 0, 34, 'container1'),
(551, 4, 100, 0, 34, ''),
(552, 4, 101, 0, 34, ''),
(553, 4, 102, 0, 34, ''),
(554, 4, 110, 0, 34, ''),
(555, 4, 87, 1, 34, 'kraus-panama-teak-laminate.html'),
(556, 4, 87, 0, 34, 'kraus-panama-teak-laminate.html'),
(557, 4, 60, 0, 35, 'Kraus Rustic Maple Laminate'),
(558, 4, 86, 0, 35, 'kraus-rustic-maple-laminate'),
(559, 4, 71, 0, 35, ''),
(560, 4, 73, 0, 35, ''),
(561, 4, 74, 0, 35, '/k/r/kraus_rustic_maple_laminate_1.png'),
(562, 4, 75, 0, 35, '/k/r/kraus_rustic_maple_laminate_1.png'),
(563, 4, 76, 0, 35, '/k/r/kraus_rustic_maple_laminate_1.png'),
(564, 4, 92, 0, 35, ''),
(565, 4, 96, 0, 35, ''),
(566, 4, 97, 0, 35, 'container1'),
(567, 4, 100, 0, 35, ''),
(568, 4, 101, 0, 35, ''),
(569, 4, 102, 0, 35, ''),
(570, 4, 110, 0, 35, ''),
(571, 4, 87, 1, 35, 'kraus-rustic-maple-laminate.html'),
(572, 4, 87, 0, 35, 'kraus-rustic-maple-laminate.html'),
(573, 4, 60, 0, 36, 'Kraus Spruce Laminate'),
(574, 4, 86, 0, 36, 'kraus-spruce-laminate'),
(575, 4, 71, 0, 36, ''),
(576, 4, 73, 0, 36, ''),
(577, 4, 74, 0, 36, '/k/r/kraus_spruce_laminate_1.png'),
(578, 4, 75, 0, 36, '/k/r/kraus_spruce_laminate_1.png'),
(579, 4, 76, 0, 36, '/k/r/kraus_spruce_laminate_1.png'),
(580, 4, 92, 0, 36, ''),
(581, 4, 96, 0, 36, ''),
(582, 4, 97, 0, 36, 'container1'),
(583, 4, 100, 0, 36, ''),
(584, 4, 101, 0, 36, ''),
(585, 4, 102, 0, 36, ''),
(586, 4, 110, 0, 36, ''),
(587, 4, 87, 1, 36, 'kraus-spruce-laminate.html'),
(588, 4, 87, 0, 36, 'kraus-spruce-laminate.html'),
(589, 4, 60, 0, 37, 'Calabria in Biscotti field tile'),
(590, 4, 86, 0, 37, 'calabria-in-biscotti-field-tile'),
(591, 4, 71, 0, 37, ''),
(592, 4, 73, 0, 37, ''),
(593, 4, 74, 0, 37, '/c/a/calabria_in_biscotti_12x_12_field_tile_1.png'),
(594, 4, 75, 0, 37, '/c/a/calabria_in_biscotti_12x_12_field_tile_1.png'),
(595, 4, 76, 0, 37, '/c/a/calabria_in_biscotti_12x_12_field_tile_1.png'),
(596, 4, 92, 0, 37, ''),
(597, 4, 96, 0, 37, ''),
(598, 4, 97, 0, 37, 'container1'),
(599, 4, 110, 0, 37, ''),
(600, 4, 87, 1, 37, 'calabria-in-biscotti-field-tile.html'),
(601, 4, 87, 0, 37, 'calabria-in-biscotti-field-tile.html'),
(602, 4, 100, 0, 37, ''),
(603, 4, 101, 0, 37, ''),
(604, 4, 102, 0, 37, ''),
(608, 4, 60, 0, 38, 'Polyflor Crema Slate Tile Camaro'),
(609, 4, 86, 0, 38, 'polyflor-crema-slate-tile-camaro'),
(610, 4, 71, 0, 38, ''),
(611, 4, 73, 0, 38, ''),
(612, 4, 74, 0, 38, '/p/o/polyflor_crema_slate_tile_camaro_1.png'),
(613, 4, 75, 0, 38, '/p/o/polyflor_crema_slate_tile_camaro_1.png'),
(614, 4, 76, 0, 38, '/p/o/polyflor_crema_slate_tile_camaro_1.png'),
(615, 4, 92, 0, 38, ''),
(616, 4, 96, 0, 38, ''),
(617, 4, 97, 0, 38, 'container1'),
(618, 4, 100, 0, 38, ''),
(619, 4, 101, 0, 38, ''),
(620, 4, 102, 0, 38, ''),
(621, 4, 110, 0, 38, ''),
(622, 4, 87, 1, 38, 'polyflor-crema-slate-tile-camaro.html'),
(623, 4, 87, 0, 38, 'polyflor-crema-slate-tile-camaro.html'),
(624, 4, 60, 0, 39, 'Pompei Ceramic Tile'),
(625, 4, 86, 0, 39, 'pompei-ceramic-tile'),
(626, 4, 71, 0, 39, ''),
(627, 4, 73, 0, 39, ''),
(628, 4, 74, 0, 39, '/p/o/pompei_ceramic_tile_1.png'),
(629, 4, 75, 0, 39, '/p/o/pompei_ceramic_tile_1.png'),
(630, 4, 76, 0, 39, '/p/o/pompei_ceramic_tile_1.png'),
(631, 4, 92, 0, 39, ''),
(632, 4, 96, 0, 39, ''),
(633, 4, 97, 0, 39, 'container1'),
(634, 4, 100, 0, 39, ''),
(635, 4, 101, 0, 39, ''),
(636, 4, 102, 0, 39, ''),
(637, 4, 110, 0, 39, ''),
(638, 4, 87, 1, 39, 'pompei-ceramic-tile.html'),
(639, 4, 87, 0, 39, 'pompei-ceramic-tile.html'),
(640, 4, 60, 0, 40, 'Tarkett Black Antia'),
(641, 4, 86, 0, 40, 'tarkett-black-antia'),
(642, 4, 71, 0, 40, ''),
(643, 4, 73, 0, 40, ''),
(644, 4, 74, 0, 40, '/t/a/tarkett_black_antia_1.png'),
(645, 4, 75, 0, 40, '/t/a/tarkett_black_antia_1.png'),
(646, 4, 76, 0, 40, '/t/a/tarkett_black_antia_1.png'),
(647, 4, 92, 0, 40, ''),
(648, 4, 96, 0, 40, ''),
(649, 4, 97, 0, 40, 'container1'),
(650, 4, 110, 0, 40, ''),
(651, 4, 87, 1, 40, 'tarkett-black-antia.html'),
(652, 4, 87, 0, 40, 'tarkett-black-antia.html'),
(653, 4, 100, 0, 40, ''),
(654, 4, 101, 0, 40, ''),
(655, 4, 102, 0, 40, ''),
(659, 4, 60, 0, 41, 'Terra Antica Oro field tile'),
(660, 4, 86, 0, 41, 'terra-antica-oro-field-tile'),
(661, 4, 71, 0, 41, ''),
(662, 4, 73, 0, 41, ''),
(663, 4, 74, 0, 41, '/t/e/terra_antica_oro_12x_12_field_tile_1.png'),
(664, 4, 75, 0, 41, '/t/e/terra_antica_oro_12x_12_field_tile_1.png'),
(665, 4, 76, 0, 41, '/t/e/terra_antica_oro_12x_12_field_tile_1.png'),
(666, 4, 92, 0, 41, ''),
(667, 4, 96, 0, 41, ''),
(668, 4, 97, 0, 41, 'container1'),
(669, 4, 100, 0, 41, ''),
(670, 4, 101, 0, 41, ''),
(671, 4, 102, 0, 41, ''),
(672, 4, 110, 0, 41, ''),
(673, 4, 87, 1, 41, 'terra-antica-oro-field-tile.html'),
(674, 4, 87, 0, 41, 'terra-antica-oro-field-tile.html'),
(675, 4, 60, 0, 42, 'Westminster Teak Wooden Tiles'),
(676, 4, 86, 0, 42, 'westminster-teak-wooden-tiles'),
(677, 4, 71, 0, 42, ''),
(678, 4, 73, 0, 42, ''),
(679, 4, 74, 0, 42, '/w/e/westminster_teak_wooden_tiles_3.png'),
(680, 4, 75, 0, 42, '/w/e/westminster_teak_wooden_tiles_3.png'),
(681, 4, 76, 0, 42, '/w/e/westminster_teak_wooden_tiles_3.png'),
(682, 4, 92, 0, 42, ''),
(683, 4, 96, 0, 42, ''),
(684, 4, 97, 0, 42, 'container1'),
(685, 4, 100, 0, 42, ''),
(686, 4, 101, 0, 42, ''),
(687, 4, 102, 0, 42, ''),
(688, 4, 110, 0, 42, ''),
(689, 4, 87, 1, 42, 'westminster-teak-wooden-tiles.html'),
(690, 4, 87, 0, 42, 'westminster-teak-wooden-tiles.html'),
(691, 4, 60, 0, 43, 'Beige Ocher Limestone Flooring'),
(692, 4, 86, 0, 43, 'beige-ocher-limestone-flooring'),
(693, 4, 71, 0, 43, ''),
(694, 4, 73, 0, 43, ''),
(695, 4, 74, 0, 43, '/b/e/beige_ocher_limestone_flooring_1.png'),
(696, 4, 75, 0, 43, '/b/e/beige_ocher_limestone_flooring_1.png'),
(697, 4, 76, 0, 43, '/b/e/beige_ocher_limestone_flooring_1.png'),
(698, 4, 92, 0, 43, ''),
(699, 4, 96, 0, 43, ''),
(700, 4, 97, 0, 43, 'container1'),
(701, 4, 100, 0, 43, ''),
(702, 4, 101, 0, 43, ''),
(703, 4, 102, 0, 43, ''),
(704, 4, 110, 0, 43, ''),
(705, 4, 87, 1, 43, 'beige-ocher-limestone-flooring.html'),
(706, 4, 87, 0, 43, 'beige-ocher-limestone-flooring.html'),
(707, 4, 60, 0, 44, 'Donegal in Sabbia field tile'),
(708, 4, 86, 0, 44, 'donegal-in-sabbia-field-tile'),
(709, 4, 71, 0, 44, ''),
(710, 4, 73, 0, 44, ''),
(711, 4, 74, 0, 44, '/d/o/donegal_in_sabbia_16x_16_field_tile_1.png'),
(712, 4, 75, 0, 44, '/d/o/donegal_in_sabbia_16x_16_field_tile_1.png'),
(713, 4, 76, 0, 44, '/d/o/donegal_in_sabbia_16x_16_field_tile_1.png'),
(714, 4, 92, 0, 44, ''),
(715, 4, 96, 0, 44, ''),
(716, 4, 97, 0, 44, 'container1'),
(717, 4, 100, 0, 44, ''),
(718, 4, 101, 0, 44, ''),
(719, 4, 102, 0, 44, ''),
(720, 4, 110, 0, 44, ''),
(721, 4, 87, 1, 44, 'donegal-in-sabbia-field-tile.html'),
(722, 4, 87, 0, 44, 'donegal-in-sabbia-field-tile.html'),
(723, 4, 60, 0, 45, 'Edgefield in Beige'),
(724, 4, 86, 0, 45, 'edgefield-in-beige'),
(725, 4, 71, 0, 45, ''),
(726, 4, 73, 0, 45, ''),
(727, 4, 74, 0, 45, '/e/d/edgefield_in_beige_16x_16_field_tile_1.png'),
(728, 4, 75, 0, 45, '/e/d/edgefield_in_beige_16x_16_field_tile_1.png'),
(729, 4, 76, 0, 45, '/e/d/edgefield_in_beige_16x_16_field_tile_1.png'),
(730, 4, 92, 0, 45, ''),
(731, 4, 96, 0, 45, ''),
(732, 4, 97, 0, 45, 'container1'),
(733, 4, 100, 0, 45, ''),
(734, 4, 101, 0, 45, ''),
(735, 4, 102, 0, 45, ''),
(736, 4, 110, 0, 45, ''),
(737, 4, 87, 1, 45, 'edgefield-in-beige.html'),
(738, 4, 87, 0, 45, 'edgefield-in-beige.html'),
(739, 4, 60, 0, 46, 'Limestone from Burgundy'),
(740, 4, 86, 0, 46, 'limestone-from-burgundy'),
(741, 4, 71, 0, 46, ''),
(742, 4, 73, 0, 46, ''),
(743, 4, 74, 0, 46, '/l/i/limestone_from_burgundy_1.png'),
(744, 4, 75, 0, 46, '/l/i/limestone_from_burgundy_1.png'),
(745, 4, 76, 0, 46, '/l/i/limestone_from_burgundy_1.png'),
(746, 4, 92, 0, 46, ''),
(747, 4, 96, 0, 46, ''),
(748, 4, 97, 0, 46, 'container1'),
(749, 4, 100, 0, 46, ''),
(750, 4, 101, 0, 46, ''),
(751, 4, 102, 0, 46, ''),
(752, 4, 110, 0, 46, ''),
(753, 4, 87, 1, 46, 'limestone-from-burgundy.html'),
(754, 4, 87, 0, 46, 'limestone-from-burgundy.html'),
(755, 4, 60, 0, 47, 'Medium and fine grain Limestone Flooring'),
(756, 4, 86, 0, 47, 'medium-and-fine-grain-limestone-flooring'),
(757, 4, 71, 0, 47, ''),
(758, 4, 73, 0, 47, ''),
(759, 4, 74, 0, 47, '/m/e/medium_and_fine_grain_limestone_flooring_1.png'),
(760, 4, 75, 0, 47, '/m/e/medium_and_fine_grain_limestone_flooring_1.png'),
(761, 4, 76, 0, 47, '/m/e/medium_and_fine_grain_limestone_flooring_1.png'),
(762, 4, 92, 0, 47, ''),
(763, 4, 96, 0, 47, ''),
(764, 4, 97, 0, 47, 'container1'),
(765, 4, 100, 0, 47, ''),
(766, 4, 101, 0, 47, ''),
(767, 4, 102, 0, 47, ''),
(768, 4, 110, 0, 47, ''),
(769, 4, 87, 1, 47, 'medium-and-fine-grain-limestone-flooring.html'),
(770, 4, 87, 0, 47, 'medium-and-fine-grain-limestone-flooring.html'),
(771, 4, 60, 0, 48, 'Tarkett Aurice Beige'),
(772, 4, 86, 0, 48, 'tarkett-aurice-beige'),
(773, 4, 71, 0, 48, ''),
(774, 4, 73, 0, 48, ''),
(775, 4, 74, 0, 48, '/t/a/tarkett_aurice_beige_1.png'),
(776, 4, 75, 0, 48, '/t/a/tarkett_aurice_beige_1.png'),
(777, 4, 76, 0, 48, '/t/a/tarkett_aurice_beige_1.png'),
(778, 4, 92, 0, 48, ''),
(779, 4, 96, 0, 48, ''),
(780, 4, 97, 0, 48, 'container1'),
(781, 4, 100, 0, 48, ''),
(782, 4, 101, 0, 48, ''),
(783, 4, 102, 0, 48, ''),
(784, 4, 110, 0, 48, ''),
(785, 4, 87, 1, 48, 'tarkett-aurice-beige.html'),
(786, 4, 87, 0, 48, 'tarkett-aurice-beige.html'),
(787, 4, 60, 0, 49, 'Gerflor Cassiopee Super Vinyl'),
(788, 4, 86, 0, 49, 'gerflor-cassiopee-super-vinyl'),
(789, 4, 71, 0, 49, ''),
(790, 4, 73, 0, 49, ''),
(791, 4, 74, 0, 49, '/g/e/gerflor_cassiopee_grass_super_solar_vinyl_1.png'),
(792, 4, 75, 0, 49, '/g/e/gerflor_cassiopee_grass_super_solar_vinyl_1.png'),
(793, 4, 76, 0, 49, '/g/e/gerflor_cassiopee_grass_super_solar_vinyl_1.png'),
(794, 4, 92, 0, 49, ''),
(795, 4, 96, 0, 49, ''),
(796, 4, 97, 0, 49, 'container1'),
(797, 4, 100, 0, 49, ''),
(798, 4, 101, 0, 49, ''),
(799, 4, 102, 0, 49, ''),
(800, 4, 110, 0, 49, ''),
(801, 4, 87, 1, 49, 'gerflor-cassiopee-super-vinyl.html'),
(802, 4, 87, 0, 49, 'gerflor-cassiopee-super-vinyl.html'),
(803, 4, 60, 0, 50, 'Gerflor Damier Super Solar Vinyl'),
(804, 4, 86, 0, 50, 'gerflor-damier-super-solar-vinyl'),
(805, 4, 71, 0, 50, ''),
(806, 4, 73, 0, 50, ''),
(807, 4, 74, 0, 50, '/g/e/gerflor_damier_black_white_super_solar_vinyl_1.png'),
(808, 4, 75, 0, 50, '/g/e/gerflor_damier_black_white_super_solar_vinyl_1.png'),
(809, 4, 76, 0, 50, '/g/e/gerflor_damier_black_white_super_solar_vinyl_1.png'),
(810, 4, 92, 0, 50, ''),
(811, 4, 96, 0, 50, ''),
(812, 4, 97, 0, 50, 'container1'),
(813, 4, 100, 0, 50, ''),
(814, 4, 101, 0, 50, ''),
(815, 4, 102, 0, 50, ''),
(816, 4, 110, 0, 50, ''),
(817, 4, 87, 1, 50, 'gerflor-damier-super-solar-vinyl.html'),
(818, 4, 87, 0, 50, 'gerflor-damier-super-solar-vinyl.html'),
(819, 4, 60, 0, 51, 'Gerflor Jurassic Nuage Vinyl'),
(820, 4, 86, 0, 51, 'gerflor-jurassic-nuage-vinyl'),
(821, 4, 71, 0, 51, ''),
(822, 4, 73, 0, 51, ''),
(823, 4, 74, 0, 51, '/g/e/gerflor_jurassic_nuage_super_solar_vinyl_1.png'),
(824, 4, 75, 0, 51, '/g/e/gerflor_jurassic_nuage_super_solar_vinyl_1.png'),
(825, 4, 76, 0, 51, '/g/e/gerflor_jurassic_nuage_super_solar_vinyl_1.png'),
(826, 4, 92, 0, 51, ''),
(827, 4, 96, 0, 51, ''),
(828, 4, 97, 0, 51, 'container1'),
(829, 4, 100, 0, 51, ''),
(830, 4, 101, 0, 51, ''),
(831, 4, 102, 0, 51, ''),
(832, 4, 110, 0, 51, ''),
(833, 4, 87, 1, 51, 'gerflor-jurassic-nuage-vinyl.html'),
(834, 4, 87, 0, 51, 'gerflor-jurassic-nuage-vinyl.html'),
(835, 4, 60, 0, 52, 'Polyflor Romano Stone Vinyl'),
(836, 4, 86, 0, 52, 'polyflor-romano-stone-vinyl'),
(837, 4, 71, 0, 52, ''),
(838, 4, 73, 0, 52, ''),
(839, 4, 74, 0, 52, '/p/o/polyflor_romano_stone_tile_camaro_vinyl_1.png'),
(840, 4, 75, 0, 52, '/p/o/polyflor_romano_stone_tile_camaro_vinyl_1.png'),
(841, 4, 76, 0, 52, '/p/o/polyflor_romano_stone_tile_camaro_vinyl_1.png'),
(842, 4, 92, 0, 52, ''),
(843, 4, 96, 0, 52, ''),
(844, 4, 97, 0, 52, 'container1'),
(845, 4, 110, 0, 52, ''),
(846, 4, 100, 0, 52, ''),
(847, 4, 101, 0, 52, ''),
(848, 4, 102, 0, 52, ''),
(852, 4, 87, 1, 52, 'polyflor-romano-stone-vinyl.html'),
(853, 4, 87, 0, 52, 'polyflor-romano-stone-vinyl.html'),
(854, 4, 60, 0, 53, 'Tarkett Limestone Terracotta Vinyl'),
(855, 4, 86, 0, 53, 'tarkett-limestone-terracotta-vinyl'),
(856, 4, 71, 0, 53, ''),
(857, 4, 73, 0, 53, ''),
(858, 4, 74, 0, 53, '/t/a/tarkett_limestone_terracotta_vinyl_1.png'),
(859, 4, 75, 0, 53, '/t/a/tarkett_limestone_terracotta_vinyl_1.png'),
(860, 4, 76, 0, 53, '/t/a/tarkett_limestone_terracotta_vinyl_1.png'),
(861, 4, 92, 0, 53, ''),
(862, 4, 96, 0, 53, ''),
(863, 4, 97, 0, 53, 'container1'),
(864, 4, 100, 0, 53, ''),
(865, 4, 101, 0, 53, ''),
(866, 4, 102, 0, 53, ''),
(867, 4, 110, 0, 53, ''),
(868, 4, 87, 1, 53, 'tarkett-limestone-terracotta-vinyl.html'),
(869, 4, 87, 0, 53, 'tarkett-limestone-terracotta-vinyl.html'),
(870, 4, 60, 0, 54, 'Tarkett Quartza Black Vinyl'),
(871, 4, 86, 0, 54, 'tarkett-quartza-black-vinyl'),
(872, 4, 71, 0, 54, ''),
(873, 4, 73, 0, 54, ''),
(874, 4, 74, 0, 54, '/t/a/tarkett_quartza_black_vinyl_1.png'),
(875, 4, 75, 0, 54, '/t/a/tarkett_quartza_black_vinyl_1.png'),
(876, 4, 76, 0, 54, '/t/a/tarkett_quartza_black_vinyl_1.png'),
(877, 4, 92, 0, 54, ''),
(878, 4, 96, 0, 54, ''),
(879, 4, 97, 0, 54, 'container1'),
(880, 4, 100, 0, 54, ''),
(881, 4, 101, 0, 54, ''),
(882, 4, 102, 0, 54, ''),
(883, 4, 110, 0, 54, ''),
(884, 4, 87, 1, 54, 'tarkett-quartza-black-vinyl.html'),
(885, 4, 87, 0, 54, 'tarkett-quartza-black-vinyl.html'),
(886, 4, 60, 0, 55, 'Heritage Heights Collection by Bruce L0005 Teak/Komi Teak'),
(887, 4, 86, 0, 55, 'heritage-heights-collection-by-bruce-l0005-teak-komi-teak'),
(888, 4, 71, 0, 55, ''),
(889, 4, 73, 0, 55, ''),
(890, 4, 74, 0, 55, '/0/1/01.jpg'),
(891, 4, 75, 0, 55, '/0/1/01.jpg'),
(892, 4, 76, 0, 55, '/0/1/01.jpg'),
(893, 4, 92, 0, 55, ''),
(894, 4, 96, 0, 55, ''),
(895, 4, 97, 0, 55, 'container1'),
(896, 4, 100, 0, 55, ''),
(897, 4, 101, 0, 55, ''),
(898, 4, 102, 0, 55, ''),
(899, 4, 110, 0, 55, ''),
(900, 4, 87, 1, 55, 'heritage-heights-collection-by-bruce-l0005-teak-komi-teak.html'),
(901, 4, 87, 0, 55, 'heritage-heights-collection-by-bruce-l0005-teak-komi-teak.html'),
(902, 4, 60, 0, 56, 'Salvador by Shaw151 Figured  Maple'),
(903, 4, 86, 0, 56, 'salvador-by-shaw151-figured-maple'),
(904, 4, 71, 0, 56, ''),
(905, 4, 73, 0, 56, ''),
(906, 4, 74, 0, 56, '/0/2/02.jpg'),
(907, 4, 75, 0, 56, '/0/2/02.jpg'),
(908, 4, 76, 0, 56, '/0/2/02.jpg'),
(909, 4, 92, 0, 56, ''),
(910, 4, 96, 0, 56, ''),
(911, 4, 97, 0, 56, 'container1'),
(912, 4, 100, 0, 56, ''),
(913, 4, 101, 0, 56, ''),
(914, 4, 102, 0, 56, ''),
(915, 4, 110, 0, 56, ''),
(916, 4, 87, 1, 56, 'salvador-by-shaw151-figured-maple.html'),
(917, 4, 87, 0, 56, 'salvador-by-shaw151-figured-maple.html'),
(918, 4, 60, 0, 57, '00600 Blissful'),
(919, 4, 86, 0, 57, '00600-blissful'),
(920, 4, 71, 0, 57, ''),
(921, 4, 73, 0, 57, ''),
(922, 4, 74, 0, 57, '/0/3/03.jpg'),
(923, 4, 75, 0, 57, '/0/3/03.jpg'),
(924, 4, 76, 0, 57, '/0/3/03.jpg'),
(925, 4, 92, 0, 57, ''),
(926, 4, 96, 0, 57, ''),
(927, 4, 97, 0, 57, 'container1'),
(928, 4, 100, 0, 57, ''),
(929, 4, 101, 0, 57, ''),
(930, 4, 102, 0, 57, ''),
(931, 4, 110, 0, 57, ''),
(932, 4, 87, 1, 57, '00600-blissful.html'),
(933, 4, 87, 0, 57, '00600-blissful.html'),
(934, 4, 60, 0, 58, 'Great Scott by Queen 00100  Linen Mist'),
(935, 4, 86, 0, 58, 'great-scott-by-queen-00100-linen-mist'),
(936, 4, 71, 0, 58, ''),
(937, 4, 73, 0, 58, ''),
(938, 4, 74, 0, 58, '/0/4/04.jpg'),
(939, 4, 75, 0, 58, '/0/4/04.jpg'),
(940, 4, 76, 0, 58, '/0/4/04.jpg'),
(941, 4, 92, 0, 58, ''),
(942, 4, 96, 0, 58, ''),
(943, 4, 97, 0, 58, 'container1'),
(944, 4, 100, 0, 58, ''),
(945, 4, 101, 0, 58, ''),
(946, 4, 102, 0, 58, ''),
(947, 4, 110, 0, 58, ''),
(948, 4, 87, 1, 58, 'great-scott-by-queen-00100-linen-mist.html'),
(949, 4, 87, 0, 58, 'great-scott-by-queen-00100-linen-mist.html'),
(950, 4, 60, 0, 59, 'Salvador by Shaw151 Figured  Maple'),
(951, 4, 86, 0, 59, 'salvador-by-shaw151-figured-maple'),
(952, 4, 71, 0, 59, ''),
(953, 4, 73, 0, 59, ''),
(954, 4, 74, 0, 59, '/0/5/05.jpg'),
(955, 4, 75, 0, 59, '/0/5/05.jpg'),
(956, 4, 76, 0, 59, '/0/5/05.jpg'),
(957, 4, 92, 0, 59, ''),
(958, 4, 96, 0, 59, ''),
(959, 4, 97, 0, 59, 'container1'),
(960, 4, 100, 0, 59, ''),
(961, 4, 101, 0, 59, ''),
(962, 4, 102, 0, 59, ''),
(963, 4, 110, 0, 59, ''),
(964, 4, 87, 1, 59, 'salvador-by-shaw151-figured-maple-1.html'),
(965, 4, 87, 0, 59, 'salvador-by-shaw151-figured-maple-1.html'),
(966, 4, 60, 0, 60, 'Salvador by Shaw151 Figured  Maple'),
(967, 4, 86, 0, 60, 'salvador-by-shaw151-figured-maple'),
(968, 4, 71, 0, 60, ''),
(969, 4, 73, 0, 60, ''),
(970, 4, 74, 0, 60, '/0/6/06.jpg'),
(971, 4, 75, 0, 60, '/0/6/06.jpg'),
(972, 4, 76, 0, 60, '/0/6/06.jpg'),
(973, 4, 92, 0, 60, ''),
(974, 4, 96, 0, 60, ''),
(975, 4, 97, 0, 60, 'container1'),
(976, 4, 100, 0, 60, ''),
(977, 4, 101, 0, 60, ''),
(978, 4, 102, 0, 60, ''),
(979, 4, 110, 0, 60, ''),
(980, 4, 87, 1, 60, 'salvador-by-shaw151-figured-maple-2.html'),
(981, 4, 87, 0, 60, 'salvador-by-shaw151-figured-maple-2.html');

-- --------------------------------------------------------

--
-- Tábla szerkezet: `catalog_product_flat_1`
--

CREATE TABLE IF NOT EXISTS `catalog_product_flat_1` (
  `entity_id` int(10) unsigned NOT NULL auto_increment,
  `attribute_set_id` smallint(5) unsigned NOT NULL default '0',
  `type_id` varchar(32) NOT NULL default 'simple',
  `cost` decimal(12,4) default NULL,
  `created_at` datetime NOT NULL default '0000-00-00 00:00:00',
  `enable_googlecheckout` tinyint(1) default NULL,
  `gift_message_available` tinyint(1) default NULL,
  `has_options` smallint(6) NOT NULL default '0',
  `image_label` varchar(255) default NULL,
  `is_imported` tinyint(1) default NULL,
  `is_recurring` tinyint(1) default NULL,
  `links_exist` int(11) default NULL,
  `links_purchased_separately` int(11) default NULL,
  `links_title` varchar(255) default NULL,
  `name` varchar(255) default NULL,
  `news_from_date` datetime default NULL,
  `news_to_date` datetime default NULL,
  `price` decimal(12,4) default NULL,
  `price_type` int(11) default NULL,
  `price_view` int(11) default NULL,
  `recurring_profile` text,
  `required_options` tinyint(3) unsigned NOT NULL default '0',
  `shipment_type` int(11) default NULL,
  `short_description` text,
  `sku` varchar(64) default NULL,
  `sku_type` int(11) default NULL,
  `small_image` varchar(255) default NULL,
  `small_image_label` varchar(255) default NULL,
  `special_from_date` datetime default NULL,
  `special_price` decimal(12,4) default NULL,
  `special_to_date` datetime default NULL,
  `tax_class_id` int(11) default NULL,
  `thumbnail` varchar(255) default NULL,
  `thumbnail_label` varchar(255) default NULL,
  `updated_at` datetime NOT NULL default '0000-00-00 00:00:00',
  `url_key` varchar(255) default NULL,
  `url_path` varchar(255) default NULL,
  `visibility` tinyint(3) unsigned default NULL,
  `weight` decimal(12,4) default NULL,
  `weight_type` int(11) default NULL,
  PRIMARY KEY  (`entity_id`),
  KEY `IDX_TYPE_ID` (`type_id`),
  KEY `IDX_ATRRIBUTE_SET` (`attribute_set_id`),
  KEY `IDX_NAME` (`name`),
  KEY `IDX_PRICE` (`price`)
) ENGINE=InnoDB  DEFAULT CHARSET=utf8 AUTO_INCREMENT=61 ;

--
-- A tábla adatainak kiíratása `catalog_product_flat_1`
--

INSERT INTO `catalog_product_flat_1` (`entity_id`, `attribute_set_id`, `type_id`, `cost`, `created_at`, `enable_googlecheckout`, `gift_message_available`, `has_options`, `image_label`, `is_imported`, `is_recurring`, `links_exist`, `links_purchased_separately`, `links_title`, `name`, `news_from_date`, `news_to_date`, `price`, `price_type`, `price_view`, `recurring_profile`, `required_options`, `shipment_type`, `short_description`, `sku`, `sku_type`, `small_image`, `small_image_label`, `special_from_date`, `special_price`, `special_to_date`, `tax_class_id`, `thumbnail`, `thumbnail_label`, `updated_at`, `url_key`, `url_path`, `visibility`, `weight`, `weight_type`) VALUES
(1, 4, 'simple', NULL, '2011-04-12 13:35:03', 1, 0, 1, '', 0, 0, NULL, NULL, NULL, 'IndiB Branches Orange Rug', NULL, NULL, 75.6400, NULL, NULL, NULL, 1, NULL, '<p><strong>We are glad to welcome you</strong> at our store and sincerely hope that we will satisfy your needs. <strong>There is</strong> no surprise that flooring industry is all about strong traditions, premium quality and perfect servicing. <em>You should know that we work closely with Wood Flooring Association</em> to ensure the products that our clients receive from us will suit their requirements perfectly.</p>', 'IndiB Branches Orange Rug', NULL, '/i/n/indib_-_branches_orange_rug_1.png', '', NULL, NULL, NULL, 2, '/i/n/indib_-_branches_orange_rug_1.png', '', '2011-04-12 19:19:56', 'indib-branches-orange-rug', 'indib-branches-orange-rug.html', 4, 2.1000, NULL),
(2, 4, 'simple', NULL, '2011-04-12 13:37:54', 1, 0, 0, '', 0, 0, NULL, NULL, NULL, 'MohoDesign Fluid Rug', NULL, NULL, 104.5300, NULL, NULL, NULL, 0, NULL, '<p><strong>It is vitally important</strong> to build strong and reliable relationship with the client and this is a cornerstone of our philosophy. <strong>We are trying</strong> to do our best in making your presence at our store more comfortable and pleasant. <strong>Considering our huge</strong> experience we improve our servicing, products'' quality, implement new technologies and of course care about environmental part of our job. We are glad to welcome you at our store and sincerely hope that we will satisfy your needs.</p>', 'MohoDesign Fluid Rug', NULL, '/m/o/mohodesign_-_fluid_rug_1.png', '', NULL, NULL, NULL, 2, '/m/o/mohodesign_-_fluid_rug_1.png', '', '2011-04-12 19:22:02', 'mohodesign-fluid-rug', 'mohodesign-fluid-rug.html', 4, 2.3000, NULL),
(3, 4, 'simple', NULL, '2011-04-12 13:41:53', 1, 0, 1, '', 0, 0, NULL, NULL, NULL, 'MohoDesign Mag Rug', NULL, NULL, 93.3500, NULL, NULL, NULL, 1, NULL, '<p><strong>It is great</strong> honor for us to inform you that our company cooperates with the world-leading <strong>flooring</strong> manufacturers such as Lebex, <strong>Quickstep, Brintons Carpets</strong>, Ulster Carpets, Cormar and others. Whether you are looking for a luxury carpet or some laminated flooring - we always have something to offer to you and be sure that these products will be only of a premium quality. Our shop has all types of wood flooring from solid to laminated ones. Of course you may want to check out our products from the natural stone and ceramics too.</p>', 'MohoDesign Mag Rug', NULL, '/m/o/mohodesign_-_mag_rug_1.png', '', NULL, NULL, NULL, 2, '/m/o/mohodesign_-_mag_rug_1.png', '', '2011-04-12 19:24:04', 'mohodesign-mag-rug', 'mohodesign-mag-rug.html', 4, 2.4000, NULL),
(4, 4, 'simple', NULL, '2011-04-12 13:45:35', 1, 0, 0, '', 0, 0, NULL, NULL, NULL, 'SAVOY SHAG SAVOY STRIPE', NULL, NULL, 92.8200, NULL, NULL, NULL, 0, NULL, '<p><strong>We are glad to welcome you</strong> at our store and sincerely hope that we will satisfy your needs. <strong>There is</strong> no surprise that flooring industry is all about strong traditions, premium quality and perfect servicing. <em>You should know that we work closely with Wood Flooring Association</em> to ensure the products that our clients receive from us will suit their requirements perfectly.</p>', 'SAVOY SHAG SAVOY STRIPE', NULL, '/s/a/savoy_shag_savoy_stripe_1.png', '', NULL, NULL, NULL, 2, '/s/a/savoy_shag_savoy_stripe_1.png', '', '2011-04-12 19:25:05', 'savoy-shag-savoy-stripe', 'savoy-shag-savoy-stripe.html', 4, 2.0000, NULL),
(5, 4, 'simple', NULL, '2011-04-12 13:49:36', 1, 0, 1, '', 0, 0, NULL, NULL, NULL, 'Thrown Away Floral Rug', NULL, NULL, 102.4300, NULL, NULL, NULL, 1, NULL, '<p><strong>It is vitally important</strong> to build strong and reliable relationship with the client and this is a cornerstone of our philosophy. <strong>We are trying</strong> to do our best in making your presence at our store more comfortable and pleasant. <strong>Considering our huge</strong> experience we improve our servicing, products'' quality, implement new technologies and of course care about environmental part of our job. We are glad to welcome you at our store and sincerely hope that we will satisfy your needs.</p>', 'Thrown Away Floral Rug', NULL, '/t/h/thrown_away_green_floral_rug_1.png', '', NULL, NULL, NULL, 2, '/t/h/thrown_away_green_floral_rug_1.png', '', '2011-04-12 19:26:00', 'thrown-away-floral-rug', 'thrown-away-floral-rug.html', 4, 2.4000, NULL),
(6, 4, 'simple', NULL, '2011-04-12 13:51:43', 1, 0, 0, '', 0, 0, NULL, NULL, NULL, 'Traverse Modern Rug by Bowron', NULL, NULL, 73.2100, NULL, NULL, NULL, 0, NULL, '<p><strong>It is great</strong> honor for us to inform you that our company cooperates with the world-leading <strong>flooring</strong> manufacturers such as Lebex, <strong>Quickstep, Brintons Carpets</strong>, Ulster Carpets, Cormar and others. Whether you are looking for a luxury carpet or some laminated flooring - we always have something to offer to you and be sure that these products will be only of a premium quality. Our shop has all types of wood flooring from solid to laminated ones. Of course you may want to check out our products from the natural stone and ceramics too.</p>', 'Traverse Modern Rug by Bowron', NULL, '/t/r/traverse_modern_rug_by_bowron_1.png', '', NULL, NULL, NULL, 2, '/t/r/traverse_modern_rug_by_bowron_1.png', '', '2011-04-12 19:26:57', 'traverse-modern-rug-by-bowron', 'traverse-modern-rug-by-bowron.html', 4, 2.3000, NULL),
(7, 4, 'simple', NULL, '2011-04-12 13:56:05', 1, 0, 1, '', 0, 0, NULL, NULL, NULL, 'Berber Carpet', NULL, NULL, 91.2300, NULL, NULL, NULL, 1, NULL, '<p><strong>We are glad to welcome you</strong> at our store and sincerely hope that we will satisfy your needs. <strong>There is</strong> no surprise that flooring industry is all about strong traditions, premium quality and perfect servicing. <em>You should know that we work closely with Wood Flooring Association</em> to ensure the products that our clients receive from us will suit their requirements perfectly.</p>', 'Berber Carpet', NULL, '/b/e/berber_carpet_1_1.png', '', NULL, NULL, NULL, 2, '/b/e/berber_carpet_1_1.png', '', '2011-04-12 19:28:45', 'berber-carpet', 'berber-carpet.html', 4, 3.2000, NULL),
(8, 4, 'simple', NULL, '2011-04-12 14:02:31', 1, 0, 0, '', 0, 0, NULL, NULL, NULL, 'Cloth Bindings', NULL, NULL, 84.9700, NULL, NULL, NULL, 0, NULL, '<p><strong>It is vitally important</strong> to build strong and reliable relationship with the client and this is a cornerstone of our philosophy. <strong>We are trying</strong> to do our best in making your presence at our store more comfortable and pleasant. <strong>Considering our huge</strong> experience we improve our servicing, products'' quality, implement new technologies and of course care about environmental part of our job. We are glad to welcome you at our store and sincerely hope that we will satisfy your needs.</p>', 'Cloth Bindings', NULL, '/c/l/cloth_bindings_1.png', '', NULL, NULL, NULL, 2, '/c/l/cloth_bindings_1.png', '', '2011-04-12 19:30:51', 'cloth-bindings', 'cloth-bindings.html', 4, 2.8000, NULL),
(9, 4, 'simple', NULL, '2011-04-12 14:08:52', 1, 0, 1, '', 0, 0, NULL, NULL, NULL, 'Domo Mila Autumn Leaf Inspiration', NULL, NULL, 101.2400, NULL, NULL, NULL, 1, NULL, '<p><strong>It is great</strong> honor for us to inform you that our company cooperates with the world-leading <strong>flooring</strong> manufacturers such as Lebex, <strong>Quickstep, Brintons Carpets</strong>, Ulster Carpets, Cormar and others. Whether you are looking for a luxury carpet or some laminated flooring - we always have something to offer to you and be sure that these products will be only of a premium quality. Our shop has all types of wood flooring from solid to laminated ones. Of course you may want to check out our products from the natural stone and ceramics too.</p>', 'Domo Mila Autumn Leaf Inspiration', NULL, '/d/o/domo_mila_autumn_leaf_inspiration_1.png', '', NULL, NULL, NULL, 2, '/d/o/domo_mila_autumn_leaf_inspiration_1.png', '', '2011-04-12 19:32:16', 'domo-mila-autumn-leaf-inspiration', 'domo-mila-autumn-leaf-inspiration.html', 4, 2.2000, NULL),
(10, 4, 'simple', NULL, '2011-04-12 14:24:20', 1, 0, 0, '', 0, 0, NULL, NULL, NULL, 'Faux Leather Bindings', NULL, NULL, 85.5300, NULL, NULL, NULL, 0, NULL, '<p><strong>We are glad to welcome you</strong> at our store and sincerely hope that we will satisfy your needs. <strong>There is</strong> no surprise that flooring industry is all about strong traditions, premium quality and perfect servicing. <em>You should know that we work closely with Wood Flooring Association</em> to ensure the products that our clients receive from us will suit their requirements perfectly.</p>', 'Faux Leather Bindings', NULL, '/f/a/faux_leather_bindings_1.png', '', NULL, NULL, NULL, 2, '/f/a/faux_leather_bindings_1.png', '', '2011-04-12 19:33:27', 'faux-leather-bindings', 'faux-leather-bindings.html', 4, 3.3000, NULL),
(11, 4, 'simple', NULL, '2011-04-12 14:27:44', 1, 0, 1, '', 0, 0, NULL, NULL, NULL, 'Red And Green Floral Pattern', NULL, NULL, 113.4500, NULL, NULL, NULL, 1, NULL, '<p><strong>It is vitally important</strong> to build strong and reliable relationship with the client and this is a cornerstone of our philosophy. <strong>We are trying</strong> to do our best in making your presence at our store more comfortable and pleasant. <strong>Considering our huge</strong> experience we improve our servicing, products'' quality, implement new technologies and of course care about environmental part of our job. We are glad to welcome you at our store and sincerely hope that we will satisfy your needs.</p>', 'Red And Green Floral Pattern', NULL, '/r/e/red_and_green_floral_pattern_2.png', '', NULL, NULL, NULL, 2, '/r/e/red_and_green_floral_pattern_2.png', '', '2011-04-12 19:36:24', 'red-and-green-floral-pattern', 'red-and-green-floral-pattern.html', 4, 2.4000, NULL),
(12, 4, 'simple', NULL, '2011-04-12 14:30:57', 1, 0, 0, '', 0, 0, NULL, NULL, NULL, 'Sisal by Sisal', NULL, NULL, 74.5300, NULL, NULL, NULL, 0, NULL, '<p><strong>It is great</strong> honor for us to inform you that our company cooperates with the world-leading <strong>flooring</strong> manufacturers such as Lebex, <strong>Quickstep, Brintons Carpets</strong>, Ulster Carpets, Cormar and others. Whether you are looking for a luxury carpet or some laminated flooring - we always have something to offer to you and be sure that these products will be only of a premium quality. Our shop has all types of wood flooring from solid to laminated ones. Of course you may want to check out our products from the natural stone and ceramics too.</p>', 'Sisal by Sisal', NULL, '/s/i/sisal_by_sisal_1.png', '', NULL, NULL, NULL, 2, '/s/i/sisal_by_sisal_1.png', '', '2011-04-12 19:39:05', 'sisal-by-sisal', 'sisal-by-sisal.html', 4, 1.9000, NULL),
(13, 4, 'simple', NULL, '2011-04-12 16:39:48', 1, 0, 1, '', 0, 0, NULL, NULL, NULL, 'Bimini Twist', NULL, NULL, 104.6500, NULL, NULL, NULL, 1, NULL, '<p><strong>We are glad to welcome you</strong> at our store and sincerely hope that we will satisfy your needs. <strong>There is</strong> no surprise that flooring industry is all about strong traditions, premium quality and perfect servicing. <em>You should know that we work closely with Wood Flooring Association</em> to ensure the products that our clients receive from us will suit their requirements perfectly.</p>', 'Bimini Twist', NULL, '/b/i/bimini_twist_1.png', '', NULL, NULL, NULL, 2, '/b/i/bimini_twist_1.png', '', '2011-04-12 19:40:12', 'bimini-twist', 'bimini-twist.html', 4, 2.5000, NULL),
(14, 4, 'simple', NULL, '2011-04-12 16:41:53', 1, 0, 0, '', 0, 0, NULL, NULL, NULL, 'Creative Bindings', NULL, NULL, 75.6400, NULL, NULL, NULL, 0, NULL, '<p><strong>It is vitally important</strong> to build strong and reliable relationship with the client and this is a cornerstone of our philosophy. <strong>We are trying</strong> to do our best in making your presence at our store more comfortable and pleasant. <strong>Considering our huge</strong> experience we improve our servicing, products'' quality, implement new technologies and of course care about environmental part of our job. We are glad to welcome you at our store and sincerely hope that we will satisfy your needs.</p>', 'Creative Bindings', NULL, '/c/r/creative_bindings_1.png', '', NULL, NULL, NULL, 2, '/c/r/creative_bindings_1.png', '', '2011-04-12 19:41:18', 'creative-bindings', 'creative-bindings.html', 4, 3.2000, NULL),
(15, 4, 'simple', NULL, '2011-04-12 16:47:04', 1, 0, 1, '', 0, 0, NULL, NULL, NULL, 'Kaleidoscope style', NULL, NULL, 102.4300, NULL, NULL, NULL, 1, NULL, '<p><strong>It is great</strong> honor for us to inform you that our company cooperates with the world-leading <strong>flooring</strong> manufacturers such as Lebex, <strong>Quickstep, Brintons Carpets</strong>, Ulster Carpets, Cormar and others. Whether you are looking for a luxury carpet or some laminated flooring - we always have something to offer to you and be sure that these products will be only of a premium quality. Our shop has all types of wood flooring from solid to laminated ones. Of course you may want to check out our products from the natural stone and ceramics too.</p>', 'Kaleidoscope style', NULL, '/k/a/kaleidoscope_style_from_the_tufted_wool_carpet_collection_1.png', '', NULL, NULL, NULL, 2, '/k/a/kaleidoscope_style_from_the_tufted_wool_carpet_collection_1.png', '', '2011-04-12 19:43:11', 'kaleidoscope-style', 'kaleidoscope-style.html', 4, 1.9000, NULL),
(16, 4, 'simple', NULL, '2011-04-12 16:50:22', 1, 0, 0, '', 0, 0, NULL, NULL, NULL, 'One Border', NULL, NULL, 81.9700, NULL, NULL, NULL, 0, NULL, '<p><strong>We are glad to welcome you</strong> at our store and sincerely hope that we will satisfy your needs. <strong>There is</strong> no surprise that flooring industry is all about strong traditions, premium quality and perfect servicing. <em>You should know that we work closely with Wood Flooring Association</em> to ensure the products that our clients receive from us will suit their requirements perfectly.</p>', 'One Border', NULL, '/o/n/one_border_1.png', '', NULL, NULL, NULL, 2, '/o/n/one_border_1.png', '', '2011-04-12 19:47:55', 'one-border', 'one-border.html', 4, 2.4000, NULL),
(17, 4, 'simple', NULL, '2011-04-12 16:53:08', 1, 0, 1, '', 0, 0, NULL, NULL, NULL, 'Three Border', NULL, NULL, 75.3200, NULL, NULL, NULL, 1, NULL, '<p><strong>It is vitally important</strong> to build strong and reliable relationship with the client and this is a cornerstone of our philosophy. <strong>We are trying</strong> to do our best in making your presence at our store more comfortable and pleasant. <strong>Considering our huge</strong> experience we improve our servicing, products'' quality, implement new technologies and of course care about environmental part of our job. We are glad to welcome you at our store and sincerely hope that we will satisfy your needs.</p>', 'Three Border', NULL, '/t/h/three_border_1.png', '', NULL, NULL, NULL, 2, '/t/h/three_border_1.png', '', '2011-04-12 19:54:32', 'three-border', 'three-border.html', 4, 2.1000, NULL),
(18, 4, 'simple', NULL, '2011-04-12 16:54:52', 1, 0, 0, '', 0, 0, NULL, NULL, NULL, 'Two Border', NULL, NULL, 94.3200, NULL, NULL, NULL, 0, NULL, '<p><strong>It is great</strong> honor for us to inform you that our company cooperates with the world-leading <strong>flooring</strong> manufacturers such as Lebex, <strong>Quickstep, Brintons Carpets</strong>, Ulster Carpets, Cormar and others. Whether you are looking for a luxury carpet or some laminated flooring - we always have something to offer to you and be sure that these products will be only of a premium quality. Our shop has all types of wood flooring from solid to laminated ones. Of course you may want to check out our products from the natural stone and ceramics too.</p>', 'Two Border', NULL, '/t/w/two_border_1.png', '', NULL, NULL, NULL, 2, '/t/w/two_border_1.png', '', '2011-04-12 19:55:36', 'two-border', 'two-border.html', 4, 2.8000, NULL),
(19, 4, 'simple', NULL, '2011-04-12 16:58:03', 1, 0, 1, '', 0, 0, NULL, NULL, NULL, 'Caesarstone Apple Martini', NULL, NULL, 73.2100, NULL, NULL, NULL, 1, NULL, '<p><strong>We are glad to welcome you</strong> at our store and sincerely hope that we will satisfy your needs. <strong>There is</strong> no surprise that flooring industry is all about strong traditions, premium quality and perfect servicing. <em>You should know that we work closely with Wood Flooring Association</em> to ensure the products that our clients receive from us will suit their requirements perfectly.</p>', 'Caesarstone Apple Martini', NULL, '/c/a/caesarstone_apple_martini_1.png', '', NULL, NULL, NULL, 2, '/c/a/caesarstone_apple_martini_1.png', '', '2011-04-12 19:57:15', 'caesarstone-apple-martini', 'caesarstone-apple-martini.html', 4, 3.1000, NULL),
(20, 4, 'simple', NULL, '2011-04-12 17:00:02', 1, 0, 0, '', 0, 0, NULL, NULL, NULL, 'Firetable and Concrete Countertop', NULL, NULL, 75.3200, NULL, NULL, NULL, 0, NULL, '<p><strong>It is vitally important</strong> to build strong and reliable relationship with the client and this is a cornerstone of our philosophy. <strong>We are trying</strong> to do our best in making your presence at our store more comfortable and pleasant. <strong>Considering our huge</strong> experience we improve our servicing, products'' quality, implement new technologies and of course care about environmental part of our job. We are glad to welcome you at our store and sincerely hope that we will satisfy your needs.</p>', 'Firetable and Concrete Countertop', NULL, '/f/i/firetable_and_concrete_countertop_1.png', '', NULL, NULL, NULL, 2, '/f/i/firetable_and_concrete_countertop_1.png', '', '2011-04-12 19:59:26', 'firetable-and-concrete-countertop', 'firetable-and-concrete-countertop.html', 4, 3.2000, NULL),
(21, 4, 'simple', NULL, '2011-04-12 17:02:12', 1, 0, 1, '', 0, 0, NULL, NULL, NULL, 'Silestone Capri Limestone', NULL, NULL, 106.3800, NULL, NULL, NULL, 1, NULL, '<p><strong>It is great</strong> honor for us to inform you that our company cooperates with the world-leading <strong>flooring</strong> manufacturers such as Lebex, <strong>Quickstep, Brintons Carpets</strong>, Ulster Carpets, Cormar and others. Whether you are looking for a luxury carpet or some laminated flooring - we always have something to offer to you and be sure that these products will be only of a premium quality. Our shop has all types of wood flooring from solid to laminated ones. Of course you may want to check out our products from the natural stone and ceramics too.</p>', 'Silestone Capri Limestone', NULL, '/s/i/silestone___capri_limestone_1.png', '', NULL, NULL, NULL, 2, '/s/i/silestone___capri_limestone_1.png', '', '2011-04-12 20:01:02', 'silestone-capri-limestone', 'silestone-capri-limestone.html', 4, 3.7000, NULL),
(22, 4, 'simple', NULL, '2011-04-12 17:03:54', 1, 0, 0, '', 0, 0, NULL, NULL, NULL, 'Silestone Tao', NULL, NULL, 92.8200, NULL, NULL, NULL, 0, NULL, '<p><strong>We are glad to welcome you</strong> at our store and sincerely hope that we will satisfy your needs. <strong>There is</strong> no surprise that flooring industry is all about strong traditions, premium quality and perfect servicing. <em>You should know that we work closely with Wood Flooring Association</em> to ensure the products that our clients receive from us will suit their requirements perfectly.</p>', 'Silestone Tao', NULL, '/s/i/silestone_tao_1.png', '', NULL, NULL, NULL, 2, '/s/i/silestone_tao_1.png', '', '2011-04-12 20:02:46', 'silestone-tao', 'silestone-tao.html', 4, 3.2000, NULL),
(23, 4, 'simple', NULL, '2011-04-12 17:06:15', 1, 0, 1, '', 0, 0, NULL, NULL, NULL, 'Solid Surface Bedrock', NULL, NULL, 101.2400, NULL, NULL, NULL, 1, NULL, '<p><strong>It is vitally important</strong> to build strong and reliable relationship with the client and this is a cornerstone of our philosophy. <strong>We are trying</strong> to do our best in making your presence at our store more comfortable and pleasant. <strong>Considering our huge</strong> experience we improve our servicing, products'' quality, implement new technologies and of course care about environmental part of our job. We are glad to welcome you at our store and sincerely hope that we will satisfy your needs.</p>', 'Solid Surface Bedrock', NULL, '/s/o/solid_surface_bedrock_1.png', '', NULL, NULL, NULL, 2, '/s/o/solid_surface_bedrock_1.png', '', '2011-04-12 20:04:02', 'solid-surface-bedrock', 'solid-surface-bedrock.html', 4, 2.8000, NULL),
(24, 4, 'simple', NULL, '2011-04-12 17:07:58', 1, 0, 0, '', 0, 0, NULL, NULL, NULL, 'Solid Surface Bluestone', NULL, NULL, 123.6800, NULL, NULL, NULL, 0, NULL, '<p><strong>It is great</strong> honor for us to inform you that our company cooperates with the world-leading <strong>flooring</strong> manufacturers such as Lebex, <strong>Quickstep, Brintons Carpets</strong>, Ulster Carpets, Cormar and others. Whether you are looking for a luxury carpet or some laminated flooring - we always have something to offer to you and be sure that these products will be only of a premium quality. Our shop has all types of wood flooring from solid to laminated ones. Of course you may want to check out our products from the natural stone and ceramics too.</p>', 'Solid Surface Bluestone', NULL, '/s/o/solid_surface_bluestone_1.png', '', NULL, NULL, NULL, 2, '/s/o/solid_surface_bluestone_1.png', '', '2011-04-12 20:05:40', 'solid-surface-bluestone', 'solid-surface-bluestone.html', 4, 4.1000, NULL),
(25, 4, 'simple', NULL, '2011-04-12 17:11:14', 1, 0, 0, '', 0, 0, NULL, NULL, NULL, 'Kraus Brazillian Teak hardwood', NULL, NULL, 113.4500, NULL, NULL, NULL, 0, NULL, '<p><strong>We are glad to welcome you</strong> at our store and sincerely hope that we will satisfy your needs. <strong>There is</strong> no surprise that flooring industry is all about strong traditions, premium quality and perfect servicing. <em>You should know that we work closely with Wood Flooring Association</em> to ensure the products that our clients receive from us will suit their requirements perfectly.</p>', 'Kraus Brazillian Teak hardwood', NULL, '/k/r/kraus_brazillian_teak_hardwood_1.png', '', NULL, NULL, NULL, 2, '/k/r/kraus_brazillian_teak_hardwood_1.png', '', '2011-04-12 20:08:37', 'kraus-brazillian-teak-hardwood', 'kraus-brazillian-teak-hardwood.html', 4, 3.7000, NULL),
(26, 4, 'simple', NULL, '2011-04-12 17:13:21', 1, 0, 0, '', 0, 0, NULL, NULL, NULL, 'Kraus Golden Sadle hardwood', NULL, NULL, 93.3500, NULL, NULL, NULL, 0, NULL, '<p><strong>It is vitally important</strong> to build strong and reliable relationship with the client and this is a cornerstone of our philosophy. <strong>We are trying</strong> to do our best in making your presence at our store more comfortable and pleasant. <strong>Considering our huge</strong> experience we improve our servicing, products'' quality, implement new technologies and of course care about environmental part of our job. We are glad to welcome you at our store and sincerely hope that we will satisfy your needs.</p>', 'Kraus Golden Sadle hardwood', NULL, '/k/r/kraus_golden_sadle_oak_hardwood_1.png', '', NULL, NULL, NULL, 2, '/k/r/kraus_golden_sadle_oak_hardwood_1.png', '', '2011-04-12 20:12:35', 'kraus-golden-sadle-hardwood', 'kraus-golden-sadle-hardwood.html', 4, 3.3000, NULL),
(27, 4, 'simple', NULL, '2011-04-12 17:15:22', 1, 0, 0, '', 0, 0, NULL, NULL, NULL, 'Kraus Natural Hard Maple hardwood', NULL, NULL, 94.3200, NULL, NULL, NULL, 0, NULL, '<p><strong>It is great</strong> honor for us to inform you that our company cooperates with the world-leading <strong>flooring</strong> manufacturers such as Lebex, <strong>Quickstep, Brintons Carpets</strong>, Ulster Carpets, Cormar and others. Whether you are looking for a luxury carpet or some laminated flooring - we always have something to offer to you and be sure that these products will be only of a premium quality. Our shop has all types of wood flooring from solid to laminated ones. Of course you may want to check out our products from the natural stone and ceramics too.</p>', 'Kraus Natural Hard Maple hardwood', NULL, '/k/r/kraus_natural_hard_maple_hardwood_1.png', '', NULL, NULL, NULL, 2, '/k/r/kraus_natural_hard_maple_hardwood_1.png', '', '2011-04-13 05:14:51', 'kraus-natural-hard-maple-hardwood', 'kraus-natural-hard-maple-hardwood.html', 4, 3.2000, NULL),
(28, 4, 'simple', NULL, '2011-04-12 17:19:23', 1, 0, 0, '', 0, 0, NULL, NULL, NULL, 'Kraus Natural Red Oak hardwood', NULL, NULL, 95.5700, NULL, NULL, NULL, 0, NULL, '<p><strong>We are glad to welcome you</strong> at our store and sincerely hope that we will satisfy your needs. <strong>There is</strong> no surprise that flooring industry is all about strong traditions, premium quality and perfect servicing. <em>You should know that we work closely with Wood Flooring Association</em> to ensure the products that our clients receive from us will suit their requirements perfectly.</p>', 'Kraus Natural Red Oak hardwood', NULL, '/k/r/kraus_natural_red_oak_hardwood_1.png', '', NULL, NULL, NULL, 2, '/k/r/kraus_natural_red_oak_hardwood_1.png', '', '2011-04-13 05:15:59', 'kraus-natural-red-oak-hardwood', 'kraus-natural-red-oak-hardwood.html', 4, 2.5000, NULL),
(29, 4, 'simple', NULL, '2011-04-12 17:24:50', 1, 0, 0, '', 0, 0, NULL, NULL, NULL, 'Kraus Sienna Oak hardwood', NULL, NULL, 101.2400, NULL, NULL, NULL, 0, NULL, '<p><strong>It is vitally important</strong> to build strong and reliable relationship with the client and this is a cornerstone of our philosophy. <strong>We are trying</strong> to do our best in making your presence at our store more comfortable and pleasant. <strong>Considering our huge</strong> experience we improve our servicing, products'' quality, implement new technologies and of course care about environmental part of our job. We are glad to welcome you at our store and sincerely hope that we will satisfy your needs.</p>', 'Kraus Sienna Oak hardwood', NULL, '/k/r/kraus_sienna_oak_hardwood_1.png', '', NULL, NULL, NULL, 2, '/k/r/kraus_sienna_oak_hardwood_1.png', '', '2011-04-13 05:17:35', 'kraus-sienna-oak-hardwood', 'kraus-sienna-oak-hardwood.html', 4, 2.5000, NULL),
(30, 4, 'simple', NULL, '2011-04-12 17:27:14', 1, 0, 0, '', 0, 0, NULL, NULL, NULL, 'Kraus Tigerwood hardwood', NULL, NULL, 109.4500, NULL, NULL, NULL, 0, NULL, '<p><strong>It is great</strong> honor for us to inform you that our company cooperates with the world-leading <strong>flooring</strong> manufacturers such as Lebex, <strong>Quickstep, Brintons Carpets</strong>, Ulster Carpets, Cormar and others. Whether you are looking for a luxury carpet or some laminated flooring - we always have something to offer to you and be sure that these products will be only of a premium quality. Our shop has all types of wood flooring from solid to laminated ones. Of course you may want to check out our products from the natural stone and ceramics too.</p>', 'Kraus Tigerwood hardwood', NULL, '/k/r/kraus_tigerwood_hardwood_1.png', '', NULL, NULL, NULL, 2, '/k/r/kraus_tigerwood_hardwood_1.png', '', '2011-04-13 05:18:53', 'kraus-tigerwood-hardwood', 'kraus-tigerwood-hardwood.html', 4, 2.8000, NULL),
(31, 4, 'simple', NULL, '2011-04-12 17:29:59', 1, 0, 0, '', 0, 0, NULL, NULL, NULL, 'Elka Heartwood Maple Laminate', NULL, NULL, 74.5300, NULL, NULL, NULL, 0, NULL, '<p><strong>We are glad to welcome you</strong> at our store and sincerely hope that we will satisfy your needs. <strong>There is</strong> no surprise that flooring industry is all about strong traditions, premium quality and perfect servicing. <em>You should know that we work closely with Wood Flooring Association</em> to ensure the products that our clients receive from us will suit their requirements perfectly.</p>', 'Elka Heartwood Maple Laminate', NULL, '/e/l/elka_heartwood_maple_v-groove_8_mm_laminate_1.png', '', NULL, NULL, NULL, 2, '/e/l/elka_heartwood_maple_v-groove_8_mm_laminate_1.png', '', '2011-04-13 05:20:23', 'elka-heartwood-maple-laminate', 'elka-heartwood-maple-laminate.html', 4, 1.9000, NULL),
(32, 4, 'simple', NULL, '2011-04-12 17:32:27', 1, 0, 0, '', 0, 0, NULL, NULL, NULL, 'Kraus Augusta Cherry Laminate', NULL, NULL, 72.8600, NULL, NULL, NULL, 0, NULL, '<p><strong>It is vitally important</strong> to build strong and reliable relationship with the client and this is a cornerstone of our philosophy. <strong>We are trying</strong> to do our best in making your presence at our store more comfortable and pleasant. <strong>Considering our huge</strong> experience we improve our servicing, products'' quality, implement new technologies and of course care about environmental part of our job. We are glad to welcome you at our store and sincerely hope that we will satisfy your needs.</p>', 'Kraus Augusta Cherry Laminate', NULL, '/k/r/kraus_augusta_cherry_laminate_1.png', '', NULL, NULL, NULL, 2, '/k/r/kraus_augusta_cherry_laminate_1.png', '', '2011-04-13 05:21:21', 'kraus-augusta-cherry-laminate', 'kraus-augusta-cherry-laminate.html', 4, 2.1000, NULL),
(33, 4, 'simple', NULL, '2011-04-12 17:34:41', 1, 0, 0, '', 0, 0, NULL, NULL, NULL, 'Kraus Hartland Maple Laminate', NULL, NULL, 83.2300, NULL, NULL, NULL, 0, NULL, '<p><strong>It is great</strong> honor for us to inform you that our company cooperates with the world-leading <strong>flooring</strong> manufacturers such as Lebex, <strong>Quickstep, Brintons Carpets</strong>, Ulster Carpets, Cormar and others. Whether you are looking for a luxury carpet or some laminated flooring - we always have something to offer to you and be sure that these products will be only of a premium quality. Our shop has all types of wood flooring from solid to laminated ones. Of course you may want to check out our products from the natural stone and ceramics too.</p>', 'Kraus Hartland Maple Laminate', NULL, '/k/r/kraus_hartland_maple_laminate_1.png', '', NULL, NULL, NULL, 2, '/k/r/kraus_hartland_maple_laminate_1.png', '', '2011-04-13 05:22:09', 'kraus-hartland-maple-laminate', 'kraus-hartland-maple-laminate.html', 4, 2.1000, NULL),
(34, 4, 'simple', NULL, '2011-04-12 17:37:01', 1, 0, 0, '', 0, 0, NULL, NULL, NULL, 'Kraus Panama Teak Laminate', NULL, NULL, 82.9200, NULL, NULL, NULL, 0, NULL, '<p><strong>We are glad to welcome you</strong> at our store and sincerely hope that we will satisfy your needs. <strong>There is</strong> no surprise that flooring industry is all about strong traditions, premium quality and perfect servicing. <em>You should know that we work closely with Wood Flooring Association</em> to ensure the products that our clients receive from us will suit their requirements perfectly.</p>', 'Kraus Panama Teak Laminate', NULL, '/k/r/kraus_panama_teak_laminate_1.png', '', NULL, NULL, NULL, 2, '/k/r/kraus_panama_teak_laminate_1.png', '', '2011-04-13 05:22:58', 'kraus-panama-teak-laminate', 'kraus-panama-teak-laminate.html', 4, 2.2000, NULL),
(35, 4, 'simple', NULL, '2011-04-12 17:39:16', 1, 0, 0, '', 0, 0, NULL, NULL, NULL, 'Kraus Rustic Maple Laminate', NULL, NULL, 79.6200, NULL, NULL, NULL, 0, NULL, '<p><strong>It is vitally important</strong> to build strong and reliable relationship with the client and this is a cornerstone of our philosophy. <strong>We are trying</strong> to do our best in making your presence at our store more comfortable and pleasant. <strong>Considering our huge</strong> experience we improve our servicing, products'' quality, implement new technologies and of course care about environmental part of our job. We are glad to welcome you at our store and sincerely hope that we will satisfy your needs.</p>', 'Kraus Rustic Maple Laminate', NULL, '/k/r/kraus_rustic_maple_laminate_1.png', '', NULL, NULL, NULL, 2, '/k/r/kraus_rustic_maple_laminate_1.png', '', '2011-04-13 05:24:00', 'kraus-rustic-maple-laminate', 'kraus-rustic-maple-laminate.html', 4, 1.9000, NULL),
(36, 4, 'simple', NULL, '2011-04-12 17:40:53', 1, 0, 0, '', 0, 0, NULL, NULL, NULL, 'Kraus Spruce Laminate', NULL, NULL, 91.5600, NULL, NULL, NULL, 0, NULL, '<p><strong>It is great</strong> honor for us to inform you that our company cooperates with the world-leading <strong>flooring</strong> manufacturers such as Lebex, <strong>Quickstep, Brintons Carpets</strong>, Ulster Carpets, Cormar and others. Whether you are looking for a luxury carpet or some laminated flooring - we always have something to offer to you and be sure that these products will be only of a premium quality. Our shop has all types of wood flooring from solid to laminated ones. Of course you may want to check out our products from the natural stone and ceramics too.</p>', 'Kraus Spruce Laminate', NULL, '/k/r/kraus_spruce_laminate_1.png', '', NULL, NULL, NULL, 2, '/k/r/kraus_spruce_laminate_1.png', '', '2011-04-13 05:25:13', 'kraus-spruce-laminate', 'kraus-spruce-laminate.html', 4, 2.3000, NULL),
(37, 4, 'simple', NULL, '2011-04-12 17:42:57', 1, 0, 0, '', 0, 0, NULL, NULL, NULL, 'Calabria in Biscotti field tile', NULL, NULL, 83.6500, NULL, NULL, NULL, 0, NULL, '<p><strong>We are glad to welcome you</strong> at our store and sincerely hope that we will satisfy your needs. <strong>There is</strong> no surprise that flooring industry is all about strong traditions, premium quality and perfect servicing. <em>You should know that we work closely with Wood Flooring Association</em> to ensure the products that our clients receive from us will suit their requirements perfectly.</p>', 'Calabria in Biscotti field tile', NULL, '/c/a/calabria_in_biscotti_12x_12_field_tile_1.png', '', NULL, NULL, NULL, 2, '/c/a/calabria_in_biscotti_12x_12_field_tile_1.png', '', '2011-04-13 05:27:15', 'calabria-in-biscotti-field-tile', 'calabria-in-biscotti-field-tile.html', 4, 2.2000, NULL),
(38, 4, 'simple', NULL, '2011-04-12 17:46:16', 1, 0, 0, '', 0, 0, NULL, NULL, NULL, 'Polyflor Crema Slate Tile Camaro', NULL, NULL, 85.8600, NULL, NULL, NULL, 0, NULL, '<p><strong>It is vitally important</strong> to build strong and reliable relationship with the client and this is a cornerstone of our philosophy. <strong>We are trying</strong> to do our best in making your presence at our store more comfortable and pleasant. <strong>Considering our huge</strong> experience we improve our servicing, products'' quality, implement new technologies and of course care about environmental part of our job. We are glad to welcome you at our store and sincerely hope that we will satisfy your needs.</p>', 'Polyflor Crema Slate Tile Camaro', NULL, '/p/o/polyflor_crema_slate_tile_camaro_1.png', '', NULL, NULL, NULL, 2, '/p/o/polyflor_crema_slate_tile_camaro_1.png', '', '2011-04-13 05:28:31', 'polyflor-crema-slate-tile-camaro', 'polyflor-crema-slate-tile-camaro.html', 4, 3.2000, NULL),
(39, 4, 'simple', NULL, '2011-04-12 17:48:34', 1, 0, 0, '', 0, 0, NULL, NULL, NULL, 'Pompei Ceramic Tile', NULL, NULL, 92.8200, NULL, NULL, NULL, 0, NULL, '<p><strong>It is great</strong> honor for us to inform you that our company cooperates with the world-leading <strong>flooring</strong> manufacturers such as Lebex, <strong>Quickstep, Brintons Carpets</strong>, Ulster Carpets, Cormar and others. Whether you are looking for a luxury carpet or some laminated flooring - we always have something to offer to you and be sure that these products will be only of a premium quality. Our shop has all types of wood flooring from solid to laminated ones. Of course you may want to check out our products from the natural stone and ceramics too.</p>', 'Pompei Ceramic Tile', NULL, '/p/o/pompei_ceramic_tile_1.png', '', NULL, NULL, NULL, 2, '/p/o/pompei_ceramic_tile_1.png', '', '2011-04-13 05:29:38', 'pompei-ceramic-tile', 'pompei-ceramic-tile.html', 4, 2.1000, NULL),
(40, 4, 'simple', NULL, '2011-04-12 17:52:46', 1, 0, 0, '', 0, 0, NULL, NULL, NULL, 'Tarkett Black Antia', NULL, NULL, 83.2300, NULL, NULL, NULL, 0, NULL, '<p><strong>We are glad to welcome you</strong> at our store and sincerely hope that we will satisfy your needs. <strong>There is</strong> no surprise that flooring industry is all about strong traditions, premium quality and perfect servicing. <em>You should know that we work closely with Wood Flooring Association</em> to ensure the products that our clients receive from us will suit their requirements perfectly.</p>', 'Tarkett Black Antia', NULL, '/t/a/tarkett_black_antia_1.png', '', NULL, NULL, NULL, 2, '/t/a/tarkett_black_antia_1.png', '', '2011-04-13 05:30:37', 'tarkett-black-antia', 'tarkett-black-antia.html', 4, 1.9000, NULL),
(41, 4, 'simple', NULL, '2011-04-12 17:58:53', 1, 0, 0, '', 0, 0, NULL, NULL, NULL, 'Terra Antica Oro field tile', NULL, NULL, 91.5600, NULL, NULL, NULL, 0, NULL, '<p><strong>It is vitally important</strong> to build strong and reliable relationship with the client and this is a cornerstone of our philosophy. <strong>We are trying</strong> to do our best in making your presence at our store more comfortable and pleasant. <strong>Considering our huge</strong> experience we improve our servicing, products'' quality, implement new technologies and of course care about environmental part of our job. We are glad to welcome you at our store and sincerely hope that we will satisfy your needs.</p>', 'Terra Antica Oro field tile', NULL, '/t/e/terra_antica_oro_12x_12_field_tile_1.png', '', NULL, NULL, NULL, 2, '/t/e/terra_antica_oro_12x_12_field_tile_1.png', '', '2011-04-13 05:31:36', 'terra-antica-oro-field-tile', 'terra-antica-oro-field-tile.html', 4, 2.7000, NULL),
(42, 4, 'simple', NULL, '2011-04-12 18:05:00', 1, 0, 0, '', 0, 0, NULL, NULL, NULL, 'Westminster Teak Wooden Tiles', NULL, NULL, 96.5300, NULL, NULL, NULL, 0, NULL, '<p><strong>It is great</strong> honor for us to inform you that our company cooperates with the world-leading <strong>flooring</strong> manufacturers such as Lebex, <strong>Quickstep, Brintons Carpets</strong>, Ulster Carpets, Cormar and others. Whether you are looking for a luxury carpet or some laminated flooring - we always have something to offer to you and be sure that these products will be only of a premium quality. Our shop has all types of wood flooring from solid to laminated ones. Of course you may want to check out our products from the natural stone and ceramics too.</p>', 'Westminster Teak Wooden Tiles', NULL, '/w/e/westminster_teak_wooden_tiles_3.png', '', NULL, NULL, NULL, 2, '/w/e/westminster_teak_wooden_tiles_3.png', '', '2011-04-13 05:32:50', 'westminster-teak-wooden-tiles', 'westminster-teak-wooden-tiles.html', 4, 2.3000, NULL),
(43, 4, 'simple', NULL, '2011-04-12 18:07:54', 1, 0, 0, '', 0, 0, NULL, NULL, NULL, 'Beige Ocher Limestone Flooring', NULL, NULL, 85.5300, NULL, NULL, NULL, 0, NULL, '<p><strong>We are glad to welcome you</strong> at our store and sincerely hope that we will satisfy your needs. <strong>There is</strong> no surprise that flooring industry is all about strong traditions, premium quality and perfect servicing. <em>You should know that we work closely with Wood Flooring Association</em> to ensure the products that our clients receive from us will suit their requirements perfectly.</p>', 'Beige Ocher Limestone Flooring', NULL, '/b/e/beige_ocher_limestone_flooring_1.png', '', NULL, NULL, NULL, 2, '/b/e/beige_ocher_limestone_flooring_1.png', '', '2011-04-13 05:36:48', 'beige-ocher-limestone-flooring', 'beige-ocher-limestone-flooring.html', 4, 2.3000, NULL),
(44, 4, 'simple', NULL, '2011-04-12 18:10:45', 1, 0, 0, '', 0, 0, NULL, NULL, NULL, 'Donegal in Sabbia field tile', NULL, NULL, 112.4500, NULL, NULL, NULL, 0, NULL, '<p><strong>It is vitally important</strong> to build strong and reliable relationship with the client and this is a cornerstone of our philosophy. <strong>We are trying</strong> to do our best in making your presence at our store more comfortable and pleasant. <strong>Considering our huge</strong> experience we improve our servicing, products'' quality, implement new technologies and of course care about environmental part of our job. We are glad to welcome you at our store and sincerely hope that we will satisfy your needs.</p>', 'Donegal in Sabbia field tile', NULL, '/d/o/donegal_in_sabbia_16x_16_field_tile_1.png', '', NULL, NULL, NULL, 2, '/d/o/donegal_in_sabbia_16x_16_field_tile_1.png', '', '2011-04-13 05:37:49', 'donegal-in-sabbia-field-tile', 'donegal-in-sabbia-field-tile.html', 4, 3.6000, NULL),
(45, 4, 'simple', NULL, '2011-04-12 18:12:48', 1, 0, 0, '', 0, 0, NULL, NULL, NULL, 'Edgefield in Beige', NULL, NULL, 105.6700, NULL, NULL, NULL, 0, NULL, '<p><strong>It is great</strong> honor for us to inform you that our company cooperates with the world-leading <strong>flooring</strong> manufacturers such as Lebex, <strong>Quickstep, Brintons Carpets</strong>, Ulster Carpets, Cormar and others. Whether you are looking for a luxury carpet or some laminated flooring - we always have something to offer to you and be sure that these products will be only of a premium quality. Our shop has all types of wood flooring from solid to laminated ones. Of course you may want to check out our products from the natural stone and ceramics too.</p>', 'Edgefield in Beige', NULL, '/e/d/edgefield_in_beige_16x_16_field_tile_1.png', '', NULL, NULL, NULL, 2, '/e/d/edgefield_in_beige_16x_16_field_tile_1.png', '', '2011-04-13 05:38:43', 'edgefield-in-beige', 'edgefield-in-beige.html', 4, 3.2000, NULL),
(46, 4, 'simple', NULL, '2011-04-12 18:14:34', 1, 0, 0, '', 0, 0, NULL, NULL, NULL, 'Limestone from Burgundy', NULL, NULL, 104.6500, NULL, NULL, NULL, 0, NULL, '<p><strong>We are glad to welcome you</strong> at our store and sincerely hope that we will satisfy your needs. <strong>There is</strong> no surprise that flooring industry is all about strong traditions, premium quality and perfect servicing. <em>You should know that we work closely with Wood Flooring Association</em> to ensure the products that our clients receive from us will suit their requirements perfectly.</p>', 'Limestone from Burgundy', NULL, '/l/i/limestone_from_burgundy_1.png', '', NULL, NULL, NULL, 2, '/l/i/limestone_from_burgundy_1.png', '', '2011-04-13 05:39:44', 'limestone-from-burgundy', 'limestone-from-burgundy.html', 4, 3.1500, NULL),
(47, 4, 'simple', NULL, '2011-04-12 18:36:33', 1, 0, 0, '', 0, 0, NULL, NULL, NULL, 'Medium and fine grain Limestone Flooring', NULL, NULL, 102.4300, NULL, NULL, NULL, 0, NULL, '<p><strong>It is vitally important</strong> to build strong and reliable relationship with the client and this is a cornerstone of our philosophy. <strong>We are trying</strong> to do our best in making your presence at our store more comfortable and pleasant. <strong>Considering our huge</strong> experience we improve our servicing, products'' quality, implement new technologies and of course care about environmental part of our job. We are glad to welcome you at our store and sincerely hope that we will satisfy your needs.</p>', 'Medium and fine grain Limestone Flooring', NULL, '/m/e/medium_and_fine_grain_limestone_flooring_1.png', '', NULL, NULL, NULL, 2, '/m/e/medium_and_fine_grain_limestone_flooring_1.png', '', '2011-04-13 05:40:33', 'medium-and-fine-grain-limestone-flooring', 'medium-and-fine-grain-limestone-flooring.html', 4, 2.8000, NULL),
(48, 4, 'simple', NULL, '2011-04-12 18:39:05', 1, 0, 0, '', 0, 0, NULL, NULL, NULL, 'Tarkett Aurice Beige', NULL, NULL, 123.6800, NULL, NULL, NULL, 0, NULL, '<p><strong>It is great</strong> honor for us to inform you that our company cooperates with the world-leading <strong>flooring</strong> manufacturers such as Lebex, <strong>Quickstep, Brintons Carpets</strong>, Ulster Carpets, Cormar and others. Whether you are looking for a luxury carpet or some laminated flooring - we always have something to offer to you and be sure that these products will be only of a premium quality. Our shop has all types of wood flooring from solid to laminated ones. Of course you may want to check out our products from the natural stone and ceramics too.</p>', 'Tarkett Aurice Beige', NULL, '/t/a/tarkett_aurice_beige_1.png', '', NULL, NULL, NULL, 2, '/t/a/tarkett_aurice_beige_1.png', '', '2011-04-13 05:47:55', 'tarkett-aurice-beige', 'tarkett-aurice-beige.html', 4, 3.2000, NULL),
(49, 4, 'simple', NULL, '2011-04-12 18:43:40', 1, 0, 1, '', 0, 0, NULL, NULL, NULL, 'Gerflor Cassiopee Super Vinyl', NULL, NULL, 87.4600, NULL, NULL, NULL, 1, NULL, '<p><strong>We are glad to welcome you</strong> at our store and sincerely hope that we will satisfy your needs. <strong>There is</strong> no surprise that flooring industry is all about strong traditions, premium quality and perfect servicing. <em>You should know that we work closely with Wood Flooring Association</em> to ensure the products that our clients receive from us will suit their requirements perfectly.</p>', 'Gerflor Cassiopee Super Vinyl', NULL, '/g/e/gerflor_cassiopee_grass_super_solar_vinyl_1.png', '', NULL, NULL, NULL, 2, '/g/e/gerflor_cassiopee_grass_super_solar_vinyl_1.png', '', '2011-04-13 05:48:43', 'gerflor-cassiopee-super-vinyl', 'gerflor-cassiopee-super-vinyl.html', 4, 2.1000, NULL),
(50, 4, 'simple', NULL, '2011-04-12 18:46:58', 1, 0, 0, '', 0, 0, NULL, NULL, NULL, 'Gerflor Damier Super Solar Vinyl', NULL, NULL, 85.5300, NULL, NULL, NULL, 0, NULL, '<p><strong>It is vitally important</strong> to build strong and reliable relationship with the client and this is a cornerstone of our philosophy. <strong>We are trying</strong> to do our best in making your presence at our store more comfortable and pleasant. <strong>Considering our huge</strong> experience we improve our servicing, products'' quality, implement new technologies and of course care about environmental part of our job. We are glad to welcome you at our store and sincerely hope that we will satisfy your needs.</p>', 'Gerflor Damier Super Solar Vinyl', NULL, '/g/e/gerflor_damier_black_white_super_solar_vinyl_1.png', '', NULL, NULL, NULL, 2, '/g/e/gerflor_damier_black_white_super_solar_vinyl_1.png', '', '2011-04-13 05:49:38', 'gerflor-damier-super-solar-vinyl', 'gerflor-damier-super-solar-vinyl.html', 4, 2.8000, NULL),
(51, 4, 'simple', NULL, '2011-04-12 18:49:15', 1, 0, 1, '', 0, 0, NULL, NULL, NULL, 'Gerflor Jurassic Nuage Vinyl', NULL, NULL, 92.7600, NULL, NULL, NULL, 1, NULL, '<p><strong>It is great</strong> honor for us to inform you that our company cooperates with the world-leading <strong>flooring</strong> manufacturers such as Lebex, <strong>Quickstep, Brintons Carpets</strong>, Ulster Carpets, Cormar and others. Whether you are looking for a luxury carpet or some laminated flooring - we always have something to offer to you and be sure that these products will be only of a premium quality. Our shop has all types of wood flooring from solid to laminated ones. Of course you may want to check out our products from the natural stone and ceramics too.</p>', 'Gerflor Jurassic Nuage Vinyl', NULL, '/g/e/gerflor_jurassic_nuage_super_solar_vinyl_1.png', '', NULL, NULL, NULL, 2, '/g/e/gerflor_jurassic_nuage_super_solar_vinyl_1.png', '', '2011-04-13 05:50:30', 'gerflor-jurassic-nuage-vinyl', 'gerflor-jurassic-nuage-vinyl.html', 4, 2.5000, NULL),
(52, 4, 'simple', NULL, '2011-04-12 18:50:57', 1, 0, 0, '', 0, 0, NULL, NULL, NULL, 'Polyflor Romano Stone Vinyl', NULL, NULL, 85.5300, NULL, NULL, NULL, 0, NULL, '<p><strong>We are glad to welcome you</strong> at our store and sincerely hope that we will satisfy your needs. <strong>There is</strong> no surprise that flooring industry is all about strong traditions, premium quality and perfect servicing. <em>You should know that we work closely with Wood Flooring Association</em> to ensure the products that our clients receive from us will suit their requirements perfectly.</p>', 'Polyflor Romano Stone Vinyl', NULL, '/p/o/polyflor_romano_stone_tile_camaro_vinyl_1.png', '', NULL, NULL, NULL, 2, '/p/o/polyflor_romano_stone_tile_camaro_vinyl_1.png', '', '2011-04-13 05:51:27', 'polyflor-romano-stone-vinyl', 'polyflor-romano-stone-vinyl.html', 4, 1.9000, NULL),
(53, 4, 'simple', NULL, '2011-04-12 18:54:51', 1, 0, 1, '', 0, 0, NULL, NULL, NULL, 'Tarkett Limestone Terracotta Vinyl', NULL, NULL, 89.2500, NULL, NULL, NULL, 1, NULL, '<p><strong>It is vitally important</strong> to build strong and reliable relationship with the client and this is a cornerstone of our philosophy. <strong>We are trying</strong> to do our best in making your presence at our store more comfortable and pleasant. <strong>Considering our huge</strong> experience we improve our servicing, products'' quality, implement new technologies and of course care about environmental part of our job. We are glad to welcome you at our store and sincerely hope that we will satisfy your needs.</p>', 'Tarkett Limestone Terracotta Vinyl', NULL, '/t/a/tarkett_limestone_terracotta_vinyl_1.png', '', NULL, NULL, NULL, 2, '/t/a/tarkett_limestone_terracotta_vinyl_1.png', '', '2011-04-13 05:52:12', 'tarkett-limestone-terracotta-vinyl', 'tarkett-limestone-terracotta-vinyl.html', 4, 2.3000, NULL);
INSERT INTO `catalog_product_flat_1` (`entity_id`, `attribute_set_id`, `type_id`, `cost`, `created_at`, `enable_googlecheckout`, `gift_message_available`, `has_options`, `image_label`, `is_imported`, `is_recurring`, `links_exist`, `links_purchased_separately`, `links_title`, `name`, `news_from_date`, `news_to_date`, `price`, `price_type`, `price_view`, `recurring_profile`, `required_options`, `shipment_type`, `short_description`, `sku`, `sku_type`, `small_image`, `small_image_label`, `special_from_date`, `special_price`, `special_to_date`, `tax_class_id`, `thumbnail`, `thumbnail_label`, `updated_at`, `url_key`, `url_path`, `visibility`, `weight`, `weight_type`) VALUES
(54, 4, 'simple', NULL, '2011-04-12 18:56:47', 1, 0, 0, '', 0, 0, NULL, NULL, NULL, 'Tarkett Quartza Black Vinyl', NULL, NULL, 91.2300, NULL, NULL, NULL, 0, NULL, '<p><strong>It is great</strong> honor for us to inform you that our company cooperates with the world-leading <strong>flooring</strong> manufacturers such as Lebex, <strong>Quickstep, Brintons Carpets</strong>, Ulster Carpets, Cormar and others. Whether you are looking for a luxury carpet or some laminated flooring - we always have something to offer to you and be sure that these products will be only of a premium quality. Our shop has all types of wood flooring from solid to laminated ones. Of course you may want to check out our products from the natural stone and ceramics too.</p>', 'Tarkett Quartza Black Vinyl', NULL, '/t/a/tarkett_quartza_black_vinyl_1.png', '', NULL, NULL, NULL, 2, '/t/a/tarkett_quartza_black_vinyl_1.png', '', '2011-04-13 05:53:07', 'tarkett-quartza-black-vinyl', 'tarkett-quartza-black-vinyl.html', 4, 2.1000, NULL),
(55, 4, 'simple', NULL, '2011-04-15 14:10:53', 1, 0, 0, '', 0, 0, NULL, NULL, NULL, 'Heritage Heights Collection by Bruce L0005 Teak/Komi Teak', '2011-04-15 00:00:00', '2047-04-16 00:00:00', 125.8900, NULL, NULL, NULL, 0, NULL, '<p><strong>It is vitally important</strong> to build strong and reliable relationship with the client and this is a cornerstone of our philosophy. <strong>We are trying</strong> to do our best in making your presence at our store more comfortable and pleasant. <strong>Considering our huge</strong> experience we improve our servicing, products'' quality, implement new technologies and of course care about environmental part of our job. We are glad to welcome you at our store and sincerely hope that we will satisfy your needs.</p>', 'Heritage Heights Collection by Bruce L0005 Teak/Komi Teak', NULL, '/0/1/01.jpg', '', NULL, NULL, NULL, 2, '/0/1/01.jpg', '', '2011-04-15 14:12:13', 'heritage-heights-collection-by-bruce-l0005-teak-komi-teak', 'heritage-heights-collection-by-bruce-l0005-teak-komi-teak.html', 4, 1.5000, NULL),
(56, 4, 'simple', NULL, '2011-04-15 14:20:49', 1, 0, 1, '', 0, 0, NULL, NULL, NULL, 'Salvador by Shaw151 Figured  Maple', '2011-04-15 00:00:00', '2045-04-18 00:00:00', 225.8900, NULL, NULL, NULL, 1, NULL, '<p><strong>It is great</strong> honor for us to inform you that our company cooperates with the world-leading <strong>flooring</strong> manufacturers such as Lebex, <strong>Quickstep, Brintons Carpets</strong>, Ulster Carpets, Cormar and others. Whether you are looking for a luxury carpet or some laminated flooring - we always have something to offer to you and be sure that these products will be only of a premium quality. Our shop has all types of wood flooring from solid to laminated ones. Of course you may want to check out our products from the natural stone and ceramics too.</p>', 'Salvador by Shaw151 Figured  Maple', NULL, '/0/2/02.jpg', '', NULL, NULL, NULL, 2, '/0/2/02.jpg', '', '2011-04-15 14:26:01', 'salvador-by-shaw151-figured-maple', 'salvador-by-shaw151-figured-maple.html', 4, 2.5000, NULL),
(57, 4, 'simple', NULL, '2011-04-15 14:36:47', 1, 0, 0, '', 0, 0, NULL, NULL, NULL, '00600 Blissful', '2011-04-15 00:00:00', '2046-04-17 00:00:00', 45.8900, NULL, NULL, NULL, 0, NULL, '<p><strong>It is great</strong> honor for us to inform you that our company cooperates with the world-leading <strong>flooring</strong> manufacturers such as Lebex, <strong>Quickstep, Brintons Carpets</strong>, Ulster Carpets, Cormar and others. Whether you are looking for a luxury carpet or some laminated flooring - we always have something to offer to you and be sure that these products will be only of a premium quality. Our shop has all types of wood flooring from solid to laminated ones. Of course you may want to check out our products from the natural stone and ceramics too.</p>', '00600 Blissful', NULL, '/0/3/03.jpg', '', NULL, NULL, NULL, 2, '/0/3/03.jpg', '', '2011-04-15 14:36:47', '00600-blissful', '00600-blissful.html', 4, 2.5000, NULL),
(58, 4, 'simple', NULL, '2011-04-15 15:07:20', 1, 0, 1, '', 0, 0, NULL, NULL, NULL, 'Great Scott by Queen 00100  Linen Mist', '2011-04-15 00:00:00', '2045-04-19 00:00:00', 75.8900, NULL, NULL, NULL, 1, NULL, '<p><strong>We are glad to welcome you</strong> at our store and sincerely hope that we will satisfy your needs. <strong>There is</strong> no surprise that flooring industry is all about strong traditions, premium quality and perfect servicing. <em>You should know that we work closely with Wood Flooring Association</em> to ensure the products that our clients receive from us will suit their requirements perfectly.</p>', 'Great Scott by Queen 00100  Linen Mist', NULL, '/0/4/04.jpg', '', NULL, NULL, NULL, 2, '/0/4/04.jpg', '', '2011-04-15 15:07:20', 'great-scott-by-queen-00100-linen-mist', 'great-scott-by-queen-00100-linen-mist.html', 4, 2.4000, NULL),
(59, 4, 'simple', NULL, '2011-04-15 15:21:50', 1, 0, 0, '', 0, 0, NULL, NULL, NULL, 'Salvador by Shaw151 Figured  Maple', '2011-04-15 00:00:00', '2044-04-12 00:00:00', 25.8900, NULL, NULL, NULL, 0, NULL, '<p><strong>We are glad to welcome you</strong> at our store and sincerely hope that we will satisfy your needs. <strong>There is</strong> no surprise that flooring industry is all about strong traditions, premium quality and perfect servicing. <em>You should know that we work closely with Wood Flooring Association</em> to ensure the products that our clients receive from us will suit their requirements perfectly.</p>', 'Salvador by Shaw151 Figured', NULL, '/0/5/05.jpg', '', NULL, NULL, NULL, 2, '/0/5/05.jpg', '', '2011-04-15 15:21:50', 'salvador-by-shaw151-figured-maple', 'salvador-by-shaw151-figured-maple-1.html', 4, 2.5000, NULL),
(60, 4, 'simple', NULL, '2011-04-15 15:28:13', 1, 0, 1, '', 0, 0, NULL, NULL, NULL, 'Salvador by Shaw151 Figured  Maple', '2011-04-15 00:00:00', '2043-04-14 00:00:00', 25.8900, NULL, NULL, NULL, 1, NULL, '<p><strong>It is vitally important</strong> to build strong and reliable relationship with the client and this is a cornerstone of our philosophy. <strong>We are trying</strong> to do our best in making your presence at our store more comfortable and pleasant. <strong>Considering our huge</strong> experience we improve our servicing, products'' quality, implement new technologies and of course care about environmental part of our job. We are glad to welcome you at our store and sincerely hope that we will satisfy your needs.</p>', 'Salvador by Shaw15', NULL, '/0/6/06.jpg', '', NULL, NULL, NULL, 2, '/0/6/06.jpg', '', '2011-04-15 15:29:51', 'salvador-by-shaw151-figured-maple', 'salvador-by-shaw151-figured-maple-2.html', 4, 2.4000, NULL);

-- --------------------------------------------------------

--
-- Tábla szerkezet: `catalog_product_index_eav`
--

