-- http://www.phpmyadmin.net
--
-- Hoszt: localhost
-- Létrehozás ideje: 2015. jún. 02. 14:22
-- Szerver verzió: 5.0.87
-- PHP verzió: 5.2.6-1+lenny13




--
-- Adatbázis: `gamiro`
--

-- --------------------------------------------------------

--
-- Tábla szerkezet: `ads`
--

CREATE TABLE IF NOT EXISTS `ads` (
  `ad_id` int(10) unsigned NOT NULL auto_increment,
  `ad_package_id` int(10) unsigned NOT NULL,
  `place_id` int(10) unsigned NOT NULL,
  `ad_begin_date` datetime NOT NULL,
  `ad_end_date` datetime NOT NULL,
  `ad_enabled` tinyint(3) unsigned NOT NULL default '0',
  `ad_discount` tinyint(3) unsigned NOT NULL default '0',
  `ad_remaining_splash_count` int(11) unsigned NOT NULL default '0',
  `ad_remaining_special_count` int(11) unsigned NOT NULL default '0',
  `ad_remaining_pushnotification_count` int(11) unsigned NOT NULL default '0',
  `ad_remaining_event_count` int(11) unsigned NOT NULL default '0',
  PRIMARY KEY  (`ad_id`),
  KEY `ad_package_id` (`ad_package_id`),
  KEY `place_id` (`place_id`)
) ENGINE=InnoDB  DEFAULT CHARSET=utf8 COMMENT='Plixapp Kft.' AUTO_INCREMENT=48 ;

--
-- A tábla adatainak kiíratása `ads`
--

INSERT INTO `ads` (`ad_id`, `ad_package_id`, `place_id`, `ad_begin_date`, `ad_end_date`, `ad_enabled`, `ad_discount`, `ad_remaining_splash_count`, `ad_remaining_special_count`, `ad_remaining_pushnotification_count`, `ad_remaining_event_count`) VALUES
(22, 2, 37, '2014-04-07 21:21:00', '2014-04-30 00:00:00', 1, 0, 0, 1, 0, 0),
(23, 1, 38, '2014-04-07 21:48:00', '2014-04-30 00:00:00', 1, 0, 0, 3, 0, 1),
(24, 1, 39, '2014-04-08 21:34:00', '2014-04-30 00:00:00', 1, 0, 0, 4, 0, 3),
(25, 11, 40, '2014-04-08 21:46:00', '2014-04-30 00:00:00', 1, 10, 1, 49, 0, 50),
(26, 2, 41, '2014-04-10 14:28:00', '2014-04-30 00:00:00', 1, 0, 0, 1, 0, 0),
(27, 1, 42, '2014-04-10 00:00:00', '2014-04-30 00:00:00', 1, 0, 0, 4, 0, 2),
(28, 1, 42, '2014-04-10 15:37:00', '2014-04-30 00:00:00', 1, 0, 0, 4, 0, 3),
(29, 2, 43, '2014-04-10 22:20:00', '2014-04-30 00:00:00', 1, 0, 0, 1, 0, 0),
(30, 6, 44, '2014-04-14 15:38:00', '2014-04-30 00:00:00', 1, 0, 0, 0, 0, 0),
(31, 12, 44, '2014-04-15 07:36:00', '2014-04-30 00:00:00', 1, 0, 1, 50, 0, 49),
(32, 12, 45, '2014-04-16 14:32:00', '2014-04-30 00:00:00', 1, 0, 1, 50, 0, 50),
(33, 12, 50, '2014-04-25 12:43:00', '2014-04-30 00:00:00', 1, 0, 1, 49, 0, 49),
(34, 12, 52, '2014-04-25 14:17:00', '2014-04-30 00:00:00', 1, 0, 1, 50, 0, 49),
(35, 8, 55, '2014-05-12 00:00:00', '2014-12-30 00:00:00', 0, 0, 10, 0, 0, 0),
(36, 12, 38, '2014-05-18 19:04:00', '2015-06-30 00:00:00', 1, 0, 0, 50, 0, 50),
(37, 1, 143, '2014-05-19 08:42:00', '2014-05-31 00:00:00', 0, 0, 0, 4, 10, 3),
(38, 1, 401, '2014-06-20 00:00:00', '2014-08-31 00:00:00', 1, 0, 100, 100, 0, 94),
(39, 1, 46, '2014-06-20 00:00:00', '2014-08-31 00:00:00', 1, 0, 100, 100, 10, 99),
(40, 1, 402, '2014-06-20 00:00:00', '2014-09-30 00:00:00', 1, 0, 100, 100, 10, 99),
(41, 1, 403, '2014-06-20 00:00:00', '2014-09-30 00:00:00', 1, 0, 100, 100, 10, 87),
(42, 1, 427, '2014-08-17 00:00:00', '2014-12-31 00:00:00', 1, 0, 100, 100, 0, 99),
(43, 1, 428, '2014-08-17 00:00:00', '2015-02-28 00:00:00', 1, 0, 100, 100, 10, 99),
(44, 1, 429, '2014-08-20 00:00:00', '2015-12-31 00:00:00', 1, 0, 100, 100, 10, 99),
(45, 1, 430, '2014-08-20 00:00:00', '2016-01-31 00:00:00', 1, 0, 100, 100, 10, 89),
(46, 1, 431, '2014-09-03 00:00:00', '2015-01-31 00:00:00', 1, 0, 100, 100, 0, 99),
(47, 1, 433, '2014-09-03 00:00:00', '2015-07-31 00:00:00', 1, 0, 100, 100, 10, 99);

-- --------------------------------------------------------

--
-- A nézet helyettes szerkezete `ads_view`
--
CREATE TABLE IF NOT EXISTS `ads_view` (
`app_id` int(10) unsigned
,`app_name` varchar(255)
,`place_id` int(10) unsigned
,`place_name` varchar(100)
,`ad_package_id` int(10) unsigned
,`ad_package_name` varchar(255)
,`ad_package_price` float
,`ad_package_type_splash_count` int(10) unsigned
,`ad_package_type_special_count` int(10) unsigned
,`ad_package_type_pushnotification_count` int(10) unsigned
,`ad_package_type_event_count` int(10) unsigned
,`ad_package_min_day` int(10) unsigned
,`ad_package_qr_code_enabled` tinyint(4) unsigned
,`ad_package_coupon_enabled` tinyint(4) unsigned
,`ad_id` int(10) unsigned
,`ad_begin_date` datetime
,`ad_end_date` datetime
,`ad_enabled` tinyint(3) unsigned
,`ad_package_qr_point` tinyint(4) unsigned
,`ad_package_coupon_point` tinyint(4) unsigned
,`place_qr_code` varchar(255)
,`ad_remaining_splash_count` int(11) unsigned
,`ad_remaining_special_count` int(11) unsigned
,`ad_remaining_pushnotification_count` int(11) unsigned
,`ad_remaining_event_count` int(11) unsigned
);
-- --------------------------------------------------------

--
-- Tábla szerkezet: `advertiser_segments`
--

CREATE TABLE IF NOT EXISTS `advertiser_segments` (
  `advertiser_segment_id` int(10) unsigned NOT NULL auto_increment,
  `advertiser_segment_code` int(10) unsigned NOT NULL COMMENT 'hirdetői szegmens kódja',
  `advertiser_segment_type_id` int(10) unsigned NOT NULL,
  `app_id` int(11) unsigned NOT NULL,
  PRIMARY KEY  (`advertiser_segment_id`),
  UNIQUE KEY `advertiser_segment_code_app_id` (`advertiser_segment_code`,`app_id`),
  KEY `advertiser_segment_type_id` (`advertiser_segment_type_id`),
  KEY `app_id` (`app_id`)
) ENGINE=InnoDB  DEFAULT CHARSET=utf8 COMMENT='Plixapp Kft.\r\n\r\na képeket a kódból és a nyelvből képezzük va' AUTO_INCREMENT=140 ;

--
-- A tábla adatainak kiíratása `advertiser_segments`
--

INSERT INTO `advertiser_segments` (`advertiser_segment_id`, `advertiser_segment_code`, `advertiser_segment_type_id`, `app_id`) VALUES
(31, 1, 3, 4),
(33, 2, 3, 4),
(34, 3, 3, 4),
(37, 5, 3, 4),
(38, 6, 9, 4),
(39, 18, 21, 4),
(40, 12121, 3, 4),
(41, 4568, 22, 4),
(42, 7527, 7, 4),
(54, 12122, 2, 4),
(55, 12123, 21, 4),
(56, 12124, 21, 4),
(57, 12125, 2, 4),
(58, 12126, 2, 4),
(59, 12127, 2, 4),
(60, 12128, 2, 4),
(61, 12129, 2, 4),
(62, 12130, 2, 4),
(63, 12131, 2, 4),
(64, 12132, 2, 4),
(65, 12133, 2, 4),
(66, 12134, 11, 4),
(67, 12135, 16, 4),
(68, 12136, 8, 4),
(69, 12137, 1, 4),
(70, 12138, 1, 4),
(71, 12139, 1, 4),
(72, 12140, 2, 4),
(73, 12141, 1, 4),
(74, 12142, 1, 4),
(75, 12143, 1, 4),
(76, 12144, 1, 4),
(77, 12145, 1, 4),
(78, 12146, 1, 4),
(79, 12147, 22, 4),
(80, 12148, 12, 4),
(81, 12149, 12, 4),
(82, 12150, 13, 4),
(83, 12151, 13, 4),
(84, 12152, 14, 4),
(85, 12153, 18, 4),
(86, 12154, 6, 4),
(87, 12155, 8, 4),
(88, 12156, 1, 4),
(89, 12157, 9, 4),
(90, 12158, 9, 4),
(91, 12159, 9, 4),
(92, 12160, 6, 4),
(93, 12161, 18, 4),
(94, 12162, 9, 4),
(95, 12163, 9, 4),
(96, 12164, 1, 4),
(97, 12165, 17, 4),
(98, 12166, 22, 4),
(99, 12167, 2, 4),
(100, 12168, 8, 4),
(101, 12169, 8, 4),
(102, 12170, 8, 4),
(103, 12171, 8, 4),
(104, 12172, 8, 4),
(105, 12173, 2, 4),
(106, 12174, 2, 4),
(107, 12175, 2, 4),
(108, 12176, 1, 4),
(109, 12177, 1, 4),
(110, 12178, 3, 4),
(111, 12179, 1, 4),
(112, 12180, 17, 4),
(113, 12181, 1, 4),
(114, 12182, 1, 4),
(115, 12183, 1, 4),
(116, 12184, 8, 4),
(117, 12185, 17, 4),
(118, 12186, 13, 4),
(119, 12187, 13, 4),
(120, 12188, 7, 4),
(121, 12189, 16, 4),
(122, 12190, 17, 4),
(123, 12191, 9, 4),
(124, 12192, 11, 4),
(125, 12193, 22, 4),
(126, 12194, 9, 4),
(127, 12195, 19, 4),
(128, 12196, 1, 4),
(129, 12197, 18, 4),
(130, 12198, 16, 4),
(131, 12199, 9, 4),
(132, 12200, 20, 4),
(133, 12201, 6, 4),
(134, 12202, 16, 4),
(135, 12203, 17, 4),
(136, 12204, 17, 4),
(137, 12205, 2, 4),
(138, 12206, 22, 4),
(139, 12207, 1, 4);

-- --------------------------------------------------------

--
-- Tábla szerkezet: `advertiser_segments_data`
--

CREATE TABLE IF NOT EXISTS `advertiser_segments_data` (
  `advertiser_segments_data_id` int(10) unsigned NOT NULL auto_increment,
  `advertiser_segment_id` int(10) unsigned NOT NULL,
  `language_id` int(10) unsigned NOT NULL,
  `advertiser_segment_description` varchar(255) default NULL COMMENT 'Megnevezése	(pl.	Szállás,	étterem..stb.)',
  PRIMARY KEY  (`advertiser_segments_data_id`),
  UNIQUE KEY `advertiser_segment_id_language_id` (`advertiser_segment_id`,`language_id`),
  KEY `advertiser_segment_id` (`advertiser_segment_id`),
  KEY `language_id` (`language_id`)
) ENGINE=InnoDB  DEFAULT CHARSET=utf8 COMMENT='Plixapp Kft.' AUTO_INCREMENT=960 ;

--
-- A tábla adatainak kiíratása `advertiser_segments_data`
--

INSERT INTO `advertiser_segments_data` (`advertiser_segments_data_id`, `advertiser_segment_id`, `language_id`, `advertiser_segment_description`) VALUES
(98, 37, 1, 'Szabadstrand'),
(99, 37, 2, 'Szabadstrand'),
(101, 38, 1, 'Fitness'),
(102, 38, 2, 'Fitness'),
(103, 39, 1, 'LadyBug Night Club'),
(104, 39, 2, 'LadyBug Night Club'),
(105, 40, 1, 'Zamárdi strand'),
(106, 40, 2, 'Zamárdi strand'),
(107, 37, 18, 'Szabadstrand'),
(108, 38, 18, 'Fitness'),
(109, 39, 18, 'LadyBug Night Club'),
(110, 40, 18, 'Zamárdi strand'),
(111, 37, 9, 'Szabadstrand'),
(112, 38, 9, 'Fitness'),
(113, 39, 9, 'LadyBug Night Club'),
(114, 40, 9, 'Zamárdi strand'),
(115, 41, 1, 'New segment'),
(116, 41, 2, 'New segment'),
(117, 41, 9, 'New segment'),
(118, 41, 18, 'New segment'),
(119, 42, 1, 'Iskola'),
(120, 42, 2, 'Scool'),
(121, 42, 9, 'Edu'),
(122, 42, 18, 'Edu'),
(156, 54, 1, 'Szállások'),
(157, 54, 2, 'Accommondation'),
(158, 54, 9, 'Accommondation'),
(159, 54, 18, 'Accommondation'),
(160, 55, 1, 'Night Club'),
(161, 55, 2, 'Night Club'),
(162, 55, 9, 'Night Club'),
(163, 55, 18, 'Night Club'),
(164, 56, 1, 'Table Dance Bar'),
(165, 56, 2, 'Table Dance Bar'),
(166, 56, 9, 'Table Dance Bar'),
(167, 56, 18, 'Table Dance Bar'),
(168, 57, 1, 'Hotel*'),
(169, 57, 2, 'Hotel*'),
(170, 57, 9, 'Hotel*'),
(171, 57, 18, 'Hotel*'),
(172, 58, 1, 'Hotel**'),
(173, 58, 2, 'Hotel**'),
(174, 58, 9, 'Hotel**'),
(175, 58, 18, 'Hotel**'),
(176, 59, 1, 'Hotel***'),
(177, 59, 2, 'Hotel***'),
(178, 59, 9, 'Hotel***'),
(179, 59, 18, 'Hotel***'),
(180, 60, 1, 'Hotel****'),
(181, 60, 2, 'Hotel****'),
(182, 60, 9, 'Hotel****'),
(183, 60, 18, 'Hotel****'),
(184, 61, 1, 'Hotel*****'),
(185, 61, 2, 'Hotel*****'),
(186, 61, 9, 'Hotel*****'),
(187, 61, 18, 'Hotel*****'),
(188, 62, 1, 'Pension'),
(189, 62, 2, 'Pension'),
(190, 62, 9, 'Pension'),
(191, 62, 18, 'Pension'),
(192, 63, 1, 'Panzió'),
(193, 63, 2, 'Guesthouse'),
(194, 63, 9, 'Pension'),
(195, 63, 18, 'Pensione'),
(196, 64, 1, 'Camping'),
(197, 64, 2, 'Camping'),
(198, 64, 9, 'Camping'),
(199, 64, 18, 'Camping'),
(200, 65, 1, 'Kemping'),
(201, 65, 2, 'Kemping'),
(202, 65, 9, 'Kemping'),
(203, 65, 18, 'Kemping'),
(204, 66, 1, 'Pub'),
(205, 66, 2, 'Pub'),
(206, 66, 9, 'Pub'),
(207, 66, 18, 'Pub'),
(208, 37, 10, 'Szabadstrand'),
(209, 38, 10, 'Fitness'),
(210, 39, 10, 'LadyBug Night Club'),
(211, 40, 10, 'Zamárdi strand'),
(212, 41, 10, 'New segment'),
(213, 42, 10, 'Scool'),
(214, 54, 10, 'Accommondation'),
(215, 55, 10, 'Night Club'),
(216, 56, 10, 'Table Dance Bar'),
(217, 57, 10, 'Hotel*'),
(218, 58, 10, 'Hotel**'),
(219, 59, 10, 'Hotel***'),
(220, 60, 10, 'Hotel****'),
(221, 61, 10, 'Hotel*****'),
(222, 62, 10, 'Pension'),
(223, 63, 10, 'пансион'),
(224, 64, 10, 'Camping'),
(225, 65, 10, 'Kemping'),
(226, 66, 10, 'Pub'),
(227, 37, 16, 'Szabadstrand'),
(228, 38, 16, 'Fitness'),
(229, 39, 16, 'LadyBug Night Club'),
(230, 40, 16, 'Zamárdi strand'),
(231, 41, 16, 'New segment'),
(232, 42, 16, 'Scool'),
(233, 54, 16, 'Accommondation'),
(234, 55, 16, 'Night Club'),
(235, 56, 16, 'Table Dance Bar'),
(236, 57, 16, 'Hotel*'),
(237, 58, 16, 'Hotel**'),
(238, 59, 16, 'Hotel***'),
(239, 60, 16, 'Hotel****'),
(240, 61, 16, 'Hotel*****'),
(241, 62, 16, 'Pension'),
(242, 63, 16, 'Pensiune'),
(243, 64, 16, 'Camping'),
(244, 65, 16, 'Kemping'),
(245, 66, 16, 'Pub'),
(246, 37, 17, 'Szabadstrand'),
(247, 38, 17, 'Fitness'),
(248, 39, 17, 'LadyBug Night Club'),
(249, 40, 17, 'Zamárdi strand'),
(250, 41, 17, 'New segment'),
(251, 42, 17, 'Scool'),
(252, 54, 17, 'Accommondation'),
(253, 55, 17, 'Night Club'),
(254, 56, 17, 'Table Dance Bar'),
(255, 57, 17, 'Hotel*'),
(256, 58, 17, 'Hotel**'),
(257, 59, 17, 'Hotel***'),
(258, 60, 17, 'Hotel****'),
(259, 61, 17, 'Hotel*****'),
(260, 62, 17, 'Pension'),
(261, 63, 17, 'Casa de huéspedes'),
(262, 64, 17, 'Camping'),
(263, 65, 17, 'Kemping'),
(264, 66, 17, 'Pub'),
(265, 67, 1, 'Divat'),
(266, 67, 2, 'Fashion'),
(267, 67, 9, 'Mode'),
(268, 67, 10, 'Fashion'),
(269, 67, 16, 'Fashion'),
(270, 67, 17, 'Fashion'),
(271, 67, 18, 'Fashion'),
(272, 68, 1, 'Mc''Donalds'),
(273, 68, 2, 'Mc''Donalds'),
(274, 68, 9, 'Mc''Donalds'),
(275, 68, 10, 'Mc''Donalds'),
(276, 68, 16, 'Mc''Donalds'),
(277, 68, 17, 'Mc''Donalds'),
(278, 68, 18, 'Mc''Donalds'),
(279, 69, 1, 'Kaland Park'),
(280, 69, 2, 'Adventure Park'),
(281, 69, 9, 'Adventure Park'),
(282, 69, 10, 'Adventure Park'),
(283, 69, 16, 'Adventure Park'),
(284, 69, 17, 'Adventure Park'),
(285, 69, 18, 'Adventure Park'),
(286, 37, 11, 'Szabadstrand'),
(287, 38, 11, 'Fitness'),
(288, 39, 11, 'LadyBug Night Club'),
(289, 40, 11, 'Zamárdi strand'),
(290, 41, 11, 'New segment'),
(291, 42, 11, 'Scool'),
(292, 54, 11, 'Accommondation'),
(293, 55, 11, 'Night Club'),
(294, 56, 11, 'Table Dance Bar'),
(295, 57, 11, 'Hotel*'),
(296, 58, 11, 'Hotel**'),
(297, 59, 11, 'Hotel***'),
(298, 60, 11, 'Hotel****'),
(299, 61, 11, 'Hotel*****'),
(300, 62, 11, 'Pension'),
(301, 63, 11, 'Hostinec'),
(302, 64, 11, 'Camping'),
(303, 65, 11, 'Kemping'),
(304, 66, 11, 'Pub'),
(305, 67, 11, 'Fashion'),
(306, 68, 11, 'Mc''Donalds'),
(307, 69, 11, 'Adventure Park'),
(308, 70, 1, 'Tenis'),
(309, 70, 2, 'Tenis'),
(310, 70, 9, 'Tenis'),
(311, 70, 10, 'Tenis'),
(312, 70, 11, 'Tenis'),
(313, 70, 16, 'Tenis'),
(314, 70, 17, 'Tenis'),
(315, 70, 18, 'Tenis'),
(316, 71, 1, 'Squash'),
(317, 71, 2, 'Squash'),
(318, 71, 9, 'Squash'),
(319, 71, 10, 'Squash'),
(320, 71, 11, 'Squash'),
(321, 71, 16, 'Squash'),
(322, 71, 17, 'Squash'),
(323, 71, 18, 'Squash'),
(324, 72, 1, 'Cruises'),
(325, 72, 2, 'Cruises'),
(326, 72, 9, 'Cruises'),
(327, 72, 10, 'Cruises'),
(328, 72, 11, 'Cruises'),
(329, 72, 16, 'Cruises'),
(330, 72, 17, 'Cruises'),
(331, 72, 18, 'Cruises'),
(332, 73, 1, 'Go-cart'),
(333, 73, 2, 'Go-cart'),
(334, 73, 9, 'Go-cart'),
(335, 73, 10, 'Go-cart'),
(336, 73, 11, 'Go-cart'),
(337, 73, 16, 'Go-cart'),
(338, 73, 17, 'Go-cart'),
(339, 73, 18, 'Go-cart'),
(340, 74, 1, 'Bowling'),
(341, 74, 2, 'Bowling'),
(342, 74, 9, 'Bowling'),
(343, 74, 10, 'Bowling'),
(344, 74, 11, 'Bowling'),
(345, 74, 16, 'Bowling'),
(346, 74, 17, 'Bowling'),
(347, 74, 18, 'Bowling'),
(348, 75, 1, 'Sétarepülés'),
(349, 75, 2, 'Sightseeing flights'),
(350, 75, 9, 'Rundflüge'),
(351, 75, 10, 'экскурсионные полеты'),
(352, 75, 11, 'Vyhliadkové lety'),
(353, 75, 16, 'Zbor de agrement'),
(354, 75, 17, 'Vuelos de observación'),
(355, 75, 18, 'Voli panoramici'),
(356, 76, 1, 'Riding'),
(357, 76, 2, 'Riding'),
(358, 76, 9, 'Riding'),
(359, 76, 10, 'Riding'),
(360, 76, 11, 'Riding'),
(361, 76, 16, 'Riding'),
(362, 76, 17, 'Riding'),
(363, 76, 18, 'Riding'),
(364, 77, 1, 'Summer Bob'),
(365, 77, 2, 'Summer Bob'),
(366, 77, 9, 'Summer Bob'),
(367, 77, 10, 'Summer Bob'),
(368, 77, 11, 'Summer Bob'),
(369, 77, 16, 'Summer Bob'),
(370, 77, 17, 'Summer Bob'),
(371, 77, 18, 'Summer Bob'),
(372, 78, 1, 'Jóga'),
(373, 78, 2, 'Yoga'),
(374, 78, 9, 'Yoga'),
(375, 78, 10, 'Yoga'),
(376, 78, 11, 'Yoga'),
(377, 78, 16, 'Yoga'),
(378, 78, 17, 'Yoga'),
(379, 78, 18, 'Yoga'),
(380, 37, 19, 'Szabadstrand'),
(381, 38, 19, 'Fitness'),
(382, 39, 19, 'LadyBug Night Club'),
(383, 40, 19, 'Zamárdi strand'),
(384, 41, 19, 'New segment'),
(385, 42, 19, 'Scool'),
(386, 54, 19, 'Accommondation'),
(387, 55, 19, 'Night Club'),
(388, 56, 19, 'Table Dance Bar'),
(389, 57, 19, 'Hotel*'),
(390, 58, 19, 'Hotel**'),
(391, 59, 19, 'Hotel***'),
(392, 60, 19, 'Hotel****'),
(393, 61, 19, 'Hotel*****'),
(394, 62, 19, 'Pension'),
(395, 63, 19, 'Pension'),
(396, 64, 19, 'Camping'),
(397, 65, 19, 'Kemping'),
(398, 66, 19, 'Pub'),
(399, 67, 19, 'Fashion'),
(400, 68, 19, 'Mc''Donalds'),
(401, 69, 19, 'Adventure Park'),
(402, 70, 19, 'Tenis'),
(403, 71, 19, 'Squash'),
(404, 72, 19, 'Cruises'),
(405, 73, 19, 'Go-cart'),
(406, 74, 19, 'Bowling'),
(407, 75, 19, 'Rondvluchten'),
(408, 76, 19, 'Riding'),
(409, 77, 19, 'Summer Bob'),
(410, 78, 19, 'Yoga'),
(411, 79, 1, 'Múzeum'),
(412, 79, 2, 'Museum'),
(413, 79, 9, 'Museum'),
(414, 79, 10, 'Museum'),
(415, 79, 11, 'Museum'),
(416, 79, 16, 'Museum'),
(417, 79, 17, 'Museum'),
(418, 79, 18, 'Museum'),
(419, 79, 19, 'Museum'),
(420, 80, 1, 'Autókölcsönzés'),
(421, 80, 2, 'Rent a Car'),
(422, 80, 9, 'Rent a Car'),
(423, 80, 10, 'Rent a Car'),
(424, 80, 11, 'Rent a Car'),
(425, 80, 16, 'Rent a Car'),
(426, 80, 17, 'Rent a Car'),
(427, 80, 18, 'Rent a Car'),
(428, 80, 19, 'Rent a Car'),
(429, 81, 1, 'Kerékpárkölcsönzés'),
(430, 81, 2, 'Rent a Bike'),
(431, 81, 9, 'Rent a Bike'),
(432, 81, 10, 'Rent a Bike'),
(433, 81, 11, 'Rent a Bike'),
(434, 81, 16, 'Rent a Bike'),
(435, 81, 17, 'Rent a Bike'),
(436, 81, 18, 'Rent a Bike'),
(437, 81, 19, 'Rent a Bike'),
(438, 82, 1, 'Autómosó'),
(439, 82, 2, 'Carwash'),
(440, 82, 9, 'Carwash'),
(441, 82, 10, 'Carwash'),
(442, 82, 11, 'Carwash'),
(443, 82, 16, 'Carwash'),
(444, 82, 17, 'Carwash'),
(445, 82, 18, 'Carwash'),
(446, 82, 19, 'Carwash'),
(447, 83, 1, 'Benzinkút'),
(448, 83, 2, 'Jet'),
(449, 83, 9, 'Jet'),
(450, 83, 10, 'Jet'),
(451, 83, 11, 'Jet'),
(452, 83, 16, 'Jet'),
(453, 83, 17, 'Jet'),
(454, 83, 18, 'Jet'),
(455, 83, 19, 'Jet'),
(456, 84, 1, 'Bank'),
(457, 84, 2, 'Bank'),
(458, 84, 9, 'Bank'),
(459, 84, 10, 'Bank'),
(460, 84, 11, 'Bank'),
(461, 84, 16, 'Bank'),
(462, 84, 17, 'Bank'),
(463, 84, 18, 'Bank'),
(464, 84, 19, 'Bank'),
(465, 85, 1, 'Balatoni Hajózási ZRt.'),
(466, 85, 2, 'Balatoni Hajózási ZRt.'),
(467, 85, 9, 'Balatoni Hajózási ZRt.'),
(468, 85, 10, 'Balatoni Hajózási ZRt.'),
(469, 85, 11, 'Balatoni Hajózási ZRt.'),
(470, 85, 16, 'Balatoni Hajózási ZRt.'),
(471, 85, 17, 'Balatoni Hajózási ZRt.'),
(472, 85, 18, 'Balatoni Hajózási ZRt.'),
(473, 85, 19, 'Balatoni Hajózási ZRt.'),
(474, 86, 1, 'Eladó ház'),
(475, 86, 2, 'House for sale'),
(476, 86, 9, 'House for sale'),
(477, 86, 10, 'House for sale'),
(478, 86, 11, 'House for sale'),
(479, 86, 16, 'House for sale'),
(480, 86, 17, 'House for sale'),
(481, 86, 18, 'House for sale'),
(482, 86, 19, 'House for sale'),
(483, 87, 1, 'Étterem'),
(484, 87, 2, 'Restaurant'),
(485, 87, 9, 'Restaurant'),
(486, 87, 10, 'Restaurant'),
(487, 87, 11, 'Restaurant'),
(488, 87, 16, 'Restaurant'),
(489, 87, 17, 'Restaurant'),
(490, 87, 18, 'Restaurant'),
(491, 87, 19, 'Restaurant'),
(492, 88, 1, 'Evezés'),
(493, 88, 2, 'Rowing'),
(494, 88, 9, 'Rowing'),
(495, 88, 10, 'Rowing'),
(496, 88, 11, 'Rowing'),
(497, 88, 16, 'Rowing'),
(498, 88, 17, 'Rowing'),
(499, 88, 18, 'Rowing'),
(500, 88, 19, 'Rowing'),
(501, 89, 1, 'Fodrászat'),
(502, 89, 2, 'Hairdressing salon'),
(503, 89, 9, 'Hairdressing salon'),
(504, 89, 10, 'Hairdressing salon'),
(505, 89, 11, 'Hairdressing salon'),
(506, 89, 16, 'Hairdressing salon'),
(507, 89, 17, 'Hairdressing salon'),
(508, 89, 18, 'Hairdressing salon'),
(509, 89, 19, 'Hairdressing salon'),
(510, 90, 1, 'Fogorvos'),
(511, 90, 2, 'Dentist'),
(512, 90, 9, 'Zahnarzt'),
(513, 90, 10, 'Dentist'),
(514, 90, 11, 'Dentist'),
(515, 90, 16, 'Dentist'),
(516, 90, 17, 'Dentist'),
(517, 90, 18, 'Dentist'),
(518, 90, 19, 'Dentist'),
(519, 91, 1, 'Jóga'),
(520, 91, 2, 'Yoga'),
(521, 91, 9, 'Yoga'),
(522, 91, 10, 'Yoga'),
(523, 91, 11, 'Yoga'),
(524, 91, 16, 'Yoga'),
(525, 91, 17, 'Yoga'),
(526, 91, 18, 'Yoga'),
(527, 91, 19, 'Yoga'),
(528, 92, 1, 'Eladó kikötői hely'),
(529, 92, 2, 'Port space for sale'),
(530, 92, 9, 'Port space for sale'),
(531, 92, 10, 'Port space for sale'),
(532, 92, 11, 'Port space for sale'),
(533, 92, 16, 'Port space for sale'),
(534, 92, 17, 'Port space for sale'),
(535, 92, 18, 'Port space for sale'),
(536, 92, 19, 'Port space for sale'),
(537, 93, 1, 'Vasút'),
(538, 93, 2, 'Railways'),
(539, 93, 9, 'Railways'),
(540, 93, 10, 'Railways'),
(541, 93, 11, 'Railways'),
(542, 93, 16, 'Railways'),
(543, 93, 17, 'Railways'),
(544, 93, 18, 'Railways'),
(545, 93, 19, 'Railways'),
(546, 94, 1, 'Manikűr/Pedikűr'),
(547, 94, 2, 'Manicure Pedicure'),
(548, 94, 9, 'Manicure Pedicure'),
(549, 94, 10, 'Manicure Pedicure'),
(550, 94, 11, 'Manicure Pedicure'),
(551, 94, 16, 'Manicure Pedicure'),
(552, 94, 17, 'Manicure Pedicure'),
(553, 94, 18, 'Manicure Pedicure'),
(554, 94, 19, 'Manicure Pedicure'),
(555, 95, 1, 'Szépségszalon'),
(556, 95, 2, 'Beauty salon'),
(557, 95, 9, 'Beauty salon'),
(558, 95, 10, 'Beauty salon'),
(559, 95, 11, 'Beauty salon'),
(560, 95, 16, 'Beauty salon'),
(561, 95, 17, 'Beauty salon'),
(562, 95, 18, 'Beauty salon'),
(563, 95, 19, 'Beauty salon'),
(564, 96, 1, 'Sétahajózás'),
(565, 96, 2, 'Cruises'),
(566, 96, 9, 'Cruises'),
(567, 96, 10, 'Cruises'),
(568, 96, 11, 'Cruises'),
(569, 96, 16, 'Cruises'),
(570, 96, 17, 'Cruises'),
(571, 96, 18, 'Cruises'),
(572, 96, 19, 'Cruises'),
(573, 97, 1, 'Siófok Víztorony'),
(574, 97, 2, 'Siófok Water Tower'),
(575, 97, 9, 'Siófok Water Tower'),
(576, 97, 10, 'Siófok Water Tower'),
(577, 97, 11, 'Siófok Water Tower'),
(578, 97, 16, 'Siófok Water Tower'),
(579, 97, 17, 'Siófok Water Tower'),
(580, 97, 18, 'Siófok Water Tower'),
(581, 97, 19, 'Siófok Water Tower'),
(582, 98, 1, 'Ásvány Múzeum Siófok'),
(583, 98, 2, 'Ásvány Múzeum Siófok'),
(584, 98, 9, 'Ásvány Múzeum Siófok'),
(585, 98, 10, 'Ásvány Múzeum Siófok'),
(586, 98, 11, 'Ásvány Múzeum Siófok'),
(587, 98, 16, 'Ásvány Múzeum Siófok'),
(588, 98, 17, 'Ásvány Múzeum Siófok'),
(589, 98, 18, 'Ásvány Múzeum Siófok'),
(590, 98, 19, 'Ásvány Múzeum Siófok'),
(591, 99, 1, 'Motel'),
(592, 99, 2, 'Motel'),
(593, 99, 9, 'Motel'),
(594, 99, 10, 'Motel'),
(595, 99, 11, 'Motel'),
(596, 99, 16, 'Motel'),
(597, 99, 17, 'Motel'),
(598, 99, 18, 'Motel'),
(599, 99, 19, 'Motel'),
(600, 100, 1, 'Cukrászda'),
(601, 100, 2, 'Confectionery'),
(602, 100, 9, 'Süßwaren'),
(603, 100, 10, 'Cukrászda'),
(604, 100, 11, 'Cukrovinky'),
(605, 100, 16, 'Cofetărie'),
(606, 100, 17, 'Confitería'),
(607, 100, 18, 'Confetteria'),
(608, 100, 19, 'Banketbakkerij'),
(609, 101, 1, 'Bar'),
(610, 101, 2, 'Bar'),
(611, 101, 9, 'Bar'),
(612, 101, 10, 'Bar'),
(613, 101, 11, 'Bar'),
(614, 101, 16, 'Bar'),
(615, 101, 17, 'Bar'),
(616, 101, 18, 'Bar'),
(617, 101, 19, 'Bar'),
(618, 102, 1, 'Pizzéria'),
(619, 102, 2, 'Pizzeria'),
(620, 102, 9, 'Pizzeria'),
(621, 102, 10, 'пиццерия'),
(622, 102, 11, 'Pizzeria'),
(623, 102, 16, 'Pizzeria'),
(624, 102, 17, 'Pizzeria'),
(625, 102, 18, 'Pizzeria'),
(626, 102, 19, 'Pizzeria'),
(627, 103, 1, 'Kávézó'),
(628, 103, 2, 'Cafe'),
(629, 103, 9, 'Cafe'),
(630, 103, 10, 'кафе'),
(631, 103, 11, 'Kaviareň'),
(632, 103, 16, 'Cafenea'),
(633, 103, 17, 'Cafe'),
(634, 103, 18, 'Cafe'),
(635, 103, 19, 'Cafe'),
(636, 104, 1, 'Csárda'),
(637, 104, 2, 'Tavern'),
(638, 104, 9, 'Taverne'),
(639, 104, 10, 'таверна'),
(640, 104, 11, 'Krčmička'),
(641, 104, 16, 'Tavernă'),
(642, 104, 17, 'Taberna'),
(643, 104, 18, 'Taverna'),
(644, 104, 19, 'Taverne'),
(645, 105, 1, 'Hotel'),
(646, 105, 2, 'Hotel'),
(647, 105, 9, 'Hotel'),
(648, 105, 10, 'Hotel'),
(649, 105, 11, 'Hotel'),
(650, 105, 16, 'Hotel'),
(651, 105, 17, 'Hotel'),
(652, 105, 18, 'Hotel'),
(653, 105, 19, 'Hotel'),
(654, 106, 1, 'Kastély'),
(655, 106, 2, 'Mansion'),
(656, 106, 9, 'Villa'),
(657, 106, 10, 'дворец'),
(658, 106, 11, 'panské sídlo'),
(659, 106, 16, 'Conac'),
(660, 106, 17, 'Palacio'),
(661, 106, 18, 'Dimora'),
(662, 106, 19, 'Herenhuis'),
(663, 107, 1, 'Apartman'),
(664, 107, 2, 'Apartment'),
(665, 107, 9, 'Appartement'),
(666, 107, 10, 'квартира'),
(667, 107, 11, 'Apartment'),
(668, 107, 16, 'Apartment'),
(669, 107, 17, 'Apartamento'),
(670, 107, 18, 'Appartamento'),
(671, 107, 19, 'Appartement'),
(672, 108, 1, 'Aquapark'),
(673, 108, 2, 'Aquapark'),
(674, 108, 9, 'Aquapark'),
(675, 108, 10, 'Aquapark'),
(676, 108, 11, 'Aquapark'),
(677, 108, 16, 'Aquapark'),
(678, 108, 17, 'Aquapark'),
(679, 108, 18, 'Aquapark'),
(680, 108, 19, 'Aquapark'),
(681, 109, 1, 'Nyári Bob'),
(682, 109, 2, 'Summer Bob'),
(683, 109, 9, 'Sommer Bob'),
(684, 109, 10, 'летом бор'),
(685, 109, 11, 'letná bobová'),
(686, 109, 16, 'bob de vară'),
(687, 109, 17, 'bob verano'),
(688, 109, 18, 'bob estivo'),
(689, 109, 19, 'zomer bob'),
(690, 110, 1, 'Strand'),
(691, 110, 2, 'Beaches'),
(692, 110, 9, 'Strand'),
(693, 110, 10, 'пляж'),
(694, 110, 11, 'pláž'),
(695, 110, 16, 'plajă'),
(696, 110, 17, 'playa'),
(697, 110, 18, 'spiaggia'),
(698, 110, 19, 'Strand'),
(699, 111, 1, 'Barlang'),
(700, 111, 2, 'Cave'),
(701, 111, 9, 'Höhle'),
(702, 111, 10, 'пещера'),
(703, 111, 11, 'jaskyne'),
(704, 111, 16, 'peșteră'),
(705, 111, 17, 'cueva'),
(706, 111, 18, 'grotta'),
(707, 111, 19, 'grot'),
(708, 112, 1, 'kilátó'),
(709, 112, 2, 'viewpoint'),
(710, 112, 9, 'Standpunkt'),
(711, 112, 10, 'точка зрения'),
(712, 112, 11, 'hľadisko'),
(713, 112, 16, 'punct de vedere'),
(714, 112, 17, 'punto de vista'),
(715, 112, 18, 'punto di vista'),
(716, 112, 19, 'gezichtspunt'),
(717, 113, 1, 'kirándulás'),
(718, 113, 2, 'touring'),
(719, 113, 9, 'Touren'),
(720, 113, 10, 'туризм'),
(721, 113, 11, 'cestovný '),
(722, 113, 16, 'turism'),
(723, 113, 17, 'turismo'),
(724, 113, 18, 'touring'),
(725, 113, 19, 'touring'),
(726, 114, 1, 'Vitorlázás'),
(727, 114, 2, 'Sailing'),
(728, 114, 9, 'Segeln'),
(729, 114, 10, 'парусный спорт'),
(730, 114, 11, 'Plachtenie'),
(731, 114, 16, 'Navigație'),
(732, 114, 17, 'Navegación'),
(733, 114, 18, 'Vela'),
(734, 114, 19, 'Zeilend'),
(735, 115, 1, 'Golf'),
(736, 115, 2, 'Golf'),
(737, 115, 9, 'Golf'),
(738, 115, 10, 'Golf'),
(739, 115, 11, 'Golf'),
(740, 115, 16, 'Golf'),
(741, 115, 17, 'Golf'),
(742, 115, 18, 'Golf'),
(743, 115, 19, 'Golf'),
(744, 116, 1, 'Borbisztró'),
(745, 116, 2, 'Wine Bistro'),
(746, 116, 9, 'Weinbistro'),
(747, 116, 10, 'вино бистро'),
(748, 116, 11, 'Víno Bistro'),
(749, 116, 16, 'Bistro Vin'),
(750, 116, 17, 'Bistro de Vino'),
(751, 116, 18, 'Wine Bistro'),
(752, 116, 19, 'Wijn Bistro'),
(753, 117, 1, 'Katolikus templom'),
(754, 117, 2, 'Catholic church'),
(755, 117, 9, 'katholische Kirche'),
(756, 117, 10, 'католическая церковь'),
(757, 117, 11, 'katolícka cirkev'),
(758, 117, 16, 'biserica catolică'),
(759, 117, 17, 'iglesia católica'),
(760, 117, 18, 'chiesa cattolica'),
(761, 117, 19, 'katholieke kerk'),
(762, 118, 1, 'benzinkút'),
(763, 118, 2, 'gas station'),
(764, 118, 9, 'Tankstelle'),
(765, 118, 10, 'автозаправочная станция'),
(766, 118, 11, 'benzínová pumpa'),
(767, 118, 16, 'benzinărie'),
(768, 118, 17, 'gasolinera'),
(769, 118, 18, 'stazione di servizio'),
(770, 118, 19, 'tankstation'),
(771, 119, 1, 'Nemzeti dohánybolt '),
(772, 119, 2, 'tobacco shop'),
(773, 119, 9, 'Tabakladen'),
(774, 119, 10, 'табачный магазин'),
(775, 119, 11, 'trafika'),
(776, 119, 16, 'debit de tutun'),
(777, 119, 17, 'tienda de tabaco'),
(778, 119, 18, 'tabaccheria'),
(779, 119, 19, 'tabakswinkel'),
(780, 120, 1, 'Könyvtár'),
(781, 120, 2, 'library'),
(782, 120, 9, 'Bibliothek'),
(783, 120, 10, 'библиотека'),
(784, 120, 11, 'Knižnica'),
(785, 120, 16, 'Bibliotecă'),
(786, 120, 17, 'Biblioteca'),
(787, 120, 18, 'Biblioteca'),
(788, 120, 19, 'Bibliotheek'),
(789, 121, 1, 'kreatív hobbi'),
(790, 121, 2, 'creative hobby'),
(791, 121, 9, 'kreatives Hobby'),
(792, 121, 10, 'творческая хобби'),
(793, 121, 11, 'kreatívne hobby'),
(794, 121, 16, 'hobby creativ'),
(795, 121, 17, 'manía creativa'),
(796, 121, 18, 'hobby creativo'),
(797, 121, 19, 'creatieve hobby'),
(798, 122, 1, 'szobor'),
(799, 122, 2, 'statue'),
(800, 122, 9, 'Statue'),
(801, 122, 10, 'статуя'),
(802, 122, 11, 'socha'),
(803, 122, 16, 'statuie'),
(804, 122, 17, 'estatua'),
(805, 122, 18, 'statua'),
(806, 122, 19, 'standbeeld'),
(807, 123, 1, 'Kórház'),
(808, 123, 2, 'Hospital'),
(809, 123, 9, 'Krankenhaus'),
(810, 123, 10, 'больница'),
(811, 123, 11, 'nemocnice'),
(812, 123, 16, 'Spital'),
(813, 123, 17, 'Hospital'),
(814, 123, 18, 'Ospedale'),
(815, 123, 19, 'Ziekenhuis'),
(816, 124, 1, 'Club'),
(817, 124, 2, 'Club'),
(818, 124, 9, 'Club'),
(819, 124, 10, 'Club'),
(820, 124, 11, 'Club'),
(821, 124, 16, 'Club'),
(822, 124, 17, 'Club'),
(823, 124, 18, 'Club'),
(824, 124, 19, 'Club'),
(825, 125, 1, 'Galéria'),
(826, 125, 2, 'Art Gallery'),
(827, 125, 9, 'Kunstgalerie'),
(828, 125, 10, 'художественная галерея'),
(829, 125, 11, 'Galérie'),
(830, 125, 16, 'Galerie de Artă'),
(831, 125, 17, 'Galería de Arte'),
(832, 125, 18, 'Galleria d''arte'),
(833, 125, 19, 'Kunstgalerie'),
(834, 126, 1, 'Magán Klinika'),
(835, 126, 2, 'Private Clinics'),
(836, 126, 9, 'Privatkliniken'),
(837, 126, 10, 'частные клиники'),
(838, 126, 11, 'Súkromné ​​Kliniky'),
(839, 126, 16, 'Clinici Private'),
(840, 126, 17, 'Clínicas Privadas'),
(841, 126, 18, 'Cliniche Private'),
(842, 126, 19, 'Prive-klinieken'),
(843, 127, 1, 'Siófok Taxi & Minibusz Repülőtéri Transzfer Service'),
(844, 127, 2, 'Siófok Taxi & Minibusz Repülőtéri Transzfer Service'),
(845, 127, 9, 'Siófok Taxi & Minibusz Repülőtéri Transzfer Service'),
(846, 127, 10, 'Siófok Taxi & Minibusz Repülőtéri Transzfer Service'),
(847, 127, 11, 'Siófok Taxi & Minibusz Repülőtéri Transzfer Service'),
(848, 127, 16, 'Siófok Taxi & Minibusz Repülőtéri Transzfer Service'),
(849, 127, 17, 'Siófok Taxi & Minibusz Repülőtéri Transzfer Service'),
(850, 127, 18, 'Siófok Taxi & Minibusz Repülőtéri Transzfer Service'),
(851, 127, 19, 'Siófok Taxi & Minibusz Repülőtéri Transzfer Service'),
(852, 128, 1, 'Mozi'),
(853, 128, 2, 'Cinema'),
(854, 128, 9, 'Kino'),
(855, 128, 10, 'кино'),
(856, 128, 11, 'Kino'),
(857, 128, 16, 'Cinema'),
(858, 128, 17, 'Cine'),
(859, 128, 18, 'Cinema'),
(860, 128, 19, 'Cinema'),
(861, 129, 1, 'Autóbusz állomás'),
(862, 129, 2, 'Bus station'),
(863, 129, 9, 'Bushaltestelle'),
(864, 129, 10, 'автовокзал'),
(865, 129, 11, 'Autobusová stanica'),
(866, 129, 16, 'Stație de autobuz'),
(867, 129, 17, 'estación de autobús'),
(868, 129, 18, 'stazione degli autobus'),
(869, 129, 19, 'busstation'),
(870, 130, 1, 'Virágbolt'),
(871, 130, 2, 'Flower Shop'),
(872, 130, 9, 'Blumenladen'),
(873, 130, 10, 'цветочный магазин'),
(874, 130, 11, 'Kvetinárstvo'),
(875, 130, 16, 'Floare Shop'),
(876, 130, 17, 'Florería'),
(877, 130, 18, 'Flower Shop'),
(878, 130, 19, 'Flower Shop'),
(879, 131, 1, 'Wellness'),
(880, 131, 2, 'Wellness'),
(881, 131, 9, 'Wellness'),
(882, 131, 10, 'Wellness'),
(883, 131, 11, 'Wellness'),
(884, 131, 16, 'Wellness'),
(885, 131, 17, 'Wellness'),
(886, 131, 18, 'Wellness'),
(887, 131, 19, 'Wellness'),
(888, 132, 1, 'Rendőrkapitányság'),
(889, 132, 2, 'Police office'),
(890, 132, 9, 'Polizei-Büro'),
(891, 132, 10, 'Police office'),
(892, 132, 11, 'Police office'),
(893, 132, 16, 'Police office'),
(894, 132, 17, 'Police office'),
(895, 132, 18, 'Police office'),
(896, 132, 19, 'Police office'),
(897, 133, 1, 'Autókereskedő'),
(898, 133, 2, 'Car Dealer'),
(899, 133, 9, 'Autohändler'),
(900, 133, 10, 'автодилер'),
(901, 133, 11, 'auto-moto predajcovia'),
(902, 133, 16, 'Car Dealer'),
(903, 133, 17, 'concesionario de automóviles'),
(904, 133, 18, 'rivenditore di auto'),
(905, 133, 19, 'autohandelaar'),
(906, 134, 1, 'Ajándék bolt'),
(907, 134, 2, 'Souvenir Shop'),
(908, 134, 9, 'Souvenirladen'),
(909, 134, 10, 'сувенирный магазин'),
(910, 134, 11, 'obchod so suvenírmi'),
(911, 134, 16, 'magazin de suveniruri'),
(912, 134, 17, 'tienda de recuerdos'),
(913, 134, 18, 'negozio di souvenir'),
(914, 134, 19, 'souvenirwinkel'),
(915, 135, 1, 'Zsinagóga'),
(916, 135, 2, 'Synagogue'),
(917, 135, 9, 'Synagoge'),
(918, 135, 10, 'синагога'),
(919, 135, 11, 'Synagóga'),
(920, 135, 16, 'Sinagogă'),
(921, 135, 17, 'sinagoga'),
(922, 135, 18, 'sinagoga'),
(923, 135, 19, 'synagoge'),
(924, 136, 1, 'Református templom'),
(925, 136, 2, 'Reformed Church'),
(926, 136, 9, 'reformierte Kirche'),
(927, 136, 10, 'реформатской церкви'),
(928, 136, 11, 'Reformovaná Cirkev'),
(929, 136, 16, 'Biserica Reformată'),
(930, 136, 17, 'Iglesia reformada'),
(931, 136, 18, 'Chiesa riformata'),
(932, 136, 19, 'hervormde Kerk'),
(933, 137, 1, 'Magánszállás'),
(934, 137, 2, 'Private Accommodation'),
(935, 137, 9, 'Zimmer Frei'),
(936, 137, 10, 'Частный сектор'),
(937, 137, 11, 'ubytovanie v súkromí'),
(938, 137, 16, 'cazare privata'),
(939, 137, 17, 'alojamiento privado'),
(940, 137, 18, 'alloggi privati'),
(941, 137, 19, 'prive accommodatie'),
(942, 138, 1, 'Szabadtéri színpad'),
(943, 138, 2, 'Amphitheater'),
(944, 138, 9, 'Amphitheater'),
(945, 138, 10, 'Aмфитеатр'),
(946, 138, 11, 'Amfiteáter'),
(947, 138, 16, 'Amfiteatru'),
(948, 138, 17, 'Anfiteatro'),
(949, 138, 18, 'Anfiteatro'),
(950, 138, 19, 'Amfitheater'),
(951, 139, 1, 'Paintball'),
(952, 139, 2, 'Paintball'),
(953, 139, 9, 'Paintball'),
(954, 139, 10, 'Paintball'),
(955, 139, 11, 'Paintball'),
(956, 139, 16, 'Paintball'),
(957, 139, 17, 'Paintball'),
(958, 139, 18, 'Paintball'),
(959, 139, 19, 'Paintball');

-- --------------------------------------------------------

--
-- A nézet helyettes szerkezete `advertiser_segments_view`
--
CREATE TABLE IF NOT EXISTS `advertiser_segments_view` (
`app_id` int(10) unsigned
,`app_name` varchar(255)
,`language_id` int(10) unsigned
,`language_code` varchar(3)
,`advertiser_segment_type_id` int(10) unsigned
,`advertiser_segment_type_code` int(10) unsigned
,`advertiser_segment_type_description` varchar(255)
,`advertiser_segment_type_img` varbinary(55)
,`advertiser_segment_type_ldpi_img` varbinary(50)
,`advertiser_segment_type_mdpi_img` varbinary(50)
,`advertiser_segment_type_hdpi_img` varbinary(50)
,`advertiser_segment_type_xhdpi_img` varbinary(51)
,`advertiser_segment_type_retina_img` varbinary(52)
,`advertiser_segment_type_nonretina_img` varbinary(55)
,`advertiser_segment_type_pin_img` varbinary(59)
,`advertiser_segment_type_pin_ldpi_img` varbinary(54)
,`advertiser_segment_type_pin_mdpi_img` varbinary(54)
,`advertiser_segment_type_pin_hdpi_img` varbinary(54)
,`advertiser_segment_type_pin_xhdpi_img` varbinary(55)
,`advertiser_segment_type_pin_retina_img` varbinary(56)
,`advertiser_segment_type_pin_nonretina_img` varbinary(59)
,`advertiser_segment_id` int(10) unsigned
,`advertiser_segment_code` int(10) unsigned
,`advertiser_segment_description` varchar(255)
);
-- --------------------------------------------------------

--
-- Tábla szerkezet: `advertiser_segment_types`
--

CREATE TABLE IF NOT EXISTS `advertiser_segment_types` (
  `advertiser_segment_type_id` int(10) unsigned NOT NULL auto_increment,
  `advertiser_segment_type_code` int(10) unsigned NOT NULL,
  PRIMARY KEY  (`advertiser_segment_type_id`),
  UNIQUE KEY `advertiser_segment_type_code` (`advertiser_segment_type_code`)
) ENGINE=InnoDB  DEFAULT CHARSET=utf8 COMMENT='hirdetési szegmens fókategória lényegében' AUTO_INCREMENT=23 ;

--
-- A tábla adatainak kiíratása `advertiser_segment_types`
--

INSERT INTO `advertiser_segment_types` (`advertiser_segment_type_id`, `advertiser_segment_type_code`) VALUES
(1, 0),
(2, 1),
(3, 2),
(6, 3),
(7, 4),
(8, 5),
(9, 6),
(11, 7),
(12, 8),
(13, 9),
(14, 10),
(15, 11),
(16, 12),
(17, 13),
(18, 14),
(19, 15),
(20, 16),
(21, 17),
(22, 18);

-- --------------------------------------------------------

--
-- Tábla szerkezet: `advertiser_segment_types_data`
--

CREATE TABLE IF NOT EXISTS `advertiser_segment_types_data` (
  `advertiser_segment_type_data_id` int(10) unsigned NOT NULL auto_increment,
  `advertiser_segment_type_id` int(10) unsigned NOT NULL,
  `language_id` int(10) unsigned NOT NULL,
  `advertiser_segment_type_description` varchar(255) NOT NULL,
  PRIMARY KEY  (`advertiser_segment_type_data_id`),
  UNIQUE KEY `advertiser_segment_type_id_language_id` (`advertiser_segment_type_id`,`language_id`),
  KEY `advertiser_segment_type_id` (`advertiser_segment_type_id`),
  KEY `language_id` (`language_id`)
) ENGINE=InnoDB  DEFAULT CHARSET=utf8 COMMENT='lokalizált szegmens típusok ami valójában a főkategória' AUTO_INCREMENT=404 ;

--
-- A tábla adatainak kiíratása `advertiser_segment_types_data`
--

INSERT INTO `advertiser_segment_types_data` (`advertiser_segment_type_data_id`, `advertiser_segment_type_id`, `language_id`, `advertiser_segment_type_description`) VALUES
(1, 1, 1, 'Tevékenységek'),
(2, 1, 2, 'Activities'),
(3, 2, 1, 'Szállás'),
(4, 2, 2, 'Accommodation'),
(5, 3, 1, 'Strandok'),
(6, 3, 2, 'Beaches'),
(7, 6, 1, 'Üzletek'),
(8, 6, 2, 'Business'),
(9, 7, 1, 'Oktatás'),
(10, 7, 2, 'Education'),
(11, 8, 1, 'Étel & Ital'),
(12, 8, 2, 'Food & Drinks'),
(13, 9, 1, 'Egészség & Szépség'),
(14, 9, 2, 'Healthy & Beauty'),
(16, 11, 1, 'Party helyek'),
(17, 11, 2, 'Party places'),
(18, 12, 1, 'Kölcsönzők'),
(19, 12, 2, 'Rentals'),
(20, 13, 1, 'Szolgáltatások'),
(21, 13, 2, 'Services'),
(22, 14, 1, 'Bank és ATM'),
(23, 14, 2, 'Bank office & ATM'),
(24, 15, 1, 'Gyógyszertárak'),
(25, 15, 2, 'Pharmacies'),
(26, 16, 1, 'Vásárlás'),
(27, 16, 2, 'Shopping'),
(28, 17, 1, 'Városnézés'),
(30, 17, 2, 'Sightseeing'),
(31, 18, 1, 'Közlekedés/Tömegközlekedés'),
(32, 18, 2, 'Transportation/Public Transport'),
(34, 19, 1, 'Taxi'),
(35, 19, 2, 'Taxi'),
(36, 20, 1, 'Rendőrség'),
(37, 20, 2, 'Police office'),
(38, 21, 1, '+18'),
(39, 21, 2, '+18'),
(71, 1, 9, 'Aktivitäten'),
(72, 2, 9, 'Unterkunft'),
(73, 3, 9, 'Strände'),
(74, 6, 9, 'Geschäft'),
(75, 7, 9, 'Bildung'),
(76, 8, 9, 'Essen und Trinken'),
(77, 9, 9, 'Gesund & Schönheit'),
(78, 11, 9, 'Party-Orte'),
(79, 12, 9, 'Verleih'),
(80, 13, 9, 'Dienstleistungen'),
(81, 14, 9, 'Bank office & ATM'),
(82, 15, 9, 'Apotheken'),
(83, 16, 9, 'Einkaufen'),
(84, 17, 9, 'Besichtigung'),
(85, 18, 9, 'Transport / Öffentliche Verkehrsmittel'),
(86, 19, 9, 'Taxi'),
(87, 20, 9, 'Polizei'),
(88, 21, 9, '+18'),
(102, 1, 10, 'деятельность'),
(103, 2, 10, 'жилье'),
(104, 3, 10, 'Пляжи'),
(105, 6, 10, 'бизнес'),
(106, 7, 10, 'образование'),
(107, 8, 10, 'Продукты питания и напитки'),
(108, 9, 10, 'Здоровый и красота'),
(109, 11, 10, 'партия место'),
(110, 12, 10, 'Aренда'),
(111, 13, 10, 'услуги'),
(112, 14, 10, 'Bank office & ATM'),
(113, 15, 10, 'Аптеки'),
(114, 16, 10, 'покупка товаров'),
(115, 17, 10, 'экскурсионный'),
(116, 18, 10, 'Транспорт / Общественный транспорт'),
(117, 19, 10, 'Taxi'),
(118, 20, 10, 'полиция'),
(119, 21, 10, '+18'),
(133, 1, 11, 'činnosti'),
(134, 2, 11, 'Ubytovanie'),
(135, 3, 11, 'Pláže'),
(136, 6, 11, 'Byznys'),
(137, 7, 11, 'Vzdelanie'),
(138, 8, 11, 'Jedlo a pitie'),
(139, 9, 11, 'Zdravé a krása'),
(140, 11, 11, 'Party miesto'),
(141, 12, 11, 'Prenájom'),
(142, 13, 11, 'Služby'),
(143, 14, 11, 'Bank office & ATM'),
(144, 15, 11, 'Lekárne'),
(145, 16, 11, 'Nakupovanie'),
(146, 17, 11, 'Prehliadka'),
(147, 18, 11, 'Doprava / MHD'),
(148, 19, 11, 'Taxi'),
(149, 20, 11, 'Polícia'),
(150, 21, 11, '+18'),
(164, 1, 12, 'Activités'),
(165, 2, 12, 'Logement'),
(166, 3, 12, 'Plages'),
(167, 6, 12, 'Business'),
(168, 7, 12, 'Éducation'),
(169, 8, 12, 'Nourriture et boissons'),
(170, 9, 12, 'Santé et de la beauté'),
(171, 11, 12, 'Lieu de fête'),
(172, 12, 12, 'De location'),
(173, 13, 12, 'Services'),
(174, 14, 12, 'Bank office & ATM'),
(175, 15, 12, 'Pharmacies'),
(176, 16, 12, 'Shopping'),
(177, 17, 12, 'Tourisme'),
(178, 18, 12, 'Transport / Transports publics'),
(179, 19, 12, 'Taxi'),
(180, 20, 12, 'Police '),
(181, 21, 12, '+18'),
(195, 1, 13, 'Działalność'),
(196, 2, 13, 'Mieszkanie'),
(197, 3, 13, 'Plaże'),
(198, 6, 13, 'Biznes'),
(199, 7, 13, 'Edukacja'),
(200, 8, 13, 'Żywność i Napoje'),
(201, 9, 13, 'Zdrowa i piękna'),
(202, 11, 13, 'Imprezy miejsca'),
(203, 12, 13, 'Wynajem'),
(204, 13, 13, 'Usługi'),
(205, 14, 13, 'Bank office & ATM'),
(206, 15, 13, 'Apteki'),
(207, 16, 13, 'Zakupy'),
(208, 17, 13, 'Zwiedzanie'),
(209, 18, 13, 'Transport / Transport publiczny'),
(210, 19, 13, 'Taxi'),
(211, 20, 13, 'Policja'),
(212, 21, 13, '+18'),
(234, 1, 14, 'činnosti'),
(235, 2, 14, 'Ubytování'),
(236, 3, 14, 'Pláže'),
(237, 6, 14, 'Byznys'),
(238, 7, 14, 'Vzdělání'),
(239, 8, 14, 'Jídlo a pití'),
(240, 9, 14, 'Zdravé a krása'),
(241, 11, 14, 'Party místa'),
(242, 12, 14, 'Pronájem'),
(243, 13, 14, 'Služby'),
(244, 14, 14, 'Bank office & ATM'),
(245, 15, 14, 'Lékárny'),
(246, 16, 14, 'Nakupování'),
(247, 17, 14, 'Prohlížení památek'),
(248, 18, 14, 'Doprava / MHD'),
(249, 19, 14, 'Taxi'),
(250, 20, 14, 'Policejní ředitelství'),
(251, 21, 14, '+18'),
(253, 1, 15, 'Faaliyetler'),
(254, 2, 15, 'Konaklama'),
(255, 3, 15, 'Plajlar'),
(256, 6, 15, 'Iş'),
(257, 7, 15, 'Eğitim'),
(258, 8, 15, 'Yiyecek ve İçecekler'),
(259, 9, 15, 'Sağlıklı ve güzellik'),
(260, 11, 15, 'Parti yeri'),
(261, 12, 15, 'Kiralık'),
(262, 13, 15, 'Hizmetler'),
(263, 14, 15, 'Bank office & ATM'),
(264, 15, 15, 'Eczaneler'),
(265, 16, 15, 'Alışveriş'),
(266, 17, 15, 'Gezip görme'),
(267, 18, 15, 'Ulaşım / Toplu Taşıma'),
(268, 19, 15, 'Taxi'),
(269, 20, 15, 'Polis'),
(270, 21, 15, '+18'),
(271, 22, 14, 'Kultura'),
(272, 22, 9, 'Kultur'),
(273, 22, 2, 'Culture'),
(274, 22, 12, 'Culture'),
(275, 22, 1, 'Kultúra'),
(276, 22, 13, 'Kultura'),
(277, 22, 10, 'Kультура'),
(278, 22, 11, 'Kultúra'),
(279, 22, 15, 'Kültür'),
(319, 1, 16, 'Activități'),
(320, 2, 16, 'Cazare'),
(321, 3, 16, 'Plaje'),
(322, 6, 16, 'Afacere'),
(323, 7, 16, 'Educație'),
(324, 8, 16, 'Alimente și băuturi'),
(325, 9, 16, 'Sănătoase și frumusețe'),
(326, 11, 16, 'Loc partid'),
(327, 12, 16, 'Inchiriere'),
(328, 13, 16, 'Servicii'),
(329, 14, 16, 'Bank office & ATM'),
(330, 15, 16, 'Farmaciile'),
(331, 16, 16, 'Cumpărături'),
(332, 17, 16, 'Turistic'),
(333, 18, 16, 'Transportation/Public Transport'),
(334, 19, 16, 'Taxi'),
(335, 20, 16, 'Poliție'),
(336, 21, 16, '+18'),
(337, 22, 16, 'Cultură'),
(341, 1, 17, 'Actividades'),
(342, 2, 17, 'Alojamiento'),
(343, 3, 17, 'Playas'),
(344, 6, 17, 'Negocios'),
(345, 7, 17, 'Educación'),
(346, 8, 17, 'Alimentos y Bebidas'),
(347, 9, 17, 'Saludable y belleza'),
(348, 11, 17, 'Lugar de marcha'),
(349, 12, 17, 'Alquiler'),
(350, 13, 17, 'Servicios'),
(351, 14, 17, 'Bank office & ATM'),
(352, 15, 17, 'Farmacias'),
(353, 16, 17, 'Compras'),
(354, 17, 17, 'Turismo'),
(355, 18, 17, 'Transporte / Transporte Público'),
(356, 19, 17, 'Taxi'),
(357, 20, 17, 'Policía'),
(358, 21, 17, '+18'),
(359, 22, 17, 'Cultura'),
(363, 1, 18, 'Attività'),
(364, 2, 18, 'Alloggio'),
(365, 3, 18, 'Spiagge'),
(366, 6, 18, 'Affari'),
(367, 7, 18, 'Educazione'),
(368, 8, 18, 'Alimenti e bevande'),
(369, 9, 18, 'Salute e bellezza'),
(370, 11, 18, 'Luogo Partito'),
(371, 12, 18, 'Noleggio'),
(372, 13, 18, 'Servizi'),
(373, 14, 18, 'Bank office & ATM'),
(374, 15, 18, 'Farmacie'),
(375, 16, 18, 'Compere'),
(376, 17, 18, 'Giro turistico'),
(377, 18, 18, 'Trasporti / Trasporto Pubblico'),
(378, 19, 18, 'Taxi'),
(379, 20, 18, 'Polizia'),
(380, 21, 18, '+18'),
(381, 22, 18, 'Cultura'),
(385, 1, 19, 'Activities'),
(386, 2, 19, 'Accommodatie'),
(387, 3, 19, 'Stranden'),
(388, 6, 19, 'Handel'),
(389, 7, 19, 'Onderwijs'),
(390, 8, 19, 'Eten en drinken'),
(391, 9, 19, 'Gezond en schoonheid'),
(392, 11, 19, 'Partij plaats'),
(393, 12, 19, 'Huur'),
(394, 13, 19, 'Diensten'),
(395, 14, 19, 'Bank office & ATM'),
(396, 15, 19, 'Apotheken'),
(397, 16, 19, 'Het winkelen'),
(398, 17, 19, 'Sightseeing'),
(399, 18, 19, 'Transport / Openbaar Vervoer'),
(400, 19, 19, 'Taxi'),
(401, 20, 19, 'Politie'),
(402, 21, 19, '+18'),
(403, 22, 19, 'Cultuur');

-- --------------------------------------------------------

--
-- A nézet helyettes szerkezete `advertiser_segment_types_view`
--
CREATE TABLE IF NOT EXISTS `advertiser_segment_types_view` (
`language_id` int(10) unsigned
,`language_code` varchar(3)
,`advertiser_segment_type_id` int(10) unsigned
,`advertiser_segment_type_code` int(10) unsigned
,`advertiser_segment_type_img` varbinary(55)
,`advertiser_segment_type_ldpi_img` varbinary(50)
,`advertiser_segment_type_mdpi_img` varbinary(50)
,`advertiser_segment_type_hdpi_img` varbinary(50)
,`advertiser_segment_type_xhdpi_img` varbinary(51)
,`advertiser_segment_type_retina_img` varbinary(52)
,`advertiser_segment_type_nonretina_img` varbinary(55)
,`advertiser_segment_type_pin_img` varbinary(59)
,`advertiser_segment_type_pin_ldpi_img` varbinary(54)
,`advertiser_segment_type_pin_mdpi_img` varbinary(54)
,`advertiser_segment_type_pin_hdpi_img` varbinary(54)
,`advertiser_segment_type_pin_xhdpi_img` varbinary(55)
,`advertiser_segment_type_pin_retina_img` varbinary(56)
,`advertiser_segment_type_pin_nonretina_img` varbinary(59)
,`advertiser_segment_type_description` varchar(255)
);
-- --------------------------------------------------------

--
-- Tábla szerkezet: `ad_packages`
--

CREATE TABLE IF NOT EXISTS `ad_packages` (
  `ad_package_id` int(10) unsigned NOT NULL auto_increment,
  `app_id` int(10) unsigned default NULL COMMENT 'App verzió (mind, vagy valamelyik) NULL ha mindegyik!',
  `ad_package_name` varchar(255) NOT NULL COMMENT 'Hirdetési egység- csomag megnevezése',
  `ad_package_price` float NOT NULL COMMENT 'Hirtedési egység- csomag listaára naponta',
  `ad_package_type_splash_count` int(10) unsigned NOT NULL default '0' COMMENT 'Csomgaban foglalt hirdetés tipsa(i) Splash reklám (db)',
  `ad_package_type_special_count` int(10) unsigned NOT NULL default '0' COMMENT 'Csomgaban foglalt hirdetés tipsa(i) Speciális ajánlat (db)',
  `ad_package_type_pushnotification_count` int(10) unsigned NOT NULL default '0' COMMENT 'Csomgaban foglalt hirdetés tipsa(i) PushNotification (db)',
  `ad_package_type_event_count` int(10) unsigned NOT NULL default '0' COMMENT 'csomagban foglalt eventek száma',
  `ad_package_min_day` int(10) unsigned NOT NULL default '1' COMMENT 'Megjelenés-felhasználhatóság minimális időtartama ...napokban. (hirdetés rögzítéskor ellenőrizendő)',
  `ad_package_qr_code_enabled` tinyint(4) unsigned NOT NULL default '0',
  `ad_package_coupon_enabled` tinyint(4) unsigned NOT NULL default '0',
  `ad_package_qr_point` tinyint(4) unsigned NOT NULL default '0',
  `ad_package_coupon_point` tinyint(4) unsigned NOT NULL default '0',
  PRIMARY KEY  (`ad_package_id`),
  UNIQUE KEY `app_id_ad_name` (`app_id`,`ad_package_name`),
  KEY `app_id` (`app_id`)
) ENGINE=InnoDB  DEFAULT CHARSET=utf8 COMMENT='Plixapp Kft.\r\nHirdetés csomagok árai' AUTO_INCREMENT=13 ;

--
-- A tábla adatainak kiíratása `ad_packages`
--

INSERT INTO `ad_packages` (`ad_package_id`, `app_id`, `ad_package_name`, `ad_package_price`, `ad_package_type_splash_count`, `ad_package_type_special_count`, `ad_package_type_pushnotification_count`, `ad_package_type_event_count`, `ad_package_min_day`, `ad_package_qr_code_enabled`, `ad_package_coupon_enabled`, `ad_package_qr_point`, `ad_package_coupon_point`) VALUES
(1, NULL, 'Hirdetés Csomag3', 35000, 100, 100, 10, 100, 365, 1, 1, 13, 4),
(2, NULL, 'Hirdetés Csomag2', 20, 0, 1, 0, 0, 3, 0, 0, 10, 0),
(3, NULL, 'Default', 0, 0, 0, 0, 0, 365, 0, 0, 0, 0),
(4, NULL, 'Default Q1', 50, 0, 0, 0, 0, 90, 0, 0, 21, 3),
(5, NULL, 'Default Q2', 80, 0, 0, 0, 0, 183, 0, 0, 27, 0),
(6, NULL, 'Default Q4', 170, 0, 0, 0, 0, 365, 0, 0, 31, 0),
(8, NULL, '10 db Splash hírdetés', 1000, 10, 0, 0, 0, 1, 0, 0, 0, 0),
(9, NULL, 'Just Push', 1000, 0, 0, 1000, 0, 365, 1, 1, 0, 0),
(10, NULL, 'Just Splash', 1000, 1000, 1000, 1000, 1000, 362, 0, 0, 1, 1),
(11, NULL, 'Fashion Segment', 40000, 1, 50, 0, 50, 365, 1, 1, 100, 100),
(12, NULL, 'Renegade package', 1, 500, 500, 500, 500, 365, 1, 1, 100, 100);

-- --------------------------------------------------------

--
-- Tábla szerkezet: `apns_devices`
--

CREATE TABLE IF NOT EXISTS `apns_devices` (
  `pid` int(9) unsigned NOT NULL auto_increment,
  `clientid` varchar(64) NOT NULL,
  `appname` varchar(255) NOT NULL,
  `language_code` char(2) NOT NULL,
  `appversion` varchar(25) default NULL,
  `deviceuid` char(40) NOT NULL,
  `devicetoken` char(64) NOT NULL,
  `devicename` varchar(255) NOT NULL,
  `devicemodel` varchar(100) NOT NULL,
  `deviceversion` varchar(25) NOT NULL,
  `pushbadge` enum('disabled','enabled') default 'disabled',
  `pushalert` enum('disabled','enabled') default 'disabled',
  `pushsound` enum('disabled','enabled') default 'disabled',
  `development` enum('production','sandbox') NOT NULL default 'production',
  `status` enum('active','uninstalled') NOT NULL default 'active',
  `created` datetime NOT NULL,
  `modified` timestamp NOT NULL default '0000-00-00 00:00:00' on update CURRENT_TIMESTAMP,
  PRIMARY KEY  (`pid`),
  UNIQUE KEY `appname_devicetoken` (`appname`,`devicetoken`),
  KEY `clientid` (`clientid`),
  KEY `devicename` (`devicename`),
  KEY `devicemodel` (`devicemodel`),
  KEY `deviceversion` (`deviceversion`),
  KEY `pushbadge` (`pushbadge`),
  KEY `pushalert` (`pushalert`),
  KEY `pushsound` (`pushsound`),
  KEY `development` (`development`),
  KEY `status` (`status`),
  KEY `created` (`created`),
  KEY `modified` (`modified`)
) ENGINE=InnoDB  DEFAULT CHARSET=utf8 COMMENT='Store unique devices' AUTO_INCREMENT=361 ;

--
-- A tábla adatainak kiíratása `apns_devices`
--

INSERT INTO `apns_devices` (`pid`, `clientid`, `appname`, `language_code`, `appversion`, `deviceuid`, `devicetoken`, `devicename`, `devicemodel`, `deviceversion`, `pushbadge`, `pushalert`, `pushsound`, `development`, `status`, `created`, `modified`) VALUES
(343, '', 'balaton', 'hu', '1.0.0.b12', '5E15C116-0E56-4CD7-ACE2-18704974C862', 'da3ff0f35c11fc68fc493159c2a1350836a103f6ecaad597d250a8357aacbd02', 'iPhone PlixApp', 'iPhone', '6.1.3', 'enabled', 'enabled', 'enabled', 'sandbox', 'active', '2014-03-07 13:50:40', '2014-08-19 21:08:48'),
(345, '', 'plixapp', 'hu', '1.0.0.b12', 'C137A23A-AB47-4F4C-82D2-10ED452AEA25', 'da3ff0f35c11fc68fc493159c2a1350836a103f6ecaad597d250a8357aacbd02', 'iPhone PlixApp', 'iPhone', '6.1.3', 'enabled', 'enabled', 'enabled', 'production', 'active', '2014-03-07 13:55:39', '2014-03-14 13:10:20'),
(346, '', 'plixapp', 'hu', '1.0.0.b12', '4A7C124B35884B63803EA69071E562B5', 'ce85eacdc0b525f029b0732d315fcd0ac37fe6b367ac706e876cba505534e0d5', 'Mike750901 iPhone készüléke', 'iPhone', '7.0.6', 'enabled', 'enabled', 'enabled', 'production', 'active', '2014-03-07 14:16:47', '2014-03-09 22:12:12'),
(347, '', 'balaton', 'hu', '1.0.0.b13', '70C8FDCB-1A9A-4F64-9B28-9CADC624435F', 'ce85eacdc0b525f029b0732d315fcd0ac37fe6b367ac706e876cba505534e0d5', 'Mike750901 iPhone készüléke', 'iPhone', '7.1.2', 'enabled', 'enabled', 'enabled', 'production', 'active', '2014-05-12 14:41:10', '2015-05-27 16:54:10'),
(348, '', 'balaton', 'hu', '1.0.0.b14', 'E648488F-97AB-4EBC-9DB4-98A690A65C79', 'e78ba43cb8bb1c9d3c67da68a07bd59d7a18f7c652a5952a9565a3572c95748f', 'Iphone3gs iPhone készüléke', 'iPhone', '6.1.6', 'enabled', 'enabled', 'enabled', 'production', 'active', '2014-05-12 15:32:43', '2014-05-12 15:53:28'),
(349, '', 'balaton', 'hu', '1.0.0.b13', '87E465C2-2A12-400B-8896-65FAB3ADA8F1', 'bbd2c30cfe066b4ca16852999794fb05adfa5a964c6e37330f8dd705aecbaa29', 'Mike750901 iPhone készüléke', 'iPhone', '7.1.1', 'enabled', 'enabled', 'enabled', 'production', 'active', '2014-05-13 17:02:33', '2014-09-18 14:33:46'),
(350, '', 'balaton', 'hu', '1.0.0', '058A574E-84BE-45E9-B16E-9F3528E09BB3', 'becac5566aa5736f6806864a7a3c274040fe2b0b6e17d4a181ed654b138d1d14', 'UXAQiPad3_7.0', 'iPad', '7.1.2', 'enabled', 'enabled', 'enabled', 'production', 'active', '2014-06-27 04:17:13', '2014-08-09 00:45:40'),
(351, '', 'balaton', 'hu', '1.0.2', '96702656-23A7-4E7C-8605-9AF77775D37D', 'e8baa7d61ccf4ef96add161fb3e87633cfe14b2278bee09ef568513ca9a19c47', 'doncsika', 'iPhone', '7.1.2', 'enabled', 'enabled', 'enabled', 'production', 'active', '2014-08-14 23:29:24', '2014-08-16 21:47:49'),
(352, '', 'balaton', 'hu', '1.0.2', '21CD6AE1-B6FA-444B-830A-5AB3B7DBE5DF', '9a4b61b320cb3e6d6b5edb06209f895b5b662887946164b51d3768b849027ca2', 'iPhone', 'iPhone', '7.1.2', 'enabled', 'enabled', 'enabled', 'production', 'active', '2014-08-19 11:11:57', '2014-08-19 11:13:08'),
(353, '', 'balaton', 'hu', '1.0.2', '2689736F-3664-4DFE-A5A4-2B3DFD9882AE', 'ab63d79deea1b5609bc5e939ac8f020b879ad485c7271ad0c2994edbda79db79', 'Nitee iPhone készüléke', 'iPhone', '7.1.2', 'enabled', 'enabled', 'enabled', 'production', 'active', '2014-08-21 22:39:10', '2014-09-06 09:01:03'),
(354, '', 'balaton', 'hu', '1.0.2', 'A6F684C4-F1C8-43D1-801C-F2CF1483FE10', '3ced56cda776c58bf5bdf6bb728c56a3ec0affa1eb3b6745292f3cd55c8c86fe', 'iPhone PlixApp', 'iPhone', '6.1.3', 'enabled', 'enabled', 'enabled', 'production', 'active', '2014-08-22 19:56:06', '2014-09-04 10:44:56'),
(355, '', 'balaton', 'hu', '1.0.2', '5EE0BDC6-1A45-481F-9280-79D242DA1470', 'bbf118551cc4f7d8fa7e56cead294ce9f9f069737321a18c9c7a0f949dd29f80', 'Dénes\\''s iPhone', 'iPhone', '7.1.2', 'enabled', 'enabled', 'enabled', 'production', 'active', '2014-08-26 11:10:44', '2014-08-26 11:10:44'),
(356, '', 'balaton', 'hu', '1.0.2', '21D6A136-2023-4134-A21F-07D8A82F8B95', '15d291bb9f4d1b4f2cf84890a19be5fabfc8c9e8221ea210c18753b8bc9ab21c', 'Gál Károly', 'iPhone', '8.0.2', 'enabled', 'enabled', 'enabled', 'production', 'active', '2014-08-31 14:30:40', '2014-10-16 19:56:17'),
(357, '', 'balaton', 'hu', '1.0.2', '99A464B6-48B3-4778-9A32-CB8E64A97CC3', 'bed3685127c5c97d8f9e8f50a0fea2e4b79a255e011773f13517055765900183', 'Billi iPhone készüléke', 'iPhone', '7.1.2', 'enabled', 'enabled', 'enabled', 'production', 'active', '2014-09-21 09:24:25', '2015-05-25 06:41:02'),
(358, '', 'balaton', 'hu', '1.0.2', 'D0172A8A-FF50-44DF-99AB-75A0DAF37CCB', '41659e7ddbadc5fe8cf9556453bf0e3e93de02c0d5341b202b5d4f0b213d3c7a', 'PlixApp iPhone6 plus', 'iPhone', '8.1.3', 'enabled', 'enabled', 'enabled', 'production', 'active', '2014-11-04 16:09:41', '2015-02-19 20:56:36'),
(359, '', 'balaton', 'hu', '1.0.2', '88CEBBA1-8C05-4575-8FEC-9B8B23D682D9', 'b6f327a8d6f3ab386b84e0bb96471111c0d97703847be23ed2d32f1f777b6426', 'Zoli', 'iPhone', '8.2', 'enabled', 'enabled', 'enabled', 'production', 'active', '2015-02-09 17:09:57', '2015-05-04 11:18:06'),
(360, '', 'balaton', 'hu', '1.0.2', '0528339E-5DCD-49E9-9BA8-9FBFF505D163', '8d8ac11731262c2b932ed3a01fe37ec0799f7fa00beca8aa702fa309d558b479', 'Bea iPhone készüléke', 'iPhone', '8.1.3', 'enabled', 'enabled', 'enabled', 'production', 'active', '2015-02-17 18:08:26', '2015-02-17 18:08:26');

-- --------------------------------------------------------

--
-- Tábla szerkezet: `apns_messages`
--

CREATE TABLE IF NOT EXISTS `apns_messages` (
  `pid` int(9) unsigned NOT NULL auto_increment,
  `clientid` varchar(64) NOT NULL,
  `fk_device` int(9) unsigned NOT NULL,
  `message` varchar(255) NOT NULL,
  `delivery` datetime NOT NULL,
  `status` enum('queued','delivered','failed') NOT NULL default 'queued',
  `created` datetime NOT NULL,
  `modified` timestamp NOT NULL default '0000-00-00 00:00:00' on update CURRENT_TIMESTAMP,
  PRIMARY KEY  (`pid`),
  KEY `clientid` (`clientid`),
  KEY `fk_device` (`fk_device`),
  KEY `status` (`status`),
  KEY `created` (`created`),
  KEY `modified` (`modified`),
  KEY `message` (`message`),
  KEY `delivery` (`delivery`)
) ENGINE=InnoDB  DEFAULT CHARSET=utf8 COMMENT='Messages to push to APNS' AUTO_INCREMENT=111 ;

--
-- A tábla adatainak kiíratása `apns_messages`
--

INSERT INTO `apns_messages` (`pid`, `clientid`, `fk_device`, `message`, `delivery`, `status`, `created`, `modified`) VALUES
(24, '', 106, '{"aps":{"alert":"Gyere, gyere ki a hegyoldalba, neked j\\u00e1tszik ott egy rock and roll banda"}}', '2013-12-17 10:28:20', 'failed', '2013-12-17 10:28:20', '2013-12-17 10:28:21'),
(25, '', 106, '{"aps":{"alert":"Csumi kiscs\\u00e1v\\u00f3! Gyere teniszezni b\\u00f6rsibe j\\u00f3k a bogy\\u00f3k."}}', '2013-12-17 10:28:21', 'failed', '2013-12-17 10:28:21', '2013-12-17 10:28:22'),
(26, '', 106, '{"aps":{"alert":"most k\\u00fcldi?"}}', '2013-12-17 10:28:22', 'failed', '2013-12-17 10:28:22', '2013-12-17 10:28:23'),
(27, '', 106, '{"aps":{"alert":"Pusk\\u00e1s tivadar uszoda Speck\\u00f3 aj\\u00e1nlata!"}}', '2013-12-17 10:35:11', 'failed', '2013-12-17 10:35:11', '2013-12-17 10:35:12'),
(28, '', 108, '{"aps":{"alert":"Pusk\\u00e1s tivadar uszoda Speck\\u00f3 aj\\u00e1nlata!"}}', '2013-12-17 10:35:11', 'failed', '2013-12-17 10:35:11', '2013-12-17 10:35:13'),
(29, '', 106, '{"aps":{"alert":"Pusi test sandbox-al. Tesztelni j\\u00f3! GAMiRO Guide"}}', '2013-12-17 10:39:38', 'failed', '2013-12-17 10:39:38', '2013-12-17 10:39:41'),
(30, '', 108, '{"aps":{"alert":"Pusi test sandbox-al. Tesztelni j\\u00f3! GAMiRO Guide"}}', '2013-12-17 10:39:38', 'delivered', '2013-12-17 10:39:38', '2013-12-17 10:39:40'),
(31, '', 106, '{"aps":{"alert":"Pusi test2 sandbox-al. Tesztelni j\\u00f3! GAMiRO Guide "}}', '2013-12-17 10:48:24', 'failed', '2013-12-17 10:48:24', '2013-12-17 10:48:25'),
(32, '', 108, '{"aps":{"alert":"Pusi test2 sandbox-al. Tesztelni j\\u00f3! GAMiRO Guide "}}', '2013-12-17 10:48:24', 'delivered', '2013-12-17 10:48:24', '2013-12-17 10:48:25'),
(33, '', 106, '{"aps":{"alert":"test"}}', '2013-12-17 10:48:31', 'failed', '2013-12-17 10:48:31', '2013-12-17 10:48:32'),
(34, '', 108, '{"aps":{"alert":"test"}}', '2013-12-17 10:48:31', 'delivered', '2013-12-17 10:48:31', '2013-12-17 10:48:34'),
(35, '', 106, '{"aps":{"alert":"\\u00e9\\u00e1\\u0171\\u0151\\u00fa\\u00f6\\u00fc\\u00f3\\u00ed"}}', '2013-12-17 10:49:39', 'delivered', '2013-12-17 10:49:39', '2013-12-17 10:49:40'),
(36, '', 106, '{"aps":{"alert":"GAMiRO Guide, Buda\\u00f6rsi Tenisz Klub Pusk\\u00e1t Tivadar Aj\\u00e1nlata. Free Tennis-Dennis!"}}', '2013-12-17 10:54:19', 'delivered', '2013-12-17 10:54:19', '2013-12-17 10:54:48'),
(37, '', 106, '{"aps":{"alert":"GAMiRO Guide, Buda\\u00f6rsi Tenisz Klub Pusk\\u00e1t Tivadar Aj\\u00e1nlata. Free Tennis-Dennis!"}}', '2013-12-17 10:54:46', 'delivered', '2013-12-17 10:54:46', '2013-12-17 10:59:15'),
(38, '', 106, '{"aps":{"alert":"test123"}}', '2013-12-17 10:59:13', 'delivered', '2013-12-17 10:59:13', '2013-12-17 11:03:05'),
(39, '', 108, '{"aps":{"alert":"test123"}}', '2013-12-17 10:59:13', 'delivered', '2013-12-17 10:59:13', '2013-12-17 10:59:16'),
(40, '', 106, '{"aps":{"alert":"mindegyikre kiment?"}}', '2013-12-17 11:03:01', 'delivered', '2013-12-17 11:03:01', '2013-12-17 11:09:24'),
(41, '', 108, '{"aps":{"alert":"mindegyikre kiment?"}}', '2013-12-17 11:03:01', 'delivered', '2013-12-17 11:03:01', '2013-12-17 11:03:06'),
(42, '', 106, '{"aps":{"alert":"sdfdsfsdfdsfsd"}}', '2013-12-17 11:09:00', 'delivered', '2013-12-17 11:09:00', '2013-12-17 11:09:28'),
(43, '', 108, '{"aps":{"alert":"sdfdsfsdfdsfsd"}}', '2013-12-17 11:09:00', 'delivered', '2013-12-17 11:09:00', '2013-12-17 11:09:25'),
(44, '', 106, '{"aps":{"alert":"Tolk egy tesztet. \\u0171ber kir\\u00e1yl \\u0151 meg minden \\u00e9kez\\u00edt."}}', '2013-12-17 13:47:53', 'delivered', '2013-12-17 13:47:53', '2013-12-17 13:47:56'),
(45, '', 108, '{"aps":{"alert":"Tolk egy tesztet. \\u0171ber kir\\u00e1yl \\u0151 meg minden \\u00e9kez\\u00edt."}}', '2013-12-17 13:47:53', 'delivered', '2013-12-17 13:47:53', '2013-12-17 13:47:55'),
(46, '', 106, '{"aps":{"alert":"megy az \\u00fczi!"}}', '2013-12-17 22:18:14', 'delivered', '2013-12-17 22:18:14', '2013-12-17 22:18:16'),
(47, '', 108, '{"aps":{"alert":"megy az \\u00fczi!"}}', '2013-12-17 22:18:14', 'delivered', '2013-12-17 22:18:14', '2013-12-17 22:18:17'),
(48, '', 106, '{"aps":{"alert":"KEdves Gyerekek!Tejbepapi \\u00e9s alv\\u00e1s!"}}', '2013-12-22 21:43:37', 'delivered', '2013-12-22 21:43:37', '2013-12-22 21:43:44'),
(49, '', 108, '{"aps":{"alert":"KEdves Gyerekek!Tejbepapi \\u00e9s alv\\u00e1s!"}}', '2013-12-22 21:43:37', 'delivered', '2013-12-22 21:43:37', '2013-12-22 21:43:43'),
(50, '', 136, '{"aps":{"alert":"KEdves Gyerekek!Tejbepapi \\u00e9s alv\\u00e1s!"}}', '2013-12-22 21:43:37', 'delivered', '2013-12-22 21:43:37', '2013-12-22 21:43:39'),
(51, '', 106, '{"aps":{"alert":"egy percenk\\u00e9nt kipr\\u00f3b\\u00e1lja k\\u00fcldeni az \\u00fczeneteket"}}', '2013-12-22 21:55:01', 'failed', '2013-12-22 21:55:01', '2013-12-22 21:55:31'),
(52, '', 108, '{"aps":{"alert":"egy percenk\\u00e9nt kipr\\u00f3b\\u00e1lja k\\u00fcldeni az \\u00fczeneteket"}}', '2013-12-22 21:55:01', 'failed', '2013-12-22 21:55:01', '2013-12-22 21:55:21'),
(53, '', 136, '{"aps":{"alert":"egy percenk\\u00e9nt kipr\\u00f3b\\u00e1lja k\\u00fcldeni az \\u00fczeneteket"}}', '2013-12-22 21:55:01', 'failed', '2013-12-22 21:55:01', '2013-12-22 21:55:02'),
(54, '', 106, '{"aps":{"alert":"Na ezt majd a cron ind\\u00edtja.."}}', '2013-12-22 21:55:31', 'failed', '2013-12-22 21:55:31', '2013-12-22 21:56:07'),
(55, '', 108, '{"aps":{"alert":"Na ezt majd a cron ind\\u00edtja.."}}', '2013-12-22 21:55:31', 'failed', '2013-12-22 21:55:31', '2013-12-22 21:55:40'),
(56, '', 136, '{"aps":{"alert":"Na ezt majd a cron ind\\u00edtja.."}}', '2013-12-22 21:55:31', 'failed', '2013-12-22 21:55:31', '2013-12-22 21:55:32'),
(57, '', 106, '{"aps":{"alert":"Na ezt majd a cron ind\\u00edtja.."}}', '2013-12-22 21:56:01', 'failed', '2013-12-22 21:56:01', '2013-12-22 22:13:04'),
(58, '', 108, '{"aps":{"alert":"Na ezt majd a cron ind\\u00edtja.."}}', '2013-12-22 21:56:01', 'failed', '2013-12-22 21:56:01', '2013-12-22 21:56:09'),
(59, '', 136, '{"aps":{"alert":"Na ezt majd a cron ind\\u00edtja.."}}', '2013-12-22 21:56:01', 'failed', '2013-12-22 21:56:01', '2013-12-22 21:56:08'),
(60, '', 106, '{"aps":{"alert":"oda\\u00e9rt?"}}', '2013-12-22 22:00:01', 'delivered', '2013-12-22 22:00:01', '2013-12-22 22:31:51'),
(61, '', 108, '{"aps":{"alert":"oda\\u00e9rt?"}}', '2013-12-22 22:00:01', 'delivered', '2013-12-22 22:00:01', '2013-12-22 22:31:50'),
(62, '', 136, '{"aps":{"alert":"oda\\u00e9rt?"}}', '2013-12-22 22:00:01', 'delivered', '2013-12-22 22:00:01', '2013-12-22 22:31:48'),
(63, '', 106, '{"aps":{"alert":"\\u00faj \\u00fczenet m\\u00e9gegyszer..."}}', '2013-12-22 22:35:01', 'delivered', '2013-12-22 22:35:01', '2013-12-22 22:35:06'),
(64, '', 108, '{"aps":{"alert":"\\u00faj \\u00fczenet m\\u00e9gegyszer..."}}', '2013-12-22 22:35:01', 'delivered', '2013-12-22 22:35:01', '2013-12-22 22:35:05'),
(65, '', 136, '{"aps":{"alert":"\\u00faj \\u00fczenet m\\u00e9gegyszer..."}}', '2013-12-22 22:35:01', 'delivered', '2013-12-22 22:35:01', '2013-12-22 22:35:03'),
(66, '', 106, '{"aps":{"alert":"A \\u00c1dler Hotel \\u00fcnnepi teszt push up ja t\\u0151lem"}}', '2013-12-22 23:05:01', 'delivered', '2013-12-22 23:05:01', '2013-12-22 23:05:07'),
(67, '', 108, '{"aps":{"alert":"A \\u00c1dler Hotel \\u00fcnnepi teszt push up ja t\\u0151lem"}}', '2013-12-22 23:05:01', 'failed', '2013-12-22 23:05:01', '2013-12-22 23:05:05'),
(68, '', 136, '{"aps":{"alert":"A \\u00c1dler Hotel \\u00fcnnepi teszt push up ja t\\u0151lem"}}', '2013-12-22 23:05:01', 'delivered', '2013-12-22 23:05:01', '2013-12-22 23:05:04'),
(69, '', 106, '{"aps":{"alert":"\\u00dajra itt van kar\\u00e1csony, csingi-lingi-leng a ban\\u00e1nom..."}}', '2013-12-23 12:08:01', 'delivered', '2013-12-23 12:08:01', '2013-12-23 12:08:05'),
(70, '', 108, '{"aps":{"alert":"\\u00dajra itt van kar\\u00e1csony, csingi-lingi-leng a ban\\u00e1nom..."}}', '2013-12-23 12:08:01', 'delivered', '2013-12-23 12:08:01', '2013-12-23 12:08:04'),
(71, '', 136, '{"aps":{"alert":"\\u00dajra itt van kar\\u00e1csony, csingi-lingi-leng a ban\\u00e1nom..."}}', '2013-12-23 12:08:01', 'delivered', '2013-12-23 12:08:01', '2013-12-23 12:08:06'),
(72, '', 106, '{"aps":{"alert":"B.\\u00da.\\u00c9.K. Neked is, meg sok locsol\\u00f3t..."}}', '2014-01-01 17:54:01', 'delivered', '2014-01-01 17:54:01', '2014-01-01 17:54:06'),
(73, '', 108, '{"aps":{"alert":"B.\\u00da.\\u00c9.K. Neked is, meg sok locsol\\u00f3t..."}}', '2014-01-01 17:54:01', 'delivered', '2014-01-01 17:54:01', '2014-01-01 17:54:05'),
(74, '', 136, '{"aps":{"alert":"B.\\u00da.\\u00c9.K. Neked is, meg sok locsol\\u00f3t..."}}', '2014-01-01 17:54:01', 'delivered', '2014-01-01 17:54:01', '2014-01-01 17:54:03'),
(75, '', 106, '{"aps":{"alert":"Hello GCM. Teszt \\u00fczenet. f\\u0171r\\u00e9szel\\u0151 k\\u00e9sz\\u00fcl\\u00e9k\\u00edha"}}', '2014-01-09 09:46:01', 'delivered', '2014-01-09 09:46:01', '2014-01-09 09:46:06'),
(76, '', 108, '{"aps":{"alert":"Hello GCM. Teszt \\u00fczenet. f\\u0171r\\u00e9szel\\u0151 k\\u00e9sz\\u00fcl\\u00e9k\\u00edha"}}', '2014-01-09 09:46:01', 'delivered', '2014-01-09 09:46:01', '2014-01-09 09:46:05'),
(77, '', 136, '{"aps":{"alert":"Hello GCM. Teszt \\u00fczenet. f\\u0171r\\u00e9szel\\u0151 k\\u00e9sz\\u00fcl\\u00e9k\\u00edha"}}', '2014-01-09 09:46:01', 'delivered', '2014-01-09 09:46:01', '2014-01-09 09:46:03'),
(78, '', 106, '{"aps":{"alert":"megj\\u00f6tt?"}}', '2014-01-09 20:48:01', 'delivered', '2014-01-09 20:48:01', '2014-01-09 20:48:05'),
(79, '', 108, '{"aps":{"alert":"megj\\u00f6tt?"}}', '2014-01-09 20:48:01', 'delivered', '2014-01-09 20:48:01', '2014-01-09 20:48:04'),
(80, '', 136, '{"aps":{"alert":"megj\\u00f6tt?"}}', '2014-01-09 20:48:02', 'delivered', '2014-01-09 20:48:02', '2014-01-09 20:48:07'),
(81, '', 106, '{"aps":{"alert":"teszt2"}}', '2014-01-10 15:00:01', 'delivered', '2014-01-10 15:00:01', '2014-01-10 15:00:08'),
(82, '', 108, '{"aps":{"alert":"teszt2"}}', '2014-01-10 15:00:01', 'delivered', '2014-01-10 15:00:01', '2014-01-10 15:00:06'),
(83, '', 136, '{"aps":{"alert":"teszt2"}}', '2014-01-10 15:00:01', 'delivered', '2014-01-10 15:00:01', '2014-01-10 15:00:04'),
(84, '', 106, '{"aps":{"alert":"teszt"}}', '2014-01-10 16:13:01', 'delivered', '2014-01-10 16:13:01', '2014-01-10 16:13:11'),
(85, '', 108, '{"aps":{"alert":"teszt"}}', '2014-01-10 16:13:01', 'delivered', '2014-01-10 16:13:01', '2014-01-10 16:13:10'),
(86, '', 136, '{"aps":{"alert":"teszt"}}', '2014-01-10 16:13:01', 'delivered', '2014-01-10 16:13:01', '2014-01-10 16:13:03'),
(87, '', 106, '{"aps":{"alert":"Tekerjetek emerre, ne legyetek leverve, jelenjetek meg egyes helyeken kedves emberekkel, legyen eszetek, de nevessetek rengeteget, rendesen szeressetek, keressetek eleget, de legyetek emberek."}}', '2014-01-28 15:33:01', 'delivered', '2014-01-28 15:33:01', '2014-01-28 15:33:06'),
(88, '', 108, '{"aps":{"alert":"Tekerjetek emerre, ne legyetek leverve, jelenjetek meg egyes helyeken kedves emberekkel, legyen eszetek, de nevessetek rengeteget, rendesen szeressetek, keressetek eleget, de legyetek emberek."}}', '2014-01-28 15:33:01', 'delivered', '2014-01-28 15:33:01', '2014-01-28 15:33:05'),
(89, '', 136, '{"aps":{"alert":"Tekerjetek emerre, ne legyetek leverve, jelenjetek meg egyes helyeken kedves emberekkel, legyen eszetek, de nevessetek rengeteget, rendesen szeressetek, keressetek eleget, de legyetek emberek."}}', '2014-01-28 15:33:01', 'delivered', '2014-01-28 15:33:01', '2014-01-28 15:33:03'),
(90, '', 106, '{"aps":{"alert":"v\\u00e1rosi uszoda push"}}', '2014-03-07 10:02:02', 'failed', '2014-03-07 10:02:02', '2014-03-07 10:02:08'),
(91, '', 108, '{"aps":{"alert":"v\\u00e1rosi uszoda push"}}', '2014-03-07 10:02:02', 'delivered', '2014-03-07 10:02:02', '2014-03-07 10:02:08'),
(92, '', 136, '{"aps":{"alert":"v\\u00e1rosi uszoda push"}}', '2014-03-07 10:02:02', 'failed', '2014-03-07 10:02:02', '2014-03-07 10:02:06'),
(93, '', 288, '{"aps":{"alert":"v\\u00e1rosi uszoda push"}}', '2014-03-07 10:02:02', 'delivered', '2014-03-07 10:02:02', '2014-03-07 10:02:06'),
(94, '', 300, '{"aps":{"alert":"v\\u00e1rosi uszoda push"}}', '2014-03-07 10:02:02', 'delivered', '2014-03-07 10:02:02', '2014-03-07 10:02:05'),
(95, '', 316, '{"aps":{"alert":"v\\u00e1rosi uszoda push"}}', '2014-03-07 10:02:03', 'failed', '2014-03-07 10:02:03', '2014-03-07 10:02:09'),
(96, '', 343, '{"aps":{"alert":"sdafgdagfdsgfsdggfsd"}}', '2014-03-07 13:53:01', 'delivered', '2014-03-07 13:53:01', '2014-03-07 13:53:03'),
(97, '', 343, '{"aps":{"alert":"tesztelget\\u00fcnk, tesztelget\\u00fcnk"}}', '2014-03-08 19:25:02', 'delivered', '2014-03-08 19:25:02', '2014-03-08 19:25:04'),
(98, '', 343, '{"aps":{"alert":"teszt20140408"}}', '2014-05-12 14:36:25', 'delivered', '2014-05-12 14:36:25', '2014-05-12 14:36:27'),
(99, '', 343, '{"aps":{"alert":"Ez egy GamiroGuide Push \\u00fczi. 14:31 kor ment el"}}', '2014-05-12 14:36:25', 'delivered', '2014-05-12 14:36:25', '2014-05-12 14:43:58'),
(100, '', 343, '{"aps":{"alert":"teszt"}}', '2014-05-12 14:46:05', 'delivered', '2014-05-12 14:46:05', '2014-05-12 14:46:08'),
(101, '', 347, '{"aps":{"alert":"teszt"}}', '2014-05-12 14:46:05', 'delivered', '2014-05-12 14:46:05', '2014-05-12 14:46:07'),
(102, '', 343, '{"aps":{"alert":"gfhgfhgfhgf"}}', '2014-05-12 15:40:35', 'delivered', '2014-05-12 15:40:35', '2014-05-12 15:40:37'),
(103, '', 347, '{"aps":{"alert":"gfhgfhgfhgf"}}', '2014-05-12 15:40:35', 'delivered', '2014-05-12 15:40:35', '2014-05-12 15:40:40'),
(104, '', 348, '{"aps":{"alert":"gfhgfhgfhgf"}}', '2014-05-12 15:40:35', 'failed', '2014-05-12 15:40:35', '2014-05-12 15:40:38'),
(105, '', 343, '{"aps":{"alert":"dfgfdgfdgfd"}}', '2014-05-12 15:42:58', 'delivered', '2014-05-12 15:42:58', '2014-05-12 15:43:02'),
(106, '', 347, '{"aps":{"alert":"dfgfdgfdgfd"}}', '2014-05-12 15:42:58', 'delivered', '2014-05-12 15:42:58', '2014-05-12 15:43:00'),
(107, '', 348, '{"aps":{"alert":"dfgfdgfdgfd"}}', '2014-05-12 15:42:58', 'failed', '2014-05-12 15:42:58', '2014-05-12 15:42:59'),
(108, '', 343, '{"aps":{"alert":"fghdfghgdh fgdhtr hzt j6r7 jtz jztd jdzt jztd tzn tdz"}}', '2014-05-12 15:48:36', 'delivered', '2014-05-12 15:48:36', '2014-05-12 15:48:40'),
(109, '', 347, '{"aps":{"alert":"fghdfghgdh fgdhtr hzt j6r7 jtz jztd jdzt jztd tzn tdz"}}', '2014-05-12 15:48:36', 'delivered', '2014-05-12 15:48:36', '2014-05-12 15:48:38'),
(110, '', 348, '{"aps":{"alert":"fghdfghgdh fgdhtr hzt j6r7 jtz jztd jdzt jztd tzn tdz"}}', '2014-05-12 15:48:36', 'failed', '2014-05-12 15:48:36', '2014-05-12 15:48:37');

-- --------------------------------------------------------

--
-- Tábla szerkezet: `apps`
--

CREATE TABLE IF NOT EXISTS `apps` (
  `app_id` int(10) unsigned NOT NULL auto_increment,
  `app_name` varchar(255) NOT NULL COMMENT 'App rövid neve',
  `app_active` tinyint(4) unsigned NOT NULL default '0' COMMENT 'Aktív (ha nem akkor nem szolgáltat adatokat az app-nak) 1=aktív 1-től különböző nem aktív',
  `app_data_version` int(11) NOT NULL default '1',
  `app_map_version` mediumint(8) unsigned NOT NULL default '1',
  `app_gallery_version` mediumint(8) unsigned NOT NULL default '1',
  `app_assets_version` mediumint(8) unsigned NOT NULL default '1',
  `app_content_version` mediumint(8) unsigned NOT NULL default '1',
  `app_google_api_key` varchar(255) NOT NULL,
  PRIMARY KEY  (`app_id`),
  UNIQUE KEY `app_name` (`app_name`),
  KEY `app_active` (`app_active`)
) ENGINE=InnoDB  DEFAULT CHARSET=utf8 COMMENT='Plixapp Kft.\r\nAlkalmazás verziók\r\nCsak az alkalmazás verziók' AUTO_INCREMENT=5 ;

--
-- A tábla adatainak kiíratása `apps`
--

INSERT INTO `apps` (`app_id`, `app_name`, `app_active`, `app_data_version`, `app_map_version`, `app_gallery_version`, `app_assets_version`, `app_content_version`, `app_google_api_key`) VALUES
(4, 'balaton', 1, 1659, 1, 4, 104, 268, 'AIzaSyA3dG_GM4_b8vvqLIXCaQ9zNZNIcfbWzXA');

-- --------------------------------------------------------

--
-- Tábla szerkezet: `apps_data`
--

CREATE TABLE IF NOT EXISTS `apps_data` (
  `app_data_id` int(10) unsigned NOT NULL auto_increment,
  `app_id` int(10) unsigned NOT NULL,
  `language_id` int(10) unsigned NOT NULL,
  `app_short_description` text NOT NULL COMMENT 'App rövid leírása',
  `app_long_description` text NOT NULL COMMENT 'App bővített leírása',
  `app_contact_phone` varchar(255) NOT NULL COMMENT 'Kapcsolati adatok telefon',
  `app_contact_email` varchar(255) NOT NULL COMMENT 'Kapcsolati adatok email',
  `app_contact_address` varchar(255) NOT NULL COMMENT 'Kapcsolati adatok levelezési cím',
  `app_appstore_url` text NOT NULL COMMENT 'AppStore App URL',
  `app_google_play_url` text NOT NULL COMMENT 'Google Play App URL',
  `app_facebook_url` text NOT NULL COMMENT 'Facebook URL',
  `app_comment` text NOT NULL COMMENT 'Megjegyzés',
  PRIMARY KEY  (`app_data_id`),
  UNIQUE KEY `app_id_language_id` (`app_id`,`language_id`),
  KEY `app_id` (`app_id`),
  KEY `language_id` (`language_id`)
) ENGINE=InnoDB  DEFAULT CHARSET=utf8 COMMENT='Plixapp Kft.\r\nAlkalmazás verziók különböző nyelvű adatai.' AUTO_INCREMENT=16 ;

--
-- A tábla adatainak kiíratása `apps_data`
--

INSERT INTO `apps_data` (`app_data_id`, `app_id`, `language_id`, `app_short_description`, `app_long_description`, `app_contact_phone`, `app_contact_email`, `app_contact_address`, `app_appstore_url`, `app_google_play_url`, `app_facebook_url`, `app_comment`) VALUES
(7, 4, 2, '<p>Balaton APP</p>', '<p>Balaton APP</p>', '', '', '', '', '', '', ''),
(8, 4, 1, '<p>Balaton APP</p>', '<p>Balaton APP</p>', '', '', '', '', '', '', ''),
(9, 4, 18, '<p>Balaton APP</p>', '<p>Balaton APP</p>', '', '', '', '', '', '', ''),
(10, 4, 9, '<p>Balaton APP</p>', '<p>Balaton APP</p>', '', '', '', '', '', '', ''),
(11, 4, 10, '<p>Balaton APP</p>', '<p>Balaton APP</p>', '', '', '', '', '', '', ''),
(12, 4, 16, '<p>Balaton APP</p>', '<p>Balaton APP</p>', '', '', '', '', '', '', ''),
(13, 4, 17, '<p>Balaton APP</p>', '<p>Balaton APP</p>', '', '', '', '', '', '', ''),
(14, 4, 11, '<p>Balaton APP</p>', '<p>Balaton APP</p>', '', '', '', '', '', '', ''),
(15, 4, 19, '<p>Balaton APP</p>', '<p>Balaton APP</p>', '', '', '', '', '', '', '');

-- --------------------------------------------------------

--
-- A nézet helyettes szerkezete `apps_view`
--
CREATE TABLE IF NOT EXISTS `apps_view` (
`app_id` int(10) unsigned
,`app_name` varchar(255)
,`app_active` tinyint(4) unsigned
,`app_data_version` int(11)
,`language_id` int(10) unsigned
,`language_code` varchar(3)
,`app_short_description` text
,`app_long_description` text
,`app_contact_phone` varchar(255)
,`app_contact_email` varchar(255)
,`app_contact_address` varchar(255)
,`app_appstore_url` text
,`app_google_play_url` text
,`app_official_url` varchar(264)
,`app_facebook_url` text
,`app_comment` text
,`app_map_version` mediumint(8) unsigned
,`app_gallery_version` mediumint(8) unsigned
,`app_assets_version` mediumint(8) unsigned
,`app_content_version` mediumint(8) unsigned
,`app_map_url` varbinary(282)
,`app_gallery_url` varbinary(282)
,`app_assets_ldpi_url` varbinary(286)
,`app_assets_mdpi_url` varbinary(286)
,`app_assets_hdpi_url` varbinary(286)
,`app_assets_xhdpi_url` varbinary(287)
,`app_assets_retina_url` varbinary(288)
,`app_assets_nonretina_url` varbinary(291)
,`app_content_url` varbinary(282)
,`app_google_api_key` varchar(255)
);
-- --------------------------------------------------------

--
-- Tábla szerkezet: `app_ad_prices_relations`
--

CREATE TABLE IF NOT EXISTS `app_ad_prices_relations` (
  `app_ad_price_id` int(10) unsigned NOT NULL auto_increment,
  `app_id` int(10) unsigned NOT NULL,
  `ad_id` int(10) unsigned NOT NULL,
  PRIMARY KEY  (`app_ad_price_id`),
  KEY `app_id` (`app_id`),
  KEY `ad_id` (`ad_id`)
) ENGINE=InnoDB DEFAULT CHARSET=utf8 COMMENT='Plixapp Kft.' AUTO_INCREMENT=1 ;

--
-- A tábla adatainak kiíratása `app_ad_prices_relations`
--


-- --------------------------------------------------------

--
-- A nézet helyettes szerkezete `app_images_view`
--
CREATE TABLE IF NOT EXISTS `app_images_view` (
`app_id` int(11) unsigned
,`app_name` varchar(255)
,`img_url` varbinary(295)
,`density` varchar(9)
);
-- --------------------------------------------------------

--
-- Tábla szerkezet: `articles`
--

CREATE TABLE IF NOT EXISTS `articles` (
  `article_id` int(10) unsigned NOT NULL auto_increment,
  `article_parent_page_id` int(10) unsigned default NULL COMMENT 'szülő oldal',
  `article_parent_module_id` int(10) unsigned default NULL COMMENT 'szülő modul',
  `article_referenced_node_id` int(10) unsigned default NULL COMMENT 'hivatkozott node',
  `article_language` enum('AA','AB','AF','AM','AR','AS','AY','AZ','BA','BE','BG','BH','BI','BN','BO','BR','CA','CO','CS','CY','DA','DE','DZ','EL','EN','EO','ES','ET','EU','FA','FI','FJ','FO','FR','FY','GA','GD','GL','GN','GU','HA','HI','HR','HU','HY','IA','IE','IK','IN','IS','IT','IW','JA','JI','JW','KA','KK','KL','KM','KN','KO','KS','KU','KY','LA','LN','LO','LT','LV','MG','MI','MK','ML','MN','MO','MR','MS','MT','MY','NA','NE','NL','NO','OC','OM','OR','PA','PL','PS','PT','QU','RM','RN','RO','RU','RW','SA','SD','SG','SH','SI','SK','SL','SM','SN','SO','SQ','SR','SS','ST','SU','SV','SW','TA','TE','TG','TH','TI','TK','TL','TN','TO','TR','TS','TT','TW','UK','UR','UZ','VI','VO','WO','XH','YO','ZH','ZU') default NULL,
  `article_title` varchar(255) default NULL,
  `article_content` text,
  `article_tags` varchar(255) default NULL,
  `article_creation_time` timestamp NULL default NULL,
  `article_modification_time` timestamp NULL default NULL,
  PRIMARY KEY  (`article_id`),
  KEY `I_parent_page_id` (`article_parent_page_id`),
  KEY `I_parent_module_id` (`article_parent_module_id`),
  KEY `I_referenced_node_id` (`article_referenced_node_id`)
) ENGINE=InnoDB DEFAULT CHARSET=utf8 AUTO_INCREMENT=1 ;

--
-- A tábla adatainak kiíratása `articles`
--


-- --------------------------------------------------------

--
-- Tábla szerkezet: `devices`
--

CREATE TABLE IF NOT EXISTS `devices` (
  `device_id` int(11) unsigned NOT NULL auto_increment,
  `user_id` int(10) unsigned NOT NULL,
  `app_id` int(10) unsigned NOT NULL,
  `device_uuid` char(36) NOT NULL,
  `device_registered` timestamp NOT NULL default CURRENT_TIMESTAMP,
  PRIMARY KEY  (`device_id`),
  UNIQUE KEY `device_guid` (`device_uuid`),
  KEY `user_id` (`user_id`),
  KEY `app_id` (`app_id`)
) ENGINE=InnoDB  DEFAULT CHARSET=utf8 AUTO_INCREMENT=164 ;

--
-- A tábla adatainak kiíratása `devices`
--

INSERT INTO `devices` (`device_id`, `user_id`, `app_id`, `device_uuid`, `device_registered`) VALUES
(137, 47, 4, '5E15C116-0E56-4CD7-ACE2-18704974C862', '2014-03-07 13:54:53'),
(148, 51, 4, '61691207-5AC4-4B2E-A333-576B6BC1ACCB', '2014-03-24 13:03:01'),
(149, 52, 4, '4634A47D-EA18-4D89-897C-0B419BB93541', '2014-03-28 10:05:44'),
(150, 52, 4, '5CC35A73-5FFF-47F2-8218-677E17A477BA', '2014-04-20 11:59:01'),
(151, 52, 4, '84d2b38c-36cc-4596-a1a1-5f53d11595ec', '2014-04-20 12:00:28'),
(152, 53, 4, '5C250E0A-A953-4AEA-BB00-3E89FAE0F752', '2014-05-01 23:32:56'),
(153, 54, 4, '58ABE29F-F6B1-46AA-AB3A-D85636CD522A', '2014-05-12 12:10:24'),
(154, 54, 4, '8D317DEA-DB64-4E09-9352-9C760729FD90', '2014-05-12 12:27:20'),
(155, 54, 4, '26DD6E13-17D7-4107-B2CA-80BC210A74CA', '2014-05-12 12:30:39'),
(156, 54, 4, '92CC0346-FD9D-4B61-81ED-BE239C2169B8', '2014-05-12 13:15:40'),
(157, 54, 4, '49A7B608-67BF-4F82-8595-124AEFAAD8CA', '2014-05-12 13:51:15'),
(158, 54, 4, '33B5D89E-208E-4867-8FCE-371158933C38', '2014-05-12 13:54:09'),
(159, 54, 4, '85A796BD-C15A-416B-A956-D8103BA4C08D', '2014-05-12 14:06:45'),
(160, 54, 4, '2E8B97AB-CFE9-4965-9211-A0585E9B034E', '2014-05-12 14:10:13'),
(161, 52, 4, '8B751E1A-19F5-4CEE-A2B3-E674BE00093B', '2014-05-12 15:29:42'),
(162, 52, 4, '4500DD2B-6DD1-4755-88F2-BBE705780DD4', '2014-05-18 18:50:40'),
(163, 52, 4, 'C4E024A8-FEF1-40EE-A2A7-3D76CCAD976B', '2014-05-21 13:21:01');

-- --------------------------------------------------------

--
-- A nézet helyettes szerkezete `devices_view`
--
CREATE TABLE IF NOT EXISTS `devices_view` (
`app_id` int(10) unsigned
,`app_name` varchar(255)
,`app_active` tinyint(4) unsigned
,`device_uuid` char(36)
,`user_id` int(10) unsigned
,`user_email` varchar(100)
,`user_password` char(64)
,`user_firstname` varchar(100)
,`user_lastname` varchar(100)
);
-- --------------------------------------------------------

--
-- Tábla szerkezet: `events`
--

CREATE TABLE IF NOT EXISTS `events` (
  `event_id` int(10) unsigned NOT NULL auto_increment,
  `ad_id` int(11) unsigned NOT NULL,
  `event_begin` datetime NOT NULL,
  `event_end` datetime NOT NULL,
  PRIMARY KEY  (`event_id`),
  KEY `ad_id` (`ad_id`)
) ENGINE=InnoDB  DEFAULT CHARSET=utf8 AUTO_INCREMENT=68 ;

--
-- A tábla adatainak kiíratása `events`
--

INSERT INTO `events` (`event_id`, `ad_id`, `event_begin`, `event_end`) VALUES
(26, 31, '2014-04-15 07:37:00', '2014-04-19 00:00:00'),
(27, 33, '2014-04-25 12:44:00', '2014-04-30 00:00:00'),
(28, 34, '2014-04-25 14:18:00', '2014-04-30 00:00:00'),
(30, 23, '2014-05-18 18:39:00', '2014-06-07 00:00:00'),
(31, 38, '2014-06-19 00:00:00', '2014-08-31 00:00:00'),
(32, 39, '2014-06-20 00:00:00', '2014-06-22 23:59:00'),
(33, 40, '2014-06-20 00:00:00', '2014-06-23 00:00:00'),
(34, 41, '2014-06-20 12:57:00', '2014-06-22 00:00:00'),
(35, 41, '2014-06-20 13:07:00', '2014-06-29 00:00:00'),
(36, 41, '2014-06-25 10:56:00', '2014-07-12 00:00:00'),
(37, 41, '2014-06-25 11:05:00', '2014-07-07 00:00:00'),
(38, 41, '2014-06-25 11:14:00', '2014-07-07 00:00:00'),
(39, 41, '2014-06-25 11:23:00', '2014-06-29 00:00:00'),
(40, 41, '2014-06-25 11:31:00', '2014-06-30 00:00:00'),
(41, 38, '2014-06-25 11:38:00', '2014-07-02 00:00:00'),
(42, 41, '2014-06-25 11:47:00', '2014-07-05 00:00:00'),
(43, 38, '2014-06-25 11:53:00', '2014-07-11 00:00:00'),
(44, 42, '2014-08-17 00:00:00', '2014-08-19 00:00:00'),
(45, 38, '2014-08-17 16:01:00', '2014-08-21 00:00:00'),
(46, 38, '2014-08-17 16:07:00', '2014-08-23 00:00:00'),
(47, 38, '2014-08-17 16:19:00', '2014-08-28 00:00:00'),
(48, 43, '2014-08-17 16:40:00', '2014-08-23 00:00:00'),
(49, 41, '2014-08-17 16:52:00', '2014-08-20 16:52:00'),
(50, 41, '2014-08-17 16:55:00', '2014-08-22 00:00:00'),
(51, 41, '2014-08-17 17:13:00', '2014-08-23 00:00:00'),
(52, 41, '2014-08-17 17:16:00', '2014-08-24 00:00:00'),
(53, 41, '2014-08-17 17:18:00', '2014-08-24 00:00:00'),
(54, 44, '2014-08-20 16:53:00', '2014-08-25 00:00:00'),
(55, 45, '2014-08-20 17:07:00', '2014-09-01 00:00:00'),
(56, 45, '2014-08-20 17:11:00', '2014-08-31 00:00:00'),
(57, 45, '2014-08-20 17:15:00', '2014-08-23 00:00:00'),
(58, 45, '2014-08-20 17:16:00', '2014-08-24 00:00:00'),
(59, 45, '2014-08-20 17:17:00', '2014-08-25 00:00:00'),
(60, 45, '2014-08-20 17:18:00', '2014-08-26 00:00:00'),
(61, 45, '2014-08-20 17:20:00', '2014-08-27 00:00:00'),
(62, 45, '2014-08-20 17:21:00', '2014-08-28 00:00:00'),
(63, 45, '2014-08-20 17:22:00', '2014-08-29 00:00:00'),
(64, 45, '2014-08-20 17:25:00', '2014-08-30 00:00:00'),
(65, 45, '2014-08-20 17:26:00', '2014-09-01 00:00:00'),
(66, 46, '2014-09-03 20:35:00', '2014-09-30 00:00:00'),
(67, 47, '2014-09-03 20:52:00', '2015-09-30 00:00:00');

-- --------------------------------------------------------

--
-- Tábla szerkezet: `events_data`
--

CREATE TABLE IF NOT EXISTS `events_data` (
  `event_data_id` int(10) unsigned NOT NULL auto_increment,
  `event_id` int(10) unsigned NOT NULL,
  `language_id` int(10) unsigned NOT NULL,
  `event_name` varchar(30) NOT NULL,
  `event_description` varchar(255) NOT NULL,
  PRIMARY KEY  (`event_data_id`),
  UNIQUE KEY `event_id_language_id` (`event_id`,`language_id`),
  KEY `event_id` (`event_id`),
  KEY `language_id` (`language_id`)
) ENGINE=InnoDB  DEFAULT CHARSET=utf8 AUTO_INCREMENT=485 ;

--
-- A tábla adatainak kiíratása `events_data`
--

INSERT INTO `events_data` (`event_data_id`, `event_id`, `language_id`, `event_name`, `event_description`) VALUES
(107, 26, 1, 'Masszázs akció', '<p>25% kedvezm&eacute;ny, kuponnal &eacute;rkez&#337;knek</p>'),
(108, 26, 2, 'Massage sale', '<p>25% sale for coupon</p>'),
(109, 26, 9, 'Masszázs akció', '<p>25% kedvezm&eacute;ny, kuponnal &eacute;rkez&#337;knek</p>'),
(110, 26, 10, 'Masszázs akció', '<p>25% kedvezm&eacute;ny, kuponnal &eacute;rkez&#337;knek</p>'),
(111, 26, 11, 'Masszázs akció', '<p>25% kedvezm&eacute;ny, kuponnal &eacute;rkez&#337;knek</p>'),
(112, 26, 16, 'Masszázs akció', '<p>25% kedvezm&eacute;ny, kuponnal &eacute;rkez&#337;knek</p>'),
(113, 26, 17, 'Masszázs akció', '<p>25% kedvezm&eacute;ny, kuponnal &eacute;rkez&#337;knek</p>'),
(114, 26, 18, 'Masszázs akció', '<p>25% kedvezm&eacute;ny, kuponnal &eacute;rkez&#337;knek</p>'),
(115, 26, 19, 'Masszázs akció', '<p>25% kedvezm&eacute;ny, kuponnal &eacute;rkez&#337;knek</p>'),
(116, 27, 1, 'Pay One Get One Free', '<p>Egyet fizet, kett&#337;t vihet</p>'),
(117, 27, 2, 'Pay One Get One Free', '<p>Egyet fizet, kett&#337;t vihet</p>'),
(118, 27, 9, 'Pay One Get One Free', '<p>Egyet fizet, kett&#337;t vihet</p>'),
(119, 27, 10, 'Pay One Get One Free', '<p>Egyet fizet, kett&#337;t vihet</p>'),
(120, 27, 11, 'Pay One Get One Free', '<p>Egyet fizet, kett&#337;t vihet</p>'),
(121, 27, 16, 'Pay One Get One Free', '<p>Egyet fizet, kett&#337;t vihet</p>'),
(122, 27, 17, 'Pay One Get One Free', '<p>Egyet fizet, kett&#337;t vihet</p>'),
(123, 27, 18, 'Pay One Get One Free', '<p>Egyet fizet, kett&#337;t vihet</p>'),
(124, 27, 19, 'Pay One Get One Free', '<p>Egyet fizet, kett&#337;t vihet</p>'),
(125, 28, 1, 'Arany háromszög', '<p>Indiai fot&oacute;ki&aacute;ll&iacute;t&aacute;s</p>'),
(126, 28, 2, 'Arany háromszög', '<p>Indiai fot&oacute;ki&aacute;ll&iacute;t&aacute;s</p>'),
(127, 28, 9, 'Arany háromszög', '<p>Indiai fot&oacute;ki&aacute;ll&iacute;t&aacute;s</p>'),
(128, 28, 10, 'Arany háromszög', '<p>Indiai fot&oacute;ki&aacute;ll&iacute;t&aacute;s</p>'),
(129, 28, 11, 'Arany háromszög', '<p>Indiai fot&oacute;ki&aacute;ll&iacute;t&aacute;s</p>'),
(130, 28, 16, 'Arany háromszög', '<p>Indiai fot&oacute;ki&aacute;ll&iacute;t&aacute;s</p>'),
(131, 28, 17, 'Arany háromszög', '<p>Indiai fot&oacute;ki&aacute;ll&iacute;t&aacute;s</p>'),
(132, 28, 18, 'Arany háromszög', '<p>Indiai fot&oacute;ki&aacute;ll&iacute;t&aacute;s</p>'),
(133, 28, 19, 'Arany háromszög', '<p>Indiai fot&oacute;ki&aacute;ll&iacute;t&aacute;s</p>'),
(143, 30, 1, 'GRAND OPENING PARTY', '<p>NYIT&Oacute; BULI A RENEGADE PUBBAN&nbsp;<em><strong>2014. J&Uacute;NIUS 6.</strong></em>&nbsp;P&Eacute;NTEK</p><p>NYIT&Aacute;SI AKCI&Oacute;K A VEDD MEG MEN&Uuml;BEN!!</p>'),
(144, 30, 2, 'GRAND OPENING PARTY', '<p>NYIT&Oacute; BULI A RENEGADE PUBBAN <em><strong>2014. J&Uacute;NIUS 6.</strong></em> P&Eacute;NTEK</p><p>NYIT&Aacute;SI AKCI&Oacute;K A VEDD MEG MEN&Uuml;BEN!!</p>'),
(145, 30, 9, 'GRAND OPENING PARTY', '<p>NYIT&Oacute; BULI A RENEGADE PUBBAN, A SZOK&Aacute;SOS KIEG&Eacute;SZ&Iacute;T&#336;KKEL..&nbsp;</p><p>TUDJ&Aacute;TOK, HA RENEGADE NYIT&Oacute;, AKKOR ESIK...</p><p>DE ITT LESZ DJ. T&Eacute;GLA, AOK-SOK MEGLEPET&Eacute;S &Eacute;S A HAGYOM&Aacute;NYOS'),
(146, 30, 10, 'GRAND OPENING PARTY', '<p>NYIT&Oacute; BULI A RENEGADE PUBBAN, A SZOK&Aacute;SOS KIEG&Eacute;SZ&Iacute;T&#336;KKEL..&nbsp;</p><p>TUDJ&Aacute;TOK, HA RENEGADE NYIT&Oacute;, AKKOR ESIK...</p><p>DE ITT LESZ DJ. T&Eacute;GLA, AOK-SOK MEGLEPET&Eacute;S &Eacute;S A HAGYOM&Aacute;NYOS'),
(147, 30, 11, 'GRAND OPENING PARTY', '<p>NYIT&Oacute; BULI A RENEGADE PUBBAN, A SZOK&Aacute;SOS KIEG&Eacute;SZ&Iacute;T&#336;KKEL..&nbsp;</p><p>TUDJ&Aacute;TOK, HA RENEGADE NYIT&Oacute;, AKKOR ESIK...</p><p>DE ITT LESZ DJ. T&Eacute;GLA, AOK-SOK MEGLEPET&Eacute;S &Eacute;S A HAGYOM&Aacute;NYOS'),
(148, 30, 16, 'GRAND OPENING PARTY', '<p>NYIT&Oacute; BULI A RENEGADE PUBBAN, A SZOK&Aacute;SOS KIEG&Eacute;SZ&Iacute;T&#336;KKEL..&nbsp;</p><p>TUDJ&Aacute;TOK, HA RENEGADE NYIT&Oacute;, AKKOR ESIK...</p><p>DE ITT LESZ DJ. T&Eacute;GLA, AOK-SOK MEGLEPET&Eacute;S &Eacute;S A HAGYOM&Aacute;NYOS'),
(149, 30, 17, 'GRAND OPENING PARTY', '<p>NYIT&Oacute; BULI A RENEGADE PUBBAN, A SZOK&Aacute;SOS KIEG&Eacute;SZ&Iacute;T&#336;KKEL..&nbsp;</p><p>TUDJ&Aacute;TOK, HA RENEGADE NYIT&Oacute;, AKKOR ESIK...</p><p>DE ITT LESZ DJ. T&Eacute;GLA, AOK-SOK MEGLEPET&Eacute;S &Eacute;S A HAGYOM&Aacute;NYOS'),
(150, 30, 18, 'GRAND OPENING PARTY', '<p>NYIT&Oacute; BULI A RENEGADE PUBBAN, A SZOK&Aacute;SOS KIEG&Eacute;SZ&Iacute;T&#336;KKEL..&nbsp;</p><p>TUDJ&Aacute;TOK, HA RENEGADE NYIT&Oacute;, AKKOR ESIK...</p><p>DE ITT LESZ DJ. T&Eacute;GLA, AOK-SOK MEGLEPET&Eacute;S &Eacute;S A HAGYOM&Aacute;NYOS'),
(151, 30, 19, 'GRAND OPENING PARTY', '<p>NYIT&Oacute; BULI A RENEGADE PUBBAN, A SZOK&Aacute;SOS KIEG&Eacute;SZ&Iacute;T&#336;KKEL..&nbsp;</p><p>TUDJ&Aacute;TOK, HA RENEGADE NYIT&Oacute;, AKKOR ESIK...</p><p>DE ITT LESZ DJ. T&Eacute;GLA, AOK-SOK MEGLEPET&Eacute;S &Eacute;S A HAGYOM&Aacute;NYOS'),
(152, 31, 1, 'Régi siófoki nyaraink', '<p>A r&eacute;gebbi &eacute;s &uacute;jabb id&#337;k legend&aacute;s, si&oacute;foki nyarait bemutat&oacute; helyt&ouml;rt&eacute;neti fot&oacute;ki&aacute;ll&iacute;t&aacute;s idei &uacute;jdons&aacute;ga, hogy<strong>T&oacute;th-Baranyi Antal</strong>&a'),
(153, 31, 2, 'Régi siófoki nyaraink', '<p>The&nbsp;older and newer&nbsp;legendary&nbsp;times,&nbsp;Siofok&nbsp;summers&nbsp;showing&nbsp;local historical&nbsp;photo exhibition.</p>'),
(154, 31, 9, 'Régi siófoki nyaraink', '<p>Die&nbsp;&auml;lteren und neueren&nbsp;legend&auml;ren&nbsp;Zeiten,&nbsp;Siofok&nbsp;Sommern&nbsp;lokalen historischen&nbsp;Fotoausstellung&nbsp;der diesj&auml;hrigen&nbsp;Neuheit ist, dass&nbsp;Antal&nbsp;Toth&nbsp;Baranyi&nbsp;gro&szlig;z&uuml;gigen '),
(155, 31, 10, 'Régi siófoki nyaraink', '<p>A r&eacute;gebbi &eacute;s &uacute;jabb id&#337;k legend&aacute;s, si&oacute;foki nyarait bemutat&oacute; helyt&ouml;rt&eacute;neti fot&oacute;ki&aacute;ll&iacute;t&aacute;s idei &uacute;jdons&aacute;ga, hogy<strong>T&oacute;th-Baranyi Antal</strong>&n'),
(156, 31, 11, 'Régi siófoki nyaraink', '<p>A r&eacute;gebbi &eacute;s &uacute;jabb id&#337;k legend&aacute;s, si&oacute;foki nyarait bemutat&oacute; helyt&ouml;rt&eacute;neti fot&oacute;ki&aacute;ll&iacute;t&aacute;s idei &uacute;jdons&aacute;ga, hogy<strong>T&oacute;th-Baranyi Antal</strong>&n'),
(157, 31, 16, 'Régi siófoki nyaraink', '<p>A r&eacute;gebbi &eacute;s &uacute;jabb id&#337;k legend&aacute;s, si&oacute;foki nyarait bemutat&oacute; helyt&ouml;rt&eacute;neti fot&oacute;ki&aacute;ll&iacute;t&aacute;s idei &uacute;jdons&aacute;ga, hogy<strong>T&oacute;th-Baranyi Antal</strong>&n'),
(158, 31, 17, 'Régi siófoki nyaraink', '<p>A r&eacute;gebbi &eacute;s &uacute;jabb id&#337;k legend&aacute;s, si&oacute;foki nyarait bemutat&oacute; helyt&ouml;rt&eacute;neti fot&oacute;ki&aacute;ll&iacute;t&aacute;s idei &uacute;jdons&aacute;ga, hogy<strong>T&oacute;th-Baranyi Antal</strong>&n'),
(159, 31, 18, 'Régi siófoki nyaraink', '<p>A r&eacute;gebbi &eacute;s &uacute;jabb id&#337;k legend&aacute;s, si&oacute;foki nyarait bemutat&oacute; helyt&ouml;rt&eacute;neti fot&oacute;ki&aacute;ll&iacute;t&aacute;s idei &uacute;jdons&aacute;ga, hogy<strong>T&oacute;th-Baranyi Antal</strong>&n'),
(160, 31, 19, 'Régi siófoki nyaraink', '<p>A r&eacute;gebbi &eacute;s &uacute;jabb id&#337;k legend&aacute;s, si&oacute;foki nyarait bemutat&oacute; helyt&ouml;rt&eacute;neti fot&oacute;ki&aacute;ll&iacute;t&aacute;s idei &uacute;jdons&aacute;ga, hogy<strong>T&oacute;th-Baranyi Antal</strong>&n'),
(161, 32, 1, 'Víztorony Fesztivál 2014 Siófo', '<p><strong>Si&oacute;fok v&aacute;ros f&#337;ter&eacute;n&nbsp;fel&aacute;ll&iacute;tott sz&iacute;npadon h&aacute;rom napon &aacute;t koncertek, gyermekprogramok, t&aacute;ncbemutat&oacute;k &eacute;s sok-sok egy&eacute;b sz&iacute;nes esem&eacute;ny v&a'),
(162, 32, 2, 'Víztorony Fesztivál 2014 Siófo', '<p><strong>Si&oacute;fok v&aacute;ros f&#337;ter&eacute;n&nbsp;fel&aacute;ll&iacute;tott sz&iacute;npadon h&aacute;rom napon &aacute;t koncertek, gyermekprogramok, t&aacute;ncbemutat&oacute;k &eacute;s sok-sok egy&eacute;b sz&iacute;nes esem&eacute;ny v&a'),
(163, 32, 9, 'Víztorony Fesztivál 2014 Siófo', '<p><strong>Si&oacute;fok v&aacute;ros f&#337;ter&eacute;n&nbsp;fel&aacute;ll&iacute;tott sz&iacute;npadon h&aacute;rom napon &aacute;t koncertek, gyermekprogramok, t&aacute;ncbemutat&oacute;k &eacute;s sok-sok egy&eacute;b sz&iacute;nes esem&eacute;ny v&a'),
(164, 32, 10, 'Víztorony Fesztivál 2014 Siófo', '<p><strong>Si&oacute;fok v&aacute;ros f&#337;ter&eacute;n&nbsp;fel&aacute;ll&iacute;tott sz&iacute;npadon h&aacute;rom napon &aacute;t koncertek, gyermekprogramok, t&aacute;ncbemutat&oacute;k &eacute;s sok-sok egy&eacute;b sz&iacute;nes esem&eacute;ny v&a'),
(165, 32, 11, 'Víztorony Fesztivál 2014 Siófo', '<p><strong>Si&oacute;fok v&aacute;ros f&#337;ter&eacute;n&nbsp;fel&aacute;ll&iacute;tott sz&iacute;npadon h&aacute;rom napon &aacute;t koncertek, gyermekprogramok, t&aacute;ncbemutat&oacute;k &eacute;s sok-sok egy&eacute;b sz&iacute;nes esem&eacute;ny v&a'),
(166, 32, 16, 'Víztorony Fesztivál 2014 Siófo', '<p><strong>Si&oacute;fok v&aacute;ros f&#337;ter&eacute;n&nbsp;fel&aacute;ll&iacute;tott sz&iacute;npadon h&aacute;rom napon &aacute;t koncertek, gyermekprogramok, t&aacute;ncbemutat&oacute;k &eacute;s sok-sok egy&eacute;b sz&iacute;nes esem&eacute;ny v&a'),
(167, 32, 17, 'Víztorony Fesztivál 2014 Siófo', '<p><strong>Si&oacute;fok v&aacute;ros f&#337;ter&eacute;n&nbsp;fel&aacute;ll&iacute;tott sz&iacute;npadon h&aacute;rom napon &aacute;t koncertek, gyermekprogramok, t&aacute;ncbemutat&oacute;k &eacute;s sok-sok egy&eacute;b sz&iacute;nes esem&eacute;ny v&a'),
(168, 32, 18, 'Víztorony Fesztivál 2014 Siófo', '<p><strong>Si&oacute;fok v&aacute;ros f&#337;ter&eacute;n&nbsp;fel&aacute;ll&iacute;tott sz&iacute;npadon h&aacute;rom napon &aacute;t koncertek, gyermekprogramok, t&aacute;ncbemutat&oacute;k &eacute;s sok-sok egy&eacute;b sz&iacute;nes esem&eacute;ny v&a'),
(169, 32, 19, 'Víztorony Fesztivál 2014 Siófo', '<p><strong>Si&oacute;fok v&aacute;ros f&#337;ter&eacute;n&nbsp;fel&aacute;ll&iacute;tott sz&iacute;npadon h&aacute;rom napon &aacute;t koncertek, gyermekprogramok, t&aacute;ncbemutat&oacute;k &eacute;s sok-sok egy&eacute;b sz&iacute;nes esem&eacute;ny v&a'),
(170, 33, 1, 'Nemzetközi Amerikai Autós és T', '<p>6. Nemzetk&ouml;zi Amerikai Aut&oacute;s &eacute;s Tuning Tal&aacute;lkoz&oacute;</p>'),
(171, 33, 2, 'Nemzetközi Amerikai Autós és T', '<p>6. Nemzetk&ouml;zi Amerikai Aut&oacute;s &eacute;s Tuning Tal&aacute;lkoz&oacute;</p>'),
(172, 33, 9, 'Nemzetközi Amerikai Autós és T', '<p>6. Nemzetk&ouml;zi Amerikai Aut&oacute;s &eacute;s Tuning Tal&aacute;lkoz&oacute;</p>'),
(173, 33, 10, 'Nemzetközi Amerikai Autós és T', '<p>6. Nemzetk&ouml;zi Amerikai Aut&oacute;s &eacute;s Tuning Tal&aacute;lkoz&oacute;</p>'),
(174, 33, 11, 'Nemzetközi Amerikai Autós és T', '<p>6. Nemzetk&ouml;zi Amerikai Aut&oacute;s &eacute;s Tuning Tal&aacute;lkoz&oacute;</p>'),
(175, 33, 16, 'Nemzetközi Amerikai Autós és T', '<p>6. Nemzetk&ouml;zi Amerikai Aut&oacute;s &eacute;s Tuning Tal&aacute;lkoz&oacute;</p>'),
(176, 33, 17, 'Nemzetközi Amerikai Autós és T', '<p>6. Nemzetk&ouml;zi Amerikai Aut&oacute;s &eacute;s Tuning Tal&aacute;lkoz&oacute;</p>'),
(177, 33, 18, 'Nemzetközi Amerikai Autós és T', '<p>6. Nemzetk&ouml;zi Amerikai Aut&oacute;s &eacute;s Tuning Tal&aacute;lkoz&oacute;</p>'),
(178, 33, 19, 'Nemzetközi Amerikai Autós és T', '<p>6. Nemzetk&ouml;zi Amerikai Aut&oacute;s &eacute;s Tuning Tal&aacute;lkoz&oacute;</p>'),
(179, 34, 1, 'Hamupipőke bábszínház', '<p>A klasszikus Grimm mes&eacute;t interakt&iacute;v j&aacute;t&eacute;k keret&eacute;ben. &nbsp;A mese cselekm&eacute;ny&eacute;t megtartva, de a galambok szemsz&ouml;g&eacute;b&#337;l mutatj&aacute;k be Hamupip&#337;ke t&ouml;rt&eacute;net&eacute;t.</p>'),
(180, 34, 2, 'Hamupipőke bábszínház', '<p>A klasszikus Grimm mes&eacute;t interakt&iacute;v j&aacute;t&eacute;k keret&eacute;ben. &nbsp;A mese cselekm&eacute;ny&eacute;t megtartva, de a galambok szemsz&ouml;g&eacute;b&#337;l mutatj&aacute;k be Hamupip&#337;ke t&ouml;rt&eacute;net&eacute;t.</p>'),
(181, 34, 9, 'Hamupipőke bábszínház', '<p>A klasszikus Grimm mes&eacute;t interakt&iacute;v j&aacute;t&eacute;k keret&eacute;ben. &nbsp;A mese cselekm&eacute;ny&eacute;t megtartva, de a galambok szemsz&ouml;g&eacute;b&#337;l mutatj&aacute;k be Hamupip&#337;ke t&ouml;rt&eacute;net&eacute;t.</p>'),
(182, 34, 10, 'Hamupipőke bábszínház', '<p>A klasszikus Grimm mes&eacute;t interakt&iacute;v j&aacute;t&eacute;k keret&eacute;ben. &nbsp;A mese cselekm&eacute;ny&eacute;t megtartva, de a galambok szemsz&ouml;g&eacute;b&#337;l mutatj&aacute;k be Hamupip&#337;ke t&ouml;rt&eacute;net&eacute;t.</p>'),
(183, 34, 11, 'Hamupipőke bábszínház', '<p>A klasszikus Grimm mes&eacute;t interakt&iacute;v j&aacute;t&eacute;k keret&eacute;ben. &nbsp;A mese cselekm&eacute;ny&eacute;t megtartva, de a galambok szemsz&ouml;g&eacute;b&#337;l mutatj&aacute;k be Hamupip&#337;ke t&ouml;rt&eacute;net&eacute;t.</p>'),
(184, 34, 16, 'Hamupipőke bábszínház', '<p>A klasszikus Grimm mes&eacute;t interakt&iacute;v j&aacute;t&eacute;k keret&eacute;ben. &nbsp;A mese cselekm&eacute;ny&eacute;t megtartva, de a galambok szemsz&ouml;g&eacute;b&#337;l mutatj&aacute;k be Hamupip&#337;ke t&ouml;rt&eacute;net&eacute;t.</p>'),
(185, 34, 17, 'Hamupipőke bábszínház', '<p>A klasszikus Grimm mes&eacute;t interakt&iacute;v j&aacute;t&eacute;k keret&eacute;ben. &nbsp;A mese cselekm&eacute;ny&eacute;t megtartva, de a galambok szemsz&ouml;g&eacute;b&#337;l mutatj&aacute;k be Hamupip&#337;ke t&ouml;rt&eacute;net&eacute;t.</p>'),
(186, 34, 18, 'Hamupipőke bábszínház', '<p>A klasszikus Grimm mes&eacute;t interakt&iacute;v j&aacute;t&eacute;k keret&eacute;ben. &nbsp;A mese cselekm&eacute;ny&eacute;t megtartva, de a galambok szemsz&ouml;g&eacute;b&#337;l mutatj&aacute;k be Hamupip&#337;ke t&ouml;rt&eacute;net&eacute;t.</p>'),
(187, 34, 19, 'Hamupipőke bábszínház', '<p>A klasszikus Grimm mes&eacute;t interakt&iacute;v j&aacute;t&eacute;k keret&eacute;ben. &nbsp;A mese cselekm&eacute;ny&eacute;t megtartva, de a galambok szemsz&ouml;g&eacute;b&#337;l mutatj&aacute;k be Hamupip&#337;ke t&ouml;rt&eacute;net&eacute;t.</p>'),
(188, 35, 1, 'Ébredj Királylány!', '<p>Az &aacute;lomszusz&eacute;k Csipke R&oacute;zsa, avagy a &bdquo;sz&aacute;z&eacute;ves &aacute;lom&rdquo;, mulats&aacute;gos t&ouml;rt&eacute;nete &ndash;&nbsp;Grimm ut&aacute;n, szabadon &ndash;GRIMASK-m&oacute;dra, a gyerekek k&ouml;zrem&#369;k&ouml'),
(189, 35, 2, 'Ébredj Királylány!', '<p>Az &aacute;lomszusz&eacute;k Csipke R&oacute;zsa, avagy a &bdquo;sz&aacute;z&eacute;ves &aacute;lom&rdquo;, mulats&aacute;gos t&ouml;rt&eacute;nete &ndash;&nbsp;Grimm ut&aacute;n, szabadon &ndash;GRIMASK-m&oacute;dra, a gyerekek k&ouml;zrem&#369;k&ouml'),
(190, 35, 9, 'Ébredj Királylány!', '<p>Az &aacute;lomszusz&eacute;k Csipke R&oacute;zsa, avagy a &bdquo;sz&aacute;z&eacute;ves &aacute;lom&rdquo;, mulats&aacute;gos t&ouml;rt&eacute;nete &ndash;&nbsp;Grimm ut&aacute;n, szabadon &ndash;GRIMASK-m&oacute;dra, a gyerekek k&ouml;zrem&#369;k&ouml'),
(191, 35, 10, 'Ébredj Királylány!', '<p>Az &aacute;lomszusz&eacute;k Csipke R&oacute;zsa, avagy a &bdquo;sz&aacute;z&eacute;ves &aacute;lom&rdquo;, mulats&aacute;gos t&ouml;rt&eacute;nete &ndash;&nbsp;Grimm ut&aacute;n, szabadon &ndash;GRIMASK-m&oacute;dra, a gyerekek k&ouml;zrem&#369;k&ouml'),
(192, 35, 11, 'Ébredj Királylány!', '<p>Az &aacute;lomszusz&eacute;k Csipke R&oacute;zsa, avagy a &bdquo;sz&aacute;z&eacute;ves &aacute;lom&rdquo;, mulats&aacute;gos t&ouml;rt&eacute;nete &ndash;&nbsp;Grimm ut&aacute;n, szabadon &ndash;GRIMASK-m&oacute;dra, a gyerekek k&ouml;zrem&#369;k&ouml'),
(193, 35, 16, 'Ébredj Királylány!', '<p>Az &aacute;lomszusz&eacute;k Csipke R&oacute;zsa, avagy a &bdquo;sz&aacute;z&eacute;ves &aacute;lom&rdquo;, mulats&aacute;gos t&ouml;rt&eacute;nete &ndash;&nbsp;Grimm ut&aacute;n, szabadon &ndash;GRIMASK-m&oacute;dra, a gyerekek k&ouml;zrem&#369;k&ouml'),
(194, 35, 17, 'Ébredj Királylány!', '<p>Az &aacute;lomszusz&eacute;k Csipke R&oacute;zsa, avagy a &bdquo;sz&aacute;z&eacute;ves &aacute;lom&rdquo;, mulats&aacute;gos t&ouml;rt&eacute;nete &ndash;&nbsp;Grimm ut&aacute;n, szabadon &ndash;GRIMASK-m&oacute;dra, a gyerekek k&ouml;zrem&#369;k&ouml'),
(195, 35, 18, 'Ébredj Királylány!', '<p>Az &aacute;lomszusz&eacute;k Csipke R&oacute;zsa, avagy a &bdquo;sz&aacute;z&eacute;ves &aacute;lom&rdquo;, mulats&aacute;gos t&ouml;rt&eacute;nete &ndash;&nbsp;Grimm ut&aacute;n, szabadon &ndash;GRIMASK-m&oacute;dra, a gyerekek k&ouml;zrem&#369;k&ouml'),
(196, 35, 19, 'Ébredj Királylány!', '<p>Az &aacute;lomszusz&eacute;k Csipke R&oacute;zsa, avagy a &bdquo;sz&aacute;z&eacute;ves &aacute;lom&rdquo;, mulats&aacute;gos t&ouml;rt&eacute;nete &ndash;&nbsp;Grimm ut&aacute;n, szabadon &ndash;GRIMASK-m&oacute;dra, a gyerekek k&ouml;zrem&#369;k&ouml'),
(197, 36, 1, 'A CSEMEGEPULTOS NAPLÓJA', '<p>A fiatal pesti &iacute;r&oacute; egy sz&eacute;p napon k&eacute;t dolgot hat&aacute;roz el: hogy egyed&uuml;l&aacute;ll&oacute; lesz &eacute;s hogy csemegepultos lesz. Hogy sz&iacute;nt vigyen az &eacute;let&eacute;be.</p>'),
(198, 36, 2, 'A CSEMEGEPULTOS NAPLÓJA', '<p>The young writer decides one day to two things: that will be unique and it will be sweet bartender. To bring color to your life...</p>'),
(199, 36, 9, 'A CSEMEGEPULTOS NAPLÓJA', '<p>Der junge Schriftsteller beschlie&szlig;t einem Tag auf zwei Dinge: die einzigartig sein wird und es wird s&uuml;&szlig; Barkeeper sein. Um Farbe in Ihr Leben bringen</p>'),
(200, 36, 10, 'A CSEMEGEPULTOS NAPLÓJA', '<p>&#1052;&#1086;&#1083;&#1086;&#1076;&#1086;&#1081; &#1087;&#1080;&#1089;&#1072;&#1090;&#1077;&#1083;&#1100; &#1088;&#1077;&#1096;&#1072;&#1077;&#1090; &#1086;&#1076;&#1080;&#1085; &#1076;&#1077;&#1085;&#1100; &#1074; &#1076;&#1074;&#1091;&#1093; &#1074;'),
(201, 36, 11, 'A CSEMEGEPULTOS NAPLÓJA', '<p>Mlad&yacute; spisovate&#318; sa rozhodne jeden de&#328; na dve veci: &#382;e bude jedine&#269;n&yacute; a bude sladk&aacute; barman. Ak chcete, aby farby do v&aacute;&scaron;ho &#382;ivota</p>'),
(202, 36, 16, 'A CSEMEGEPULTOS NAPLÓJA', '<p>T&acirc;n&#259;rul scriitor decide o zi la dou&#259; lucruri: care va fi unic &#537;i va fi barman dulce. Pentru a aduce culoare &icirc;n via&#539;a ta</p>'),
(203, 36, 17, 'A CSEMEGEPULTOS NAPLÓJA', '<p>El joven escritor decide un d&iacute;a a dos cosas: que sea &uacute;nico y ser&aacute; dulce camarero. Para dar color a tu vida</p>'),
(204, 36, 18, 'A CSEMEGEPULTOS NAPLÓJA', '<p>Il giovane scrittore decide un giorno a due cose: che sar&agrave; unico e sar&agrave; dolce barista. Per portare colore alla tua vita</p>'),
(205, 36, 19, 'A CSEMEGEPULTOS NAPLÓJA', '<p>De jonge schrijver besluit op een dag om twee dingen: dat zal uniek zijn en het zal zoete barman. Om kleur in uw leven te brengen</p>'),
(206, 37, 1, 'JANCSI ÉS JULISKA', '<p>Az ismert mes&eacute;t, p&aacute;lc&aacute;s &eacute;s keszty&#369;b&aacute;bokkal, &eacute;s &eacute;l&#337; sz&iacute;n&eacute;szi j&aacute;t&eacute;k seg&iacute;ts&eacute;g&eacute;vel ker&uuml;l bemutat&aacute;sra.&nbsp;</p>'),
(207, 37, 2, 'Hansel and Gretel ', '<p>The well-known tale, rod and glove puppets and live acting using are presented.</p>'),
(208, 37, 9, 'Hänsel und Gretel ', '<p>Das bekannte M&auml;rchen-, Stab-und Handpuppen und Schauspiel mit Live vorgestellt.</p>'),
(209, 37, 10, 'Гензель и Гретель ', '<p>&#1048;&#1079;&#1074;&#1077;&#1089;&#1090;&#1085;&#1099;&#1081; &#1088;&#1072;&#1089;&#1089;&#1082;&#1072;&#1079;, &#1089;&#1090;&#1077;&#1088;&#1078;&#1085;&#1077;&#1074;&#1099;&#1093; &#1080; &#1087;&#1077;&#1088;&#1095;&#1072;&#1090;&#1082;&#1080; &'),
(210, 37, 11, 'Janko a Marienka ', '<p>Zn&aacute;my pr&iacute;beh, ty&#269;e a rukavice b&aacute;bky a &#382;iv&eacute;ho herectvo s vyu&#382;it&iacute;m s&uacute; prezentovan&eacute;.</p>'),
(211, 37, 16, 'Hansel și Gretel ', '<p>Poveste bine-cunoscut, sunt prezentate tija &#537;i m&#259;nu&#537;i marionete &#537;i care ac&#539;ioneaz&#259; direct, folosind.</p>'),
(212, 37, 17, 'Hansel y Gretel ', '<p>El conocido cuento, se presentan de varilla y guante t&iacute;teres y actuaci&oacute;n en directo utilizando.</p>'),
(213, 37, 18, 'Hansel e Gretel ', '<p>Il racconto ben noto, asta e guanto burattini e recitazione dal vivo che utilizzano sono presentati.</p>'),
(214, 37, 19, 'Hans en Grietje ', '<p>Het bekende verhaal, stok en handpoppen en live acteren gebruik worden gepresenteerd</p>'),
(215, 38, 1, 'A SZÍV HÍDJAI', '<p><strong>Szerepl&#337;k:</strong></p><ul><li><strong>Udvaros Dorottya</strong></li><li><strong>L&aacute;szl&oacute; Zsolt</strong></li><li><strong>Szamosi Zs&oacute;fia</strong></li><li><strong>Chov&aacute;n G&aacute;bor</strong></li></ul>'),
(216, 38, 2, 'The Bridges of Madison County', '<p><strong>Acteurs:</strong></p><ul><li><strong>Udvaros Dorottya</strong></li><li><strong>L&aacute;szl&oacute; Zsolt</strong></li><li><strong>Szamosi Zs&oacute;fia</strong></li><li><strong>Chov&aacute;n G&aacute;bor</strong></li></ul>'),
(217, 38, 9, 'A SZÍV HÍDJAI', '<p><strong>Szerepl&#337;k:</strong></p><ul><li><strong>Udvaros Dorottya</strong></li><li><strong>L&aacute;szl&oacute; Zsolt</strong></li><li><strong>Szamosi Zs&oacute;fia</strong></li><li><strong>Chov&aacute;n G&aacute;bor</strong></li></ul>'),
(218, 38, 10, 'A SZÍV HÍDJAI', '<p><strong>Szerepl&#337;k:</strong></p><ul><li><strong>Udvaros Dorottya</strong></li><li><strong>L&aacute;szl&oacute; Zsolt</strong></li><li><strong>Szamosi Zs&oacute;fia</strong></li><li><strong>Chov&aacute;n G&aacute;bor</strong></li></ul>'),
(219, 38, 11, 'A SZÍV HÍDJAI', '<p><strong>Szerepl&#337;k:</strong></p><ul><li><strong>Udvaros Dorottya</strong></li><li><strong>L&aacute;szl&oacute; Zsolt</strong></li><li><strong>Szamosi Zs&oacute;fia</strong></li><li><strong>Chov&aacute;n G&aacute;bor</strong></li></ul>'),
(220, 38, 16, 'A SZÍV HÍDJAI', '<p><strong>Szerepl&#337;k:</strong></p><ul><li><strong>Udvaros Dorottya</strong></li><li><strong>L&aacute;szl&oacute; Zsolt</strong></li><li><strong>Szamosi Zs&oacute;fia</strong></li><li><strong>Chov&aacute;n G&aacute;bor</strong></li></ul>'),
(221, 38, 17, 'A SZÍV HÍDJAI', '<p><strong>Szerepl&#337;k:</strong></p><ul><li><strong>Udvaros Dorottya</strong></li><li><strong>L&aacute;szl&oacute; Zsolt</strong></li><li><strong>Szamosi Zs&oacute;fia</strong></li><li><strong>Chov&aacute;n G&aacute;bor</strong></li></ul>'),
(222, 38, 18, 'A SZÍV HÍDJAI', '<p><strong>Szerepl&#337;k:</strong></p><ul><li><strong>Udvaros Dorottya</strong></li><li><strong>L&aacute;szl&oacute; Zsolt</strong></li><li><strong>Szamosi Zs&oacute;fia</strong></li><li><strong>Chov&aacute;n G&aacute;bor</strong></li></ul>'),
(223, 38, 19, 'A SZÍV HÍDJAI', '<p><strong>Szerepl&#337;k:</strong></p><ul><li><strong>Udvaros Dorottya</strong></li><li><strong>L&aacute;szl&oacute; Zsolt</strong></li><li><strong>Szamosi Zs&oacute;fia</strong></li><li><strong>Chov&aacute;n G&aacute;bor</strong></li></ul>'),
(224, 39, 1, 'BAGOLY ÉS CICA komédia', '<p>A hatalmas sikerrel bemutatott kom&eacute;dia filmen is eml&eacute;kezetes volt: f&#337;szerepeit Barbra Streisand &eacute;s George Segal j&aacute;tszotta...</p>'),
(225, 39, 2, 'Owls and Cats comedy ', '<p>The film is presented with great success in comedy was memorable: starring Barbra Streisand and George Segal played ...</p>'),
(226, 39, 9, 'Eulen und Katzen Komödie', '<p>Der Film wird mit gro&szlig;em Erfolg in der Kom&ouml;die vorgestellt war unvergesslich: mit Barbra Streisand und George Segal gespielt ...</p>'),
(227, 39, 10, 'Совы и кошки комедия ', '<p>&#1060;&#1080;&#1083;&#1100;&#1084; &#1087;&#1088;&#1077;&#1076;&#1089;&#1090;&#1072;&#1074;&#1083;&#1077;&#1085; &#1089; &#1073;&#1086;&#1083;&#1100;&#1096;&#1080;&#1084; &#1091;&#1089;&#1087;&#1077;&#1093;&#1086;&#1084; &#1074; &#1082;&#1086;&#1084;&'),
(228, 39, 11, 'Sovy a mačky komédia ', '<p>Film je uveden&yacute; s ve&#318;k&yacute;m &uacute;spechom v kom&eacute;dii bol pam&auml;tn&yacute;: v hlavnej &uacute;lohe Barbra Streisand a George Segal hral ...</p>'),
(229, 39, 16, 'Bufnițe și pisici comedie ', '<p>Filmul este prezentat cu mare succes la comedie a fost memorabil&#259;: joaca Barbra Streisand &#537;i George Segal a jucat ...</p>'),
(230, 39, 17, 'Búhos y Gatos comedia ', '<p>La pel&iacute;cula se presenta con gran &eacute;xito en la comedia fue memorable: protagonizada por Barbra Streisand y George Segal jugaron ...</p>'),
(231, 39, 18, 'Gufi e Gatti commedia ', '<p>Il film &egrave; presentato con grande successo nella commedia &egrave; stata memorabile: interpretato da Barbra Streisand e George Segal giocato ...</p>'),
(232, 39, 19, 'Uilen en katten comedy ', '<p>De film wordt gepresenteerd met groot succes in comedy was onvergetelijk: de hoofdrol Barbra Streisand en George Segal gespeeld ...</p>'),
(233, 40, 1, 'ÖRDÖNGŐS JANKÓ', '<p>Humorosan &aacute;tsz&#337;tt t&ouml;rt&eacute;net a v&eacute;gtelen erd&#337;r&#337;l, a m&eacute;g v&eacute;gtelenebb butas&aacute;gr&oacute;l, valamint az &ouml;rd&ouml;ggel val&oacute; cimbor&aacute;l&aacute;sr&oacute;l.</p>'),
(234, 40, 2, 'sorcerer JANKÓ ', '<p>Humorously interwoven stories of endless forests, the more v&eacute;gtelenebb nonsense, and collaborated with the devil ..</p>'),
(235, 40, 9, 'Sorcerer JANKÓ ', '<p>Humorvoll verwobene Geschichten von endlosen W&auml;ldern, die mehr v&eacute;gtelenebb Unsinn, und mit dem Teufel zusammengearbeitet ..</p>'),
(236, 40, 10, 'Волшебник Янко ', '<p>&#1047;&#1072;&#1073;&#1072;&#1074;&#1085;&#1086; &#1087;&#1077;&#1088;&#1077;&#1087;&#1083;&#1077;&#1090;&#1077;&#1085;&#1085;&#1099;&#1093; &#1080;&#1089;&#1090;&#1086;&#1088;&#1080;&#1081; &#1073;&#1077;&#1089;&#1082;&#1086;&#1085;&#1077;&#1095;&#10'),
(237, 40, 11, 'čarodejník Janko ', '<p>Komicky pretkan&eacute; pr&iacute;behy nekone&#269;n&yacute;ch lesov, t&yacute;m viac v&eacute;gtelenebb nezmysel, a spolupracoval s diablom ..</p>'),
(238, 40, 16, 'Sorcerer Janko ', '<p>Pove&#537;ti cu umor &icirc;mpletite de p&#259;duri nesf&acirc;r&#537;ite, mai v&eacute;gtelenebb prostii, &#537;i a colaborat cu diavolul ..</p>'),
(239, 40, 17, 'Hechicero Janko ', '<p>Con humor historias entrelazadas de bosques interminables, m&aacute;s tonter&iacute;as v&eacute;gtelenebb y colaborado con el diablo ..</p>'),
(240, 40, 18, 'Sorcerer Janko ', '<p>Storie ironicamente intrecciate di foreste senza fine, pi&ugrave; v&eacute;gtelenebb nonsense, e collaborato con il diavolo ..</p>'),
(241, 40, 19, 'Sorcerer Janko ', '<p>Met humor verweven verhalen van eindeloze bossen, de meer v&eacute;gtelenebb onzin, en werkte samen met de duivel ..</p>'),
(242, 41, 1, 'Van, aki forrón szereti', '<p>K&eacute;t munkan&eacute;lk&uuml;li muzsikus, Joe &eacute;s Jerry v&eacute;gs&#337; l&eacute;p&eacute;sre sz&aacute;nja el mag&aacute;t: jelentkeznek egy n&#337;i zenekarba! ....</p>'),
(243, 41, 2, 'Some like it hot ', '<p>Two unemployed musicians, Joe and Jerry decide to do the final step: gets a female band!&nbsp;</p>'),
(244, 41, 9, 'Manche mögen es heiß ', '<p>Zwei arbeitslose Musiker Joe und Jerry entscheiden, den letzten Schritt zu tun: bekommt eine Frauenband! ....</p>'),
(245, 41, 10, 'Некоторые любят погорячее ', '<p>&#1044;&#1074;&#1072; &#1073;&#1077;&#1079;&#1088;&#1072;&#1073;&#1086;&#1090;&#1085;&#1099;&#1093; &#1084;&#1091;&#1079;&#1099;&#1082;&#1072;&#1085;&#1090;&#1086;&#1074;, &#1044;&#1078;&#1086; &#1080; &#1044;&#1078;&#1077;&#1088;&#1088;&#1080; &#1088;'),
(246, 41, 11, 'Niekto to rád horúce ', '<p>Dva nezamestnan&iacute; muzikanti, Joe a Jerry sa rozhodli urobi&#357; posledn&yacute; krok: dostane &#382;ensk&uacute; kapelu!</p>'),
(247, 41, 16, 'Unora le place fierbinte ', '<p>Doi muzicieni &#537;omeri, Joe &#537;i Jerry decide s&#259; fac&#259; ultimul pas: devine o trupa de sex feminin! ....</p>'),
(248, 41, 17, 'A algunos les gusta caliente ', '<p>Dos m&uacute;sicos en paro, Joe y Jerry deciden hacer el paso final: crear una banda femenina!</p>'),
(249, 41, 18, 'A qualcuno piace caldo ', '<p>Due musicisti disoccupati, Joe e Jerry decidono di fare l&#39;ultimo passo: diventa una band femminile!&nbsp;</p>'),
(250, 41, 19, 'Some like it hot ', '<p>Twee werkloze muzikanten, Joe en Jerry besluiten om de laatste stap te doen: krijgt een vrouwelijke band!</p>'),
(251, 42, 1, 'Amadeus', '<p>Peter Shaffer n&eacute;pszer&#369; sz&iacute;ndarabja izgalmas gondolattal j&aacute;tszik el: mi van, ha a zseni&aacute;lis zeneszerz&#337;, Woldgang Amadeus Mozart nem is term&eacute;szetes hal&aacute;llal halt meg oly fiatalon.</p>'),
(252, 42, 2, 'Amadeus', '<p>Peter Shaffer&#39;s play popular plays out exciting idea: what if the brilliant composer, Amadeus Mozart Woldgang not died a natural death at such a young age</p>'),
(253, 42, 9, 'Amadeus', '<p>Peter Shaffer Spiel beliebt spielt sich spannende Idee: Was, wenn die genialen Komponisten, Amadeus Mozart Woldgang nicht in einem so jungen Alter starb eines nat&uuml;rlichen Todes</p>'),
(254, 42, 10, 'Amadeus', '<p>&#1048;&#1075;&#1088;&#1072; &#1055;&#1080;&#1090;&#1077;&#1088;&#1072; &#1064;&#1077;&#1092;&#1092;&#1077;&#1088;&#1072; &#1087;&#1086;&#1087;&#1091;&#1083;&#1103;&#1088;&#1085;&#1099; &#1074;&#1099;&#1076;&#1086;&#1093;&#1089;&#1103; &#1079;&#1072;&#'),
(255, 42, 11, 'Amadeus', '<p>Hra Petera Shaffer&#367;v popul&aacute;rne odohr&aacute;va vzru&scaron;uj&uacute;ci n&aacute;pad: &#269;o keby geni&aacute;lneho skladate&#318;a, Amadeus Mozart Woldgang nezomrel prirodzenou smr&#357;ou v tak mladom veku,</p>'),
(256, 42, 16, 'Amadeus', '<p>Jocul lui Peter Shaffer popular joaca idee interesanta: ce se &icirc;nt&acirc;mpl&#259; dac&#259; compozitor genial, Amadeus Mozart Woldgang nu a murit de moarte natural&#259; la o astfel de v&acirc;rst&#259; fraged&#259;</p>'),
(257, 42, 17, 'Amadeus', '<p>La obra de Peter Shaffer populares juega idea interesante: &iquest;y si el genial compositor, Amadeus Mozart Woldgang no muri&oacute; de muerte natural a una edad tan joven</p>'),
(258, 42, 18, 'Amadeus', '<p>Commedia di Peter Shaffer popolare gioca fuori un&#39;idea interessante: cosa succede se il geniale compositore, Amadeus Mozart Woldgang non mor&igrave; di morte naturale in giovane et&agrave;</p>'),
(259, 42, 19, 'Amadeus', '<p>Toneelstuk Peter Shaffer&#39;s populaire afspeelt spannend idee: wat als de briljante componist, Amadeus Mozart Woldgang niet stierf een natuurlijke dood op zo&#39;n jonge leeftijd</p>'),
(260, 43, 1, 'Anconai szerelmesek', '<p>Az Anconai szerelmesek kacagtat&oacute;an fordulatos, kedvesen pik&aacute;ns, szellemes, zen&eacute;s &ouml;sszekacsint&aacute;s, a hetvenes &eacute;vek olasz sl&aacute;gereivel.</p>'),
(261, 43, 2, 'The Lovers of Ancona ', '<p>The Lovers of Ancona kacagtat&oacute;an-turn, sweetly pungent, witty, musical winks, Italian hits of the seventies.</p>'),
(262, 43, 9, 'Liebhaber von Ancona ', '<p>Die Liebenden von Ancona-Turn, s&uuml;&szlig; w&uuml;rzig, Liebe, Musik Winks, italienische Hits aus den siebziger Jahren.</p>'),
(263, 43, 10, 'Любители Анкона ', '<p>&#1051;&#1102;&#1073;&#1080;&#1090;&#1077;&#1083;&#1080; &#1040;&#1085;&#1082;&#1086;&#1085;&#1072;-&#1089;&#1074;&#1086;&#1102; &#1086;&#1095;&#1077;&#1088;&#1077;&#1076;&#1100;, &#1089;&#1083;&#1072;&#1076;&#1082;&#1086; &#1087;&#1088;&#1103;&#1085;&'),
(264, 43, 11, 'Milovníci Ancona ', '<p>Milenci z Ancona-porad&iacute;, sladko korenist&aacute;, l&aacute;ska, hudba &#382;murk&aacute;, talianske hity sedemdesiatych rokov.</p>'),
(265, 43, 16, 'Iubitorii de Ancona ', '<p>Iubitorii de Ancona-r&acirc;ndul s&#259;u, dulce picant, dragoste, face cu ochiul de muzic&#259;, hit-uri italiene din anii &#537;aptezeci.</p>'),
(266, 43, 17, 'Los amantes de Ancona ', '<p>Los amantes de Ancona-a su vez, dulcemente especiado, amor, gui&ntilde;os musicales, &eacute;xitos italianos de los a&ntilde;os setenta.</p>'),
(267, 43, 18, 'Gli amanti di Ancona ', '<p>Gli Amanti di Ancona-turn, dolcemente speziato, amore, ammiccamenti musicali, successi italiani degli anni Settanta.</p>'),
(268, 43, 19, 'Liefhebbers van Ancona ', '<p>De liefhebbers van Ancona-turn, zoet kruidig, liefde, muziek winks, Italiaanse hits uit de jaren zeventig.</p>'),
(269, 44, 1, 'Virágom-virágom', '<p>2014.08. 18.-24. ig</p><p><strong>Vir&aacute;gom-vir&aacute;gom</strong></p><p>K&aacute;lyhacsemp&eacute;k, falik&eacute;pek, h&#369;t&#337;m&aacute;gnesek &eacute;s ker&aacute;mia&eacute;kszerek vir&aacute;g mot&iacute;vumai</p>'),
(270, 44, 2, 'Virágom-virágom', '<p>2014.08. 18.-24. ig</p><p><strong>Vir&aacute;gom-vir&aacute;gom</strong></p><p>K&aacute;lyhacsemp&eacute;k, falik&eacute;pek, h&#369;t&#337;m&aacute;gnesek &eacute;s ker&aacute;mia&eacute;kszerek vir&aacute;gmot&iacute;vumai</p>'),
(271, 44, 9, 'Virágom-virágom', '<p>2014.08. 18.-24. ig</p><p><strong>Vir&aacute;gom-vir&aacute;gom</strong></p><p>Ezen a h&eacute;ten a l&aacute;togat&oacute;k k&aacute;lyhacsemp&eacute;k, falik&eacute;pek, h&#369;t&#337;m&aacute;gnesek &eacute;s ker&aacute;mia&eacute;kszerek vir&aacute'),
(272, 44, 10, 'Virágom-virágom', '<p>2014.08. 18.-24. ig</p><p><strong>Vir&aacute;gom-vir&aacute;gom</strong></p><p>Ezen a h&eacute;ten a l&aacute;togat&oacute;k k&aacute;lyhacsemp&eacute;k, falik&eacute;pek, h&#369;t&#337;m&aacute;gnesek &eacute;s ker&aacute;mia&eacute;kszerek vir&aacute'),
(273, 44, 11, 'Virágom-virágom', '<p>2014.08. 18.-24. ig</p><p><strong>Vir&aacute;gom-vir&aacute;gom</strong></p><p>Ezen a h&eacute;ten a l&aacute;togat&oacute;k k&aacute;lyhacsemp&eacute;k, falik&eacute;pek, h&#369;t&#337;m&aacute;gnesek &eacute;s ker&aacute;mia&eacute;kszerek vir&aacute'),
(274, 44, 16, 'Virágom-virágom', '<p>2014.08. 18.-24. ig</p><p><strong>Vir&aacute;gom-vir&aacute;gom</strong></p><p>Ezen a h&eacute;ten a l&aacute;togat&oacute;k k&aacute;lyhacsemp&eacute;k, falik&eacute;pek, h&#369;t&#337;m&aacute;gnesek &eacute;s ker&aacute;mia&eacute;kszerek vir&aacute'),
(275, 44, 17, 'Virágom-virágom', '<p>2014.08. 18.-24. ig</p><p><strong>Vir&aacute;gom-vir&aacute;gom</strong></p><p>Ezen a h&eacute;ten a l&aacute;togat&oacute;k k&aacute;lyhacsemp&eacute;k, falik&eacute;pek, h&#369;t&#337;m&aacute;gnesek &eacute;s ker&aacute;mia&eacute;kszerek vir&aacute'),
(276, 44, 18, 'Virágom-virágom', '<p>2014.08. 18.-24. ig</p><p><strong>Vir&aacute;gom-vir&aacute;gom</strong></p><p>Ezen a h&eacute;ten a l&aacute;togat&oacute;k k&aacute;lyhacsemp&eacute;k, falik&eacute;pek, h&#369;t&#337;m&aacute;gnesek &eacute;s ker&aacute;mia&eacute;kszerek vir&aacute'),
(277, 44, 19, 'Virágom-virágom', '<p>2014.08. 18.-24. ig</p><p><strong>Vir&aacute;gom-vir&aacute;gom</strong></p><p>Ezen a h&eacute;ten a l&aacute;togat&oacute;k k&aacute;lyhacsemp&eacute;k, falik&eacute;pek, h&#369;t&#337;m&aacute;gnesek &eacute;s ker&aacute;mia&eacute;kszerek vir&aacute'),
(278, 45, 1, 'KErt Mozi  - Szerelem első vér', '<p><strong>Szerelem els&#337; v&eacute;rig - sz&iacute;nes, magyar ifj&uacute;s&aacute;gi film, 88 perc, 1985</strong></p>'),
(279, 45, 2, 'KErt Mozi  - Szerelem első vér', '<p><strong>Szerelem els&#337; v&eacute;rig - sz&iacute;nes, magyar ifj&uacute;s&aacute;gi film, 88 perc, 1985</strong></p>'),
(280, 45, 9, 'KErt Mozi  - Szerelem első vér', '<p><strong>Szerelem els&#337; v&eacute;rig - sz&iacute;nes, magyar ifj&uacute;s&aacute;gi film, 88 perc, 1985</strong></p>'),
(281, 45, 10, 'KErt Mozi  - Szerelem első vér', '<p><strong>Szerelem els&#337; v&eacute;rig - sz&iacute;nes, magyar ifj&uacute;s&aacute;gi film, 88 perc, 1985</strong></p>'),
(282, 45, 11, 'KErt Mozi  - Szerelem első vér', '<p><strong>Szerelem els&#337; v&eacute;rig - sz&iacute;nes, magyar ifj&uacute;s&aacute;gi film, 88 perc, 1985</strong></p>'),
(283, 45, 16, 'KErt Mozi  - Szerelem első vér', '<p><strong>Szerelem els&#337; v&eacute;rig - sz&iacute;nes, magyar ifj&uacute;s&aacute;gi film, 88 perc, 1985</strong></p>'),
(284, 45, 17, 'KErt Mozi  - Szerelem első vér', '<p><strong>Szerelem els&#337; v&eacute;rig - sz&iacute;nes, magyar ifj&uacute;s&aacute;gi film, 88 perc, 1985</strong></p>'),
(285, 45, 18, 'KErt Mozi  - Szerelem első vér', '<p><strong>Szerelem els&#337; v&eacute;rig - sz&iacute;nes, magyar ifj&uacute;s&aacute;gi film, 88 perc, 1985</strong></p>'),
(286, 45, 19, 'KErt Mozi  - Szerelem első vér', '<p><strong>Szerelem els&#337; v&eacute;rig - sz&iacute;nes, magyar ifj&uacute;s&aacute;gi film, 88 perc, 1985</strong></p>'),
(287, 46, 1, 'Csoportterápia - Egri Pinceszí', '<p><strong>Csoportter&aacute;pia - Egri Pincesz&iacute;nh&aacute;z az egri sz&iacute;nh&aacute;z el&#337;ad&aacute;s&aacute;ban</strong></p>'),
(288, 46, 2, 'Csoportterápia - Egri Pinceszí', '<p><strong>Csoportter&aacute;pia - Egri Pincesz&iacute;nh&aacute;z az egri sz&iacute;nh&aacute;z el&#337;ad&aacute;s&aacute;ban</strong></p>'),
(289, 46, 9, 'Csoportterápia - Egri Pinceszí', '<p><strong>Csoportter&aacute;pia - Egri Pincesz&iacute;nh&aacute;z az egri sz&iacute;nh&aacute;z el&#337;ad&aacute;s&aacute;ban</strong></p>'),
(290, 46, 10, 'Csoportterápia - Egri Pinceszí', '<p><strong>Csoportter&aacute;pia - Egri Pincesz&iacute;nh&aacute;z az egri sz&iacute;nh&aacute;z el&#337;ad&aacute;s&aacute;ban</strong></p>'),
(291, 46, 11, 'Csoportterápia - Egri Pinceszí', '<p><strong>Csoportter&aacute;pia - Egri Pincesz&iacute;nh&aacute;z az egri sz&iacute;nh&aacute;z el&#337;ad&aacute;s&aacute;ban</strong></p>'),
(292, 46, 16, 'Csoportterápia - Egri Pinceszí', '<p><strong>Csoportter&aacute;pia - Egri Pincesz&iacute;nh&aacute;z az egri sz&iacute;nh&aacute;z el&#337;ad&aacute;s&aacute;ban</strong></p>'),
(293, 46, 17, 'Csoportterápia - Egri Pinceszí', '<p><strong>Csoportter&aacute;pia - Egri Pincesz&iacute;nh&aacute;z az egri sz&iacute;nh&aacute;z el&#337;ad&aacute;s&aacute;ban</strong></p>'),
(294, 46, 18, 'Csoportterápia - Egri Pinceszí', '<p><strong>Csoportter&aacute;pia - Egri Pincesz&iacute;nh&aacute;z az egri sz&iacute;nh&aacute;z el&#337;ad&aacute;s&aacute;ban</strong></p>'),
(295, 46, 19, 'Csoportterápia - Egri Pinceszí', '<p><strong>Csoportter&aacute;pia - Egri Pincesz&iacute;nh&aacute;z az egri sz&iacute;nh&aacute;z el&#337;ad&aacute;s&aacute;ban</strong></p>'),
(296, 47, 1, 'Kertmozi - A nagy generáció', '<p>08.27. 21 &oacute;ra a nagy Gener&aacute;ci&oacute; vet&iacute;t&eacute;se</p>'),
(297, 47, 2, 'Kertmozi - A nagy generáció', '<p>08.27. 21 &oacute;ra a nagy Gener&aacute;ci&oacute; vet&iacute;t&eacute;se</p>'),
(298, 47, 9, 'Kertmozi - A nagy generáció', '<p>08.27. 21 &oacute;ra a nagy Gener&aacute;ci&oacute; vet&iacute;t&eacute;se</p>'),
(299, 47, 10, 'Kertmozi - A nagy generáció', '<p>08.27. 21 &oacute;ra a nagy Gener&aacute;ci&oacute; vet&iacute;t&eacute;se</p>'),
(300, 47, 11, 'Kertmozi - A nagy generáció', '<p>08.27. 21 &oacute;ra a nagy Gener&aacute;ci&oacute; vet&iacute;t&eacute;se</p>'),
(301, 47, 16, 'Kertmozi - A nagy generáció', '<p>08.27. 21 &oacute;ra a nagy Gener&aacute;ci&oacute; vet&iacute;t&eacute;se</p>'),
(302, 47, 17, 'Kertmozi - A nagy generáció', '<p>08.27. 21 &oacute;ra a nagy Gener&aacute;ci&oacute; vet&iacute;t&eacute;se</p>'),
(303, 47, 18, 'Kertmozi - A nagy generáció', '<p>08.27. 21 &oacute;ra a nagy Gener&aacute;ci&oacute; vet&iacute;t&eacute;se</p>'),
(304, 47, 19, 'Kertmozi - A nagy generáció', '<p>08.27. 21 &oacute;ra a nagy Gener&aacute;ci&oacute; vet&iacute;t&eacute;se</p>'),
(305, 48, 1, 'B.my.Lake Fesztivál', '<p>B.my.Lake Fesztiv&aacute;l&nbsp;Az elektronikus zene rajong&oacute;inak</p>'),
(306, 48, 2, 'B.my.Lake Fesztivál', '<p>B.my.Lake Fesztiv&aacute;l&nbsp;Az elektronikus zene rajong&oacute;inak</p>'),
(307, 48, 9, 'B.my.Lake Fesztivál', '<p>B.my.Lake Fesztiv&aacute;l&nbsp;Az elektronikus zene rajong&oacute;inak</p>'),
(308, 48, 10, 'B.my.Lake Fesztivál', '<p>B.my.Lake Fesztiv&aacute;l&nbsp;Az elektronikus zene rajong&oacute;inak</p>'),
(309, 48, 11, 'B.my.Lake Fesztivál', '<p>B.my.Lake Fesztiv&aacute;l&nbsp;Az elektronikus zene rajong&oacute;inak</p>'),
(310, 48, 16, 'B.my.Lake Fesztivál', '<p>B.my.Lake Fesztiv&aacute;l&nbsp;Az elektronikus zene rajong&oacute;inak</p>'),
(311, 48, 17, 'B.my.Lake Fesztivál', '<p>B.my.Lake Fesztiv&aacute;l&nbsp;Az elektronikus zene rajong&oacute;inak</p>'),
(312, 48, 18, 'B.my.Lake Fesztivál', '<p>B.my.Lake Fesztiv&aacute;l&nbsp;Az elektronikus zene rajong&oacute;inak</p>'),
(313, 48, 19, 'B.my.Lake Fesztivál', '<p>B.my.Lake Fesztiv&aacute;l&nbsp;Az elektronikus zene rajong&oacute;inak</p>'),
(314, 49, 1, 'HAPPY ENDING', '<p><strong>A Szentendrei Te&aacute;trum el&#337;ad&aacute;sa</strong></p>'),
(315, 49, 2, 'HAPPY ENDING', '<p><strong>A Szentendrei Te&aacute;trum el&#337;ad&aacute;sa</strong></p>'),
(316, 49, 9, 'HAPPY ENDING', '<p><strong>A Szentendrei Te&aacute;trum el&#337;ad&aacute;sa</strong></p>'),
(317, 49, 10, 'HAPPY ENDING', '<p><strong>A Szentendrei Te&aacute;trum el&#337;ad&aacute;sa</strong></p>'),
(318, 49, 11, 'HAPPY ENDING', '<p><strong>A Szentendrei Te&aacute;trum el&#337;ad&aacute;sa</strong></p>'),
(319, 49, 16, 'HAPPY ENDING', '<p><strong>A Szentendrei Te&aacute;trum el&#337;ad&aacute;sa</strong></p>'),
(320, 49, 17, 'HAPPY ENDING', '<p><strong>A Szentendrei Te&aacute;trum el&#337;ad&aacute;sa</strong></p>'),
(321, 49, 18, 'HAPPY ENDING', '<p><strong>A Szentendrei Te&aacute;trum el&#337;ad&aacute;sa</strong></p>'),
(322, 49, 19, 'HAPPY ENDING', '<p><strong>A Szentendrei Te&aacute;trum el&#337;ad&aacute;sa</strong></p>'),
(323, 50, 1, 'Férfi és Nő', '<p><strong>Az Orlai Produkci&oacute;s Iroda el&#337;ad&aacute;sa</strong></p><p><strong>B&Aacute;STI JULI</strong></p><p><strong>UDVAROS DOROTTYA</strong></p><p><strong>KULKA J&Aacute;NOS</strong></p><p><strong>D&Eacute;S L&Aacute;SZL&Oacute; &eacute;s a '),
(324, 50, 2, 'Férfi és Nő', '<p><strong>Az Orlai Produkci&oacute;s Iroda el&#337;ad&aacute;sa</strong></p><p><strong>B&Aacute;STI JULI</strong></p><p><strong>UDVAROS DOROTTYA</strong></p><p><strong>KULKA J&Aacute;NOS</strong></p><p><strong>D&Eacute;S L&Aacute;SZL&Oacute; &eacute;s a '),
(325, 50, 9, 'Férfi és Nő', '<p><strong>Az Orlai Produkci&oacute;s Iroda el&#337;ad&aacute;sa</strong></p><p><strong>B&Aacute;STI JULI</strong></p><p><strong>UDVAROS DOROTTYA</strong></p><p><strong>KULKA J&Aacute;NOS</strong></p><p><strong>D&Eacute;S L&Aacute;SZL&Oacute; &eacute;s a '),
(326, 50, 10, 'Férfi és Nő', '<p><strong>Az Orlai Produkci&oacute;s Iroda el&#337;ad&aacute;sa</strong></p><p><strong>B&Aacute;STI JULI</strong></p><p><strong>UDVAROS DOROTTYA</strong></p><p><strong>KULKA J&Aacute;NOS</strong></p><p><strong>D&Eacute;S L&Aacute;SZL&Oacute; &eacute;s a '),
(327, 50, 11, 'Férfi és Nő', '<p><strong>Az Orlai Produkci&oacute;s Iroda el&#337;ad&aacute;sa</strong></p><p><strong>B&Aacute;STI JULI</strong></p><p><strong>UDVAROS DOROTTYA</strong></p><p><strong>KULKA J&Aacute;NOS</strong></p><p><strong>D&Eacute;S L&Aacute;SZL&Oacute; &eacute;s a '),
(328, 50, 16, 'Férfi és Nő', '<p><strong>Az Orlai Produkci&oacute;s Iroda el&#337;ad&aacute;sa</strong></p><p><strong>B&Aacute;STI JULI</strong></p><p><strong>UDVAROS DOROTTYA</strong></p><p><strong>KULKA J&Aacute;NOS</strong></p><p><strong>D&Eacute;S L&Aacute;SZL&Oacute; &eacute;s a '),
(329, 50, 17, 'Férfi és Nő', '<p><strong>Az Orlai Produkci&oacute;s Iroda el&#337;ad&aacute;sa</strong></p><p><strong>B&Aacute;STI JULI</strong></p><p><strong>UDVAROS DOROTTYA</strong></p><p><strong>KULKA J&Aacute;NOS</strong></p><p><strong>D&Eacute;S L&Aacute;SZL&Oacute; &eacute;s a '),
(330, 50, 18, 'Férfi és Nő', '<p><strong>Az Orlai Produkci&oacute;s Iroda el&#337;ad&aacute;sa</strong></p><p><strong>B&Aacute;STI JULI</strong></p><p><strong>UDVAROS DOROTTYA</strong></p><p><strong>KULKA J&Aacute;NOS</strong></p><p><strong>D&Eacute;S L&Aacute;SZL&Oacute; &eacute;s a '),
(331, 50, 19, 'Férfi és Nő', '<p><strong>Az Orlai Produkci&oacute;s Iroda el&#337;ad&aacute;sa</strong></p><p><strong>B&Aacute;STI JULI</strong></p><p><strong>UDVAROS DOROTTYA</strong></p><p><strong>KULKA J&Aacute;NOS</strong></p><p><strong>D&Eacute;S L&Aacute;SZL&Oacute; &eacute;s a '),
(332, 51, 1, 'BUDAPEST BÁR', '<p><strong>Koncert-Sz&iacute;nh&aacute;z</strong></p><p><strong>Id&#337;pont: 2014. augusztus 22. (p&eacute;ntek) 21.00; es&#337;nap: augusztus 24. (vas&aacute;rnap) 21.00</strong></p>'),
(333, 51, 2, 'BUDAPEST BÁR', '<p><strong>Koncert-Sz&iacute;nh&aacute;z</strong></p><p><strong>Id&#337;pont: 2014. augusztus 22. (p&eacute;ntek) 21.00; es&#337;nap: augusztus 24. (vas&aacute;rnap) 21.00</strong></p>'),
(334, 51, 9, 'BUDAPEST BÁR', '<p><strong>Koncert-Sz&iacute;nh&aacute;z</strong></p><p><strong>Id&#337;pont: 2014. augusztus 22. (p&eacute;ntek) 21.00; es&#337;nap: augusztus 24. (vas&aacute;rnap) 21.00</strong></p>'),
(335, 51, 10, 'BUDAPEST BÁR', '<p><strong>Koncert-Sz&iacute;nh&aacute;z</strong></p><p><strong>Id&#337;pont: 2014. augusztus 22. (p&eacute;ntek) 21.00; es&#337;nap: augusztus 24. (vas&aacute;rnap) 21.00</strong></p>'),
(336, 51, 11, 'BUDAPEST BÁR', '<p><strong>Koncert-Sz&iacute;nh&aacute;z</strong></p><p><strong>Id&#337;pont: 2014. augusztus 22. (p&eacute;ntek) 21.00; es&#337;nap: augusztus 24. (vas&aacute;rnap) 21.00</strong></p>'),
(337, 51, 16, 'BUDAPEST BÁR', '<p><strong>Koncert-Sz&iacute;nh&aacute;z</strong></p><p><strong>Id&#337;pont: 2014. augusztus 22. (p&eacute;ntek) 21.00; es&#337;nap: augusztus 24. (vas&aacute;rnap) 21.00</strong></p>'),
(338, 51, 17, 'BUDAPEST BÁR', '<p><strong>Koncert-Sz&iacute;nh&aacute;z</strong></p><p><strong>Id&#337;pont: 2014. augusztus 22. (p&eacute;ntek) 21.00; es&#337;nap: augusztus 24. (vas&aacute;rnap) 21.00</strong></p>'),
(339, 51, 18, 'BUDAPEST BÁR', '<p><strong>Koncert-Sz&iacute;nh&aacute;z</strong></p><p><strong>Id&#337;pont: 2014. augusztus 22. (p&eacute;ntek) 21.00; es&#337;nap: augusztus 24. (vas&aacute;rnap) 21.00</strong></p>'),
(340, 51, 19, 'BUDAPEST BÁR', '<p><strong>Koncert-Sz&iacute;nh&aacute;z</strong></p><p><strong>Id&#337;pont: 2014. augusztus 22. (p&eacute;ntek) 21.00; es&#337;nap: augusztus 24. (vas&aacute;rnap) 21.00</strong></p>'),
(341, 52, 1, 'A VILÁG KENYERE', '<p><strong>&Aacute;rgy&eacute;lus Sz&iacute;nh&aacute;z (Szlov&aacute;kia) el&#337;ad&aacute;sa b&aacute;bj&aacute;t&eacute;k</strong></p><p><strong>2014. augusztus 23. (szombat) 11.00</strong></p>'),
(342, 52, 2, 'A VILÁG KENYERE', '<p><strong>&Aacute;rgy&eacute;lus Sz&iacute;nh&aacute;z (Szlov&aacute;kia) el&#337;ad&aacute;sa b&aacute;bj&aacute;t&eacute;k</strong></p><p><strong>2014. augusztus 23. (szombat) 11.00</strong></p>'),
(343, 52, 9, 'A VILÁG KENYERE', '<p><strong>&Aacute;rgy&eacute;lus Sz&iacute;nh&aacute;z (Szlov&aacute;kia) el&#337;ad&aacute;sa b&aacute;bj&aacute;t&eacute;k</strong></p><p><strong>2014. augusztus 23. (szombat) 11.00</strong></p>'),
(344, 52, 10, 'A VILÁG KENYERE', '<p><strong>&Aacute;rgy&eacute;lus Sz&iacute;nh&aacute;z (Szlov&aacute;kia) el&#337;ad&aacute;sa b&aacute;bj&aacute;t&eacute;k</strong></p><p><strong>2014. augusztus 23. (szombat) 11.00</strong></p>'),
(345, 52, 11, 'A VILÁG KENYERE', '<p><strong>&Aacute;rgy&eacute;lus Sz&iacute;nh&aacute;z (Szlov&aacute;kia) el&#337;ad&aacute;sa b&aacute;bj&aacute;t&eacute;k</strong></p><p><strong>2014. augusztus 23. (szombat) 11.00</strong></p>'),
(346, 52, 16, 'A VILÁG KENYERE', '<p><strong>&Aacute;rgy&eacute;lus Sz&iacute;nh&aacute;z (Szlov&aacute;kia) el&#337;ad&aacute;sa b&aacute;bj&aacute;t&eacute;k</strong></p><p><strong>2014. augusztus 23. (szombat) 11.00</strong></p>'),
(347, 52, 17, 'A VILÁG KENYERE', '<p><strong>&Aacute;rgy&eacute;lus Sz&iacute;nh&aacute;z (Szlov&aacute;kia) el&#337;ad&aacute;sa b&aacute;bj&aacute;t&eacute;k</strong></p><p><strong>2014. augusztus 23. (szombat) 11.00</strong></p>'),
(348, 52, 18, 'A VILÁG KENYERE', '<p><strong>&Aacute;rgy&eacute;lus Sz&iacute;nh&aacute;z (Szlov&aacute;kia) el&#337;ad&aacute;sa b&aacute;bj&aacute;t&eacute;k</strong></p><p><strong>2014. augusztus 23. (szombat) 11.00</strong></p>'),
(349, 52, 19, 'A VILÁG KENYERE', '<p><strong>&Aacute;rgy&eacute;lus Sz&iacute;nh&aacute;z (Szlov&aacute;kia) el&#337;ad&aacute;sa b&aacute;bj&aacute;t&eacute;k</strong></p><p><strong>2014. augusztus 23. (szombat) 11.00</strong></p>'),
(350, 53, 1, 'A FÉRFIAGY, AVAGY NINCS ITT VA', '<p><strong>A Th&aacute;lia Sz&iacute;nh&aacute;z el&#337;ad&aacute;sa v&iacute;gj&aacute;t&eacute;k</strong></p><p><strong>2014. augusztus 23. (szombat) 20.30; es&#337;nap: augusztus 24. (vas&aacute;rnap) 20.30</strong></p>'),
(351, 53, 2, 'A FÉRFIAGY, AVAGY NINCS ITT VA', '<p><strong>A Th&aacute;lia Sz&iacute;nh&aacute;z el&#337;ad&aacute;sa v&iacute;gj&aacute;t&eacute;k</strong></p><p><strong>2014. augusztus 23. (szombat) 20.30; es&#337;nap: augusztus 24. (vas&aacute;rnap) 20.30</strong></p>'),
(352, 53, 9, 'A FÉRFIAGY, AVAGY NINCS ITT VA', '<p><strong>A Th&aacute;lia Sz&iacute;nh&aacute;z el&#337;ad&aacute;sa v&iacute;gj&aacute;t&eacute;k</strong></p><p><strong>2014. augusztus 23. (szombat) 20.30; es&#337;nap: augusztus 24. (vas&aacute;rnap) 20.30</strong></p>'),
(353, 53, 10, 'A FÉRFIAGY, AVAGY NINCS ITT VA', '<p><strong>A Th&aacute;lia Sz&iacute;nh&aacute;z el&#337;ad&aacute;sa v&iacute;gj&aacute;t&eacute;k</strong></p><p><strong>2014. augusztus 23. (szombat) 20.30; es&#337;nap: augusztus 24. (vas&aacute;rnap) 20.30</strong></p>'),
(354, 53, 11, 'A FÉRFIAGY, AVAGY NINCS ITT VA', '<p><strong>A Th&aacute;lia Sz&iacute;nh&aacute;z el&#337;ad&aacute;sa v&iacute;gj&aacute;t&eacute;k</strong></p><p><strong>2014. augusztus 23. (szombat) 20.30; es&#337;nap: augusztus 24. (vas&aacute;rnap) 20.30</strong></p>'),
(355, 53, 16, 'A FÉRFIAGY, AVAGY NINCS ITT VA', '<p><strong>A Th&aacute;lia Sz&iacute;nh&aacute;z el&#337;ad&aacute;sa v&iacute;gj&aacute;t&eacute;k</strong></p><p><strong>2014. augusztus 23. (szombat) 20.30; es&#337;nap: augusztus 24. (vas&aacute;rnap) 20.30</strong></p>'),
(356, 53, 17, 'A FÉRFIAGY, AVAGY NINCS ITT VA', '<p><strong>A Th&aacute;lia Sz&iacute;nh&aacute;z el&#337;ad&aacute;sa v&iacute;gj&aacute;t&eacute;k</strong></p><p><strong>2014. augusztus 23. (szombat) 20.30; es&#337;nap: augusztus 24. (vas&aacute;rnap) 20.30</strong></p>');
INSERT INTO `events_data` (`event_data_id`, `event_id`, `language_id`, `event_name`, `event_description`) VALUES
(357, 53, 18, 'A FÉRFIAGY, AVAGY NINCS ITT VA', '<p><strong>A Th&aacute;lia Sz&iacute;nh&aacute;z el&#337;ad&aacute;sa v&iacute;gj&aacute;t&eacute;k</strong></p><p><strong>2014. augusztus 23. (szombat) 20.30; es&#337;nap: augusztus 24. (vas&aacute;rnap) 20.30</strong></p>'),
(358, 53, 19, 'A FÉRFIAGY, AVAGY NINCS ITT VA', '<p><strong>A Th&aacute;lia Sz&iacute;nh&aacute;z el&#337;ad&aacute;sa v&iacute;gj&aacute;t&eacute;k</strong></p><p><strong>2014. augusztus 23. (szombat) 20.30; es&#337;nap: augusztus 24. (vas&aacute;rnap) 20.30</strong></p>'),
(359, 54, 1, 'Pintér Galéria tárlata', '<p>A ki&aacute;ll&iacute;t&aacute;s megtekinthet&#337;: j&uacute;lius 25 &ndash; augusztus 24. k&ouml;z&ouml;tt.</p>'),
(360, 54, 2, 'Pintér Galéria tárlata', '<p>A ki&aacute;ll&iacute;t&aacute;s megtekinthet&#337;: j&uacute;lius 25 &ndash; augusztus 24. k&ouml;z&ouml;tt.</p>'),
(361, 54, 9, 'Pintér Galéria tárlata', '<p>A ki&aacute;ll&iacute;t&aacute;s megtekinthet&#337;: j&uacute;lius 25 &ndash; augusztus 24. k&ouml;z&ouml;tt.</p>'),
(362, 54, 10, 'Pintér Galéria tárlata', '<p>A ki&aacute;ll&iacute;t&aacute;s megtekinthet&#337;: j&uacute;lius 25 &ndash; augusztus 24. k&ouml;z&ouml;tt.</p>'),
(363, 54, 11, 'Pintér Galéria tárlata', '<p>A ki&aacute;ll&iacute;t&aacute;s megtekinthet&#337;: j&uacute;lius 25 &ndash; augusztus 24. k&ouml;z&ouml;tt.</p>'),
(364, 54, 16, 'Pintér Galéria tárlata', '<p>A ki&aacute;ll&iacute;t&aacute;s megtekinthet&#337;: j&uacute;lius 25 &ndash; augusztus 24. k&ouml;z&ouml;tt.</p>'),
(365, 54, 17, 'Pintér Galéria tárlata', '<p>A ki&aacute;ll&iacute;t&aacute;s megtekinthet&#337;: j&uacute;lius 25 &ndash; augusztus 24. k&ouml;z&ouml;tt.</p>'),
(366, 54, 18, 'Pintér Galéria tárlata', '<p>A ki&aacute;ll&iacute;t&aacute;s megtekinthet&#337;: j&uacute;lius 25 &ndash; augusztus 24. k&ouml;z&ouml;tt.</p>'),
(367, 54, 19, 'Pintér Galéria tárlata', '<p>A ki&aacute;ll&iacute;t&aacute;s megtekinthet&#337;: j&uacute;lius 25 &ndash; augusztus 24. k&ouml;z&ouml;tt.</p>'),
(368, 55, 1, 'Borhetek', '<p><strong>Augusztus 21.&nbsp;</strong>cs&uuml;t&ouml;rt&ouml;k</p><p>18.00 &oacute;rakor Divatbemutat&oacute;</p><p>20.00 &oacute;rakor V&eacute;dett F&eacute;rfiak rockzenekar</p><p>22.00 &oacute;rakor ACID/DC - (R)evolution</p><p>&nbsp;</p>'),
(369, 55, 2, 'Borhetek', '<p><strong>Augusztus 21.&nbsp;</strong>cs&uuml;t&ouml;rt&ouml;k</p><p>18.00 &oacute;rakor Divatbemutat&oacute;</p><p>20.00 &oacute;rakor V&eacute;dett F&eacute;rfiak rockzenekar</p><p>22.00 &oacute;rakor ACID/DC - (R)evolution</p><p><strong>Augusztus 22.<'),
(370, 55, 9, 'Borhetek', '<p><strong>Augusztus 21.&nbsp;</strong>cs&uuml;t&ouml;rt&ouml;k</p><p>18.00 &oacute;rakor Divatbemutat&oacute;</p><p>20.00 &oacute;rakor V&eacute;dett F&eacute;rfiak rockzenekar</p><p>22.00 &oacute;rakor ACID/DC - (R)evolution</p><p><strong>Augusztus 22.<'),
(371, 55, 10, 'Borhetek', '<p><strong>Augusztus 21.&nbsp;</strong>cs&uuml;t&ouml;rt&ouml;k</p><p>18.00 &oacute;rakor Divatbemutat&oacute;</p><p>20.00 &oacute;rakor V&eacute;dett F&eacute;rfiak rockzenekar</p><p>22.00 &oacute;rakor ACID/DC - (R)evolution</p><p><strong>Augusztus 22.<'),
(372, 55, 11, 'Borhetek', '<p><strong>Augusztus 21.&nbsp;</strong>cs&uuml;t&ouml;rt&ouml;k</p><p>18.00 &oacute;rakor Divatbemutat&oacute;</p><p>20.00 &oacute;rakor V&eacute;dett F&eacute;rfiak rockzenekar</p><p>22.00 &oacute;rakor ACID/DC - (R)evolution</p><p><strong>Augusztus 22.<'),
(373, 55, 16, 'Borhetek', '<p><strong>Augusztus 21.&nbsp;</strong>cs&uuml;t&ouml;rt&ouml;k</p><p>18.00 &oacute;rakor Divatbemutat&oacute;</p><p>20.00 &oacute;rakor V&eacute;dett F&eacute;rfiak rockzenekar</p><p>22.00 &oacute;rakor ACID/DC - (R)evolution</p><p><strong>Augusztus 22.<'),
(374, 55, 17, 'Borhetek', '<p><strong>Augusztus 21.&nbsp;</strong>cs&uuml;t&ouml;rt&ouml;k</p><p>18.00 &oacute;rakor Divatbemutat&oacute;</p><p>20.00 &oacute;rakor V&eacute;dett F&eacute;rfiak rockzenekar</p><p>22.00 &oacute;rakor ACID/DC - (R)evolution</p><p><strong>Augusztus 22.<'),
(375, 55, 18, 'Borhetek', '<p><strong>Augusztus 21.&nbsp;</strong>cs&uuml;t&ouml;rt&ouml;k</p><p>18.00 &oacute;rakor Divatbemutat&oacute;</p><p>20.00 &oacute;rakor V&eacute;dett F&eacute;rfiak rockzenekar</p><p>22.00 &oacute;rakor ACID/DC - (R)evolution</p><p><strong>Augusztus 22.<'),
(376, 55, 19, 'Borhetek', '<p><strong>Augusztus 21.&nbsp;</strong>cs&uuml;t&ouml;rt&ouml;k</p><p>18.00 &oacute;rakor Divatbemutat&oacute;</p><p>20.00 &oacute;rakor V&eacute;dett F&eacute;rfiak rockzenekar</p><p>22.00 &oacute;rakor ACID/DC - (R)evolution</p><p><strong>Augusztus 22.<'),
(377, 56, 1, 'Ocho-Macho koncert', '<p>Kicsit reggae, kicsit latin, kicsit punk, kicsit rock and roll, de van benne kis D&eacute;l-Amerikai &eacute;s Karib szigeteki hangz&aacute;s is &ndash; egysz&oacute;val igazi bulizene.</p>'),
(378, 56, 2, 'Ocho-Macho koncert', '<p>Kicsit reggae, kicsit latin, kicsit punk, kicsit rock and roll, de van benne kis D&eacute;l-Amerikai &eacute;s Karib szigeteki hangz&aacute;s is &ndash; egysz&oacute;val igazi bulizene.</p>'),
(379, 56, 9, 'Ocho-Macho koncert', '<p>Kicsit reggae, kicsit latin, kicsit punk, kicsit rock and roll, de van benne kis D&eacute;l-Amerikai &eacute;s Karib szigeteki hangz&aacute;s is &ndash; egysz&oacute;val igazi bulizene.</p>'),
(380, 56, 10, 'Ocho-Macho koncert', '<p>Kicsit reggae, kicsit latin, kicsit punk, kicsit rock and roll, de van benne kis D&eacute;l-Amerikai &eacute;s Karib szigeteki hangz&aacute;s is &ndash; egysz&oacute;val igazi bulizene.</p>'),
(381, 56, 11, 'Ocho-Macho koncert', '<p>Kicsit reggae, kicsit latin, kicsit punk, kicsit rock and roll, de van benne kis D&eacute;l-Amerikai &eacute;s Karib szigeteki hangz&aacute;s is &ndash; egysz&oacute;val igazi bulizene.</p>'),
(382, 56, 16, 'Ocho-Macho koncert', '<p>Kicsit reggae, kicsit latin, kicsit punk, kicsit rock and roll, de van benne kis D&eacute;l-Amerikai &eacute;s Karib szigeteki hangz&aacute;s is &ndash; egysz&oacute;val igazi bulizene.</p>'),
(383, 56, 17, 'Ocho-Macho koncert', '<p>Kicsit reggae, kicsit latin, kicsit punk, kicsit rock and roll, de van benne kis D&eacute;l-Amerikai &eacute;s Karib szigeteki hangz&aacute;s is &ndash; egysz&oacute;val igazi bulizene.</p>'),
(384, 56, 18, 'Ocho-Macho koncert', '<p>Kicsit reggae, kicsit latin, kicsit punk, kicsit rock and roll, de van benne kis D&eacute;l-Amerikai &eacute;s Karib szigeteki hangz&aacute;s is &ndash; egysz&oacute;val igazi bulizene.</p>'),
(385, 56, 19, 'Ocho-Macho koncert', '<p>Kicsit reggae, kicsit latin, kicsit punk, kicsit rock and roll, de van benne kis D&eacute;l-Amerikai &eacute;s Karib szigeteki hangz&aacute;s is &ndash; egysz&oacute;val igazi bulizene.</p>'),
(386, 57, 1, 'Augusztus 22. programjai', '<p>18.00 &oacute;rakor Turbo Akusztik (Nagyon Balaton)</p><p>20.00 &oacute;rakor &Oacute;ri&aacute;s Akusztik (Nagyon Balaton)</p>'),
(387, 57, 2, 'Augusztus 22. programjai', '<p>18.00 &oacute;rakor Turbo Akusztik (Nagyon Balaton)</p><p>20.00 &oacute;rakor &Oacute;ri&aacute;s Akusztik (Nagyon Balaton)</p>'),
(388, 57, 9, 'Augusztus 22. programjai', '<p>18.00 &oacute;rakor Turbo Akusztik (Nagyon Balaton)</p><p>20.00 &oacute;rakor &Oacute;ri&aacute;s Akusztik (Nagyon Balaton)</p>'),
(389, 57, 10, 'Augusztus 22. programjai', '<p>18.00 &oacute;rakor Turbo Akusztik (Nagyon Balaton)</p><p>20.00 &oacute;rakor &Oacute;ri&aacute;s Akusztik (Nagyon Balaton)</p>'),
(390, 57, 11, 'Augusztus 22. programjai', '<p>18.00 &oacute;rakor Turbo Akusztik (Nagyon Balaton)</p><p>20.00 &oacute;rakor &Oacute;ri&aacute;s Akusztik (Nagyon Balaton)</p>'),
(391, 57, 16, 'Augusztus 22. programjai', '<p>18.00 &oacute;rakor Turbo Akusztik (Nagyon Balaton)</p><p>20.00 &oacute;rakor &Oacute;ri&aacute;s Akusztik (Nagyon Balaton)</p>'),
(392, 57, 17, 'Augusztus 22. programjai', '<p>18.00 &oacute;rakor Turbo Akusztik (Nagyon Balaton)</p><p>20.00 &oacute;rakor &Oacute;ri&aacute;s Akusztik (Nagyon Balaton)</p>'),
(393, 57, 18, 'Augusztus 22. programjai', '<p>18.00 &oacute;rakor Turbo Akusztik (Nagyon Balaton)</p><p>20.00 &oacute;rakor &Oacute;ri&aacute;s Akusztik (Nagyon Balaton)</p>'),
(394, 57, 19, 'Augusztus 22. programjai', '<p>18.00 &oacute;rakor Turbo Akusztik (Nagyon Balaton)</p><p>20.00 &oacute;rakor &Oacute;ri&aacute;s Akusztik (Nagyon Balaton)</p>'),
(395, 58, 1, 'Augusztus 23. programjai', '<p>19.00 &oacute;rakor Szalonna &eacute;s Band&aacute;ja (Nagyon Balaton)</p><p>22.00 &oacute;rakor PG Csoport</p>'),
(396, 58, 2, 'Augusztus 23. programjai', '<p>19.00 &oacute;rakor Szalonna &eacute;s Band&aacute;ja (Nagyon Balaton)</p><p>22.00 &oacute;rakor PG Csoport</p>'),
(397, 58, 9, 'Augusztus 23. programjai', '<p>19.00 &oacute;rakor Szalonna &eacute;s Band&aacute;ja (Nagyon Balaton)</p><p>22.00 &oacute;rakor PG Csoport</p>'),
(398, 58, 10, 'Augusztus 23. programjai', '<p>19.00 &oacute;rakor Szalonna &eacute;s Band&aacute;ja (Nagyon Balaton)</p><p>22.00 &oacute;rakor PG Csoport</p>'),
(399, 58, 11, 'Augusztus 23. programjai', '<p>19.00 &oacute;rakor Szalonna &eacute;s Band&aacute;ja (Nagyon Balaton)</p><p>22.00 &oacute;rakor PG Csoport</p>'),
(400, 58, 16, 'Augusztus 23. programjai', '<p>19.00 &oacute;rakor Szalonna &eacute;s Band&aacute;ja (Nagyon Balaton)</p><p>22.00 &oacute;rakor PG Csoport</p>'),
(401, 58, 17, 'Augusztus 23. programjai', '<p>19.00 &oacute;rakor Szalonna &eacute;s Band&aacute;ja (Nagyon Balaton)</p><p>22.00 &oacute;rakor PG Csoport</p>'),
(402, 58, 18, 'Augusztus 23. programjai', '<p>19.00 &oacute;rakor Szalonna &eacute;s Band&aacute;ja (Nagyon Balaton)</p><p>22.00 &oacute;rakor PG Csoport</p>'),
(403, 58, 19, 'Augusztus 23. programjai', '<p>19.00 &oacute;rakor Szalonna &eacute;s Band&aacute;ja (Nagyon Balaton)</p><p>22.00 &oacute;rakor PG Csoport</p>'),
(404, 59, 1, 'Augusztus 24. programjai', '<p>20.00 &oacute;rakor Kolosz&aacute;r Csilla &eacute;s T&iacute;m&aacute;r Andr&aacute;s p&aacute;ns&iacute;p du&oacute;</p><p>21.00 &oacute;rakor Intermezzo Latin Club</p>'),
(405, 59, 2, 'Augusztus 24. programjai', '<p>20.00 &oacute;rakor Kolosz&aacute;r Csilla &eacute;s T&iacute;m&aacute;r Andr&aacute;s p&aacute;ns&iacute;p du&oacute;</p><p>21.00 &oacute;rakor Intermezzo Latin Club</p>'),
(406, 59, 9, 'Augusztus 24. programjai', '<p>20.00 &oacute;rakor Kolosz&aacute;r Csilla &eacute;s T&iacute;m&aacute;r Andr&aacute;s p&aacute;ns&iacute;p du&oacute;</p><p>21.00 &oacute;rakor Intermezzo Latin Club</p>'),
(407, 59, 10, 'Augusztus 24. programjai', '<p>20.00 &oacute;rakor Kolosz&aacute;r Csilla &eacute;s T&iacute;m&aacute;r Andr&aacute;s p&aacute;ns&iacute;p du&oacute;</p><p>21.00 &oacute;rakor Intermezzo Latin Club</p>'),
(408, 59, 11, 'Augusztus 24. programjai', '<p>20.00 &oacute;rakor Kolosz&aacute;r Csilla &eacute;s T&iacute;m&aacute;r Andr&aacute;s p&aacute;ns&iacute;p du&oacute;</p><p>21.00 &oacute;rakor Intermezzo Latin Club</p>'),
(409, 59, 16, 'Augusztus 24. programjai', '<p>20.00 &oacute;rakor Kolosz&aacute;r Csilla &eacute;s T&iacute;m&aacute;r Andr&aacute;s p&aacute;ns&iacute;p du&oacute;</p><p>21.00 &oacute;rakor Intermezzo Latin Club</p>'),
(410, 59, 17, 'Augusztus 24. programjai', '<p>20.00 &oacute;rakor Kolosz&aacute;r Csilla &eacute;s T&iacute;m&aacute;r Andr&aacute;s p&aacute;ns&iacute;p du&oacute;</p><p>21.00 &oacute;rakor Intermezzo Latin Club</p>'),
(411, 59, 18, 'Augusztus 24. programjai', '<p>20.00 &oacute;rakor Kolosz&aacute;r Csilla &eacute;s T&iacute;m&aacute;r Andr&aacute;s p&aacute;ns&iacute;p du&oacute;</p><p>21.00 &oacute;rakor Intermezzo Latin Club</p>'),
(412, 59, 19, 'Augusztus 24. programjai', '<p>20.00 &oacute;rakor Kolosz&aacute;r Csilla &eacute;s T&iacute;m&aacute;r Andr&aacute;s p&aacute;ns&iacute;p du&oacute;</p><p>21.00 &oacute;rakor Intermezzo Latin Club</p>'),
(413, 60, 1, 'Augusztus 25. programja', '<p>20.00 &oacute;rakor Funk Infection zenekar</p>'),
(414, 60, 2, 'Augusztus 25. programja', '<p>20.00 &oacute;rakor Funk Infection zenekar</p>'),
(415, 60, 9, 'Augusztus 25. programja', '<p>20.00 &oacute;rakor Funk Infection zenekar</p>'),
(416, 60, 10, 'Augusztus 25. programja', '<p>20.00 &oacute;rakor Funk Infection zenekar</p>'),
(417, 60, 11, 'Augusztus 25. programja', '<p>20.00 &oacute;rakor Funk Infection zenekar</p>'),
(418, 60, 16, 'Augusztus 25. programja', '<p>20.00 &oacute;rakor Funk Infection zenekar</p>'),
(419, 60, 17, 'Augusztus 25. programja', '<p>20.00 &oacute;rakor Funk Infection zenekar</p>'),
(420, 60, 18, 'Augusztus 25. programja', '<p>20.00 &oacute;rakor Funk Infection zenekar</p>'),
(421, 60, 19, 'Augusztus 25. programja', '<p>20.00 &oacute;rakor Funk Infection zenekar</p>'),
(422, 61, 1, 'Augusztus 26 programja', '<p>20.00 &oacute;rakor Varny&uacute; Country</p>'),
(423, 61, 2, 'Augusztus 26 programja', '<p>20.00 &oacute;rakor Varny&uacute; Country</p>'),
(424, 61, 9, 'Augusztus 26 programja', '<p>20.00 &oacute;rakor Varny&uacute; Country</p>'),
(425, 61, 10, 'Augusztus 26 programja', '<p>20.00 &oacute;rakor Varny&uacute; Country</p>'),
(426, 61, 11, 'Augusztus 26 programja', '<p>20.00 &oacute;rakor Varny&uacute; Country</p>'),
(427, 61, 16, 'Augusztus 26 programja', '<p>20.00 &oacute;rakor Varny&uacute; Country</p>'),
(428, 61, 17, 'Augusztus 26 programja', '<p>20.00 &oacute;rakor Varny&uacute; Country</p>'),
(429, 61, 18, 'Augusztus 26 programja', '<p>20.00 &oacute;rakor Varny&uacute; Country</p>'),
(430, 61, 19, 'Augusztus 26 programja', '<p>20.00 &oacute;rakor Varny&uacute; Country</p>'),
(431, 62, 1, 'Augusztus 27. programja', '<p>20.00 &oacute;rakor Mak&oacute; dixiland band</p>'),
(432, 62, 2, 'Augusztus 27. programja', '<p>20.00 &oacute;rakor Mak&oacute; dixiland band</p>'),
(433, 62, 9, 'Augusztus 27. programja', '<p>20.00 &oacute;rakor Mak&oacute; dixiland band</p>'),
(434, 62, 10, 'Augusztus 27. programja', '<p>20.00 &oacute;rakor Mak&oacute; dixiland band</p>'),
(435, 62, 11, 'Augusztus 27. programja', '<p>20.00 &oacute;rakor Mak&oacute; dixiland band</p>'),
(436, 62, 16, 'Augusztus 27. programja', '<p>20.00 &oacute;rakor Mak&oacute; dixiland band</p>'),
(437, 62, 17, 'Augusztus 27. programja', '<p>20.00 &oacute;rakor Mak&oacute; dixiland band</p>'),
(438, 62, 18, 'Augusztus 27. programja', '<p>20.00 &oacute;rakor Mak&oacute; dixiland band</p>'),
(439, 62, 19, 'Augusztus 27. programja', '<p>20.00 &oacute;rakor Mak&oacute; dixiland band</p>'),
(440, 63, 1, 'Augusztus 28. programjai', '<p>18.00 &oacute;rakor Divatbemutat&oacute;</p><p>19.00 &oacute;rakor Sell&#337; Alap&iacute;tv&aacute;ny T&aacute;nccsoportjai</p><p>20.00 &oacute;rakor Acro Dance</p><p>21.00 &oacute;rakor Golding T&aacute;nccsoport (Veszpr&eacute;m)</p>'),
(441, 63, 2, 'Augusztus 28. programjai', '<p>18.00 &oacute;rakor Divatbemutat&oacute;</p><p>19.00 &oacute;rakor Sell&#337; Alap&iacute;tv&aacute;ny T&aacute;nccsoportjai</p><p>20.00 &oacute;rakor Acro Dance</p><p>21.00 &oacute;rakor Golding T&aacute;nccsoport (Veszpr&eacute;m)</p>'),
(442, 63, 9, 'Augusztus 28. programjai', '<p>18.00 &oacute;rakor Divatbemutat&oacute;</p><p>19.00 &oacute;rakor Sell&#337; Alap&iacute;tv&aacute;ny T&aacute;nccsoportjai</p><p>20.00 &oacute;rakor Acro Dance</p><p>21.00 &oacute;rakor Golding T&aacute;nccsoport (Veszpr&eacute;m)</p>'),
(443, 63, 10, 'Augusztus 28. programjai', '<p>18.00 &oacute;rakor Divatbemutat&oacute;</p><p>19.00 &oacute;rakor Sell&#337; Alap&iacute;tv&aacute;ny T&aacute;nccsoportjai</p><p>20.00 &oacute;rakor Acro Dance</p><p>21.00 &oacute;rakor Golding T&aacute;nccsoport (Veszpr&eacute;m)</p>'),
(444, 63, 11, 'Augusztus 28. programjai', '<p>18.00 &oacute;rakor Divatbemutat&oacute;</p><p>19.00 &oacute;rakor Sell&#337; Alap&iacute;tv&aacute;ny T&aacute;nccsoportjai</p><p>20.00 &oacute;rakor Acro Dance</p><p>21.00 &oacute;rakor Golding T&aacute;nccsoport (Veszpr&eacute;m)</p>'),
(445, 63, 16, 'Augusztus 28. programjai', '<p>18.00 &oacute;rakor Divatbemutat&oacute;</p><p>19.00 &oacute;rakor Sell&#337; Alap&iacute;tv&aacute;ny T&aacute;nccsoportjai</p><p>20.00 &oacute;rakor Acro Dance</p><p>21.00 &oacute;rakor Golding T&aacute;nccsoport (Veszpr&eacute;m)</p>'),
(446, 63, 17, 'Augusztus 28. programjai', '<p>18.00 &oacute;rakor Divatbemutat&oacute;</p><p>19.00 &oacute;rakor Sell&#337; Alap&iacute;tv&aacute;ny T&aacute;nccsoportjai</p><p>20.00 &oacute;rakor Acro Dance</p><p>21.00 &oacute;rakor Golding T&aacute;nccsoport (Veszpr&eacute;m)</p>'),
(447, 63, 18, 'Augusztus 28. programjai', '<p>18.00 &oacute;rakor Divatbemutat&oacute;</p><p>19.00 &oacute;rakor Sell&#337; Alap&iacute;tv&aacute;ny T&aacute;nccsoportjai</p><p>20.00 &oacute;rakor Acro Dance</p><p>21.00 &oacute;rakor Golding T&aacute;nccsoport (Veszpr&eacute;m)</p>'),
(448, 63, 19, 'Augusztus 28. programjai', '<p>18.00 &oacute;rakor Divatbemutat&oacute;</p><p>19.00 &oacute;rakor Sell&#337; Alap&iacute;tv&aacute;ny T&aacute;nccsoportjai</p><p>20.00 &oacute;rakor Acro Dance</p><p>21.00 &oacute;rakor Golding T&aacute;nccsoport (Veszpr&eacute;m)</p>'),
(449, 64, 1, 'Augusztus 29. programja', '<p>21.00 &oacute;rakor Ocho Macho (Nagyon Balaton)</p>'),
(450, 64, 2, 'Augusztus 29. programja', '<p>21.00 &oacute;rakor Ocho Macho (Nagyon Balaton)</p>'),
(451, 64, 9, 'Augusztus 29. programja', '<p>21.00 &oacute;rakor Ocho Macho (Nagyon Balaton)</p>'),
(452, 64, 10, 'Augusztus 29. programja', '<p>21.00 &oacute;rakor Ocho Macho (Nagyon Balaton)</p>'),
(453, 64, 11, 'Augusztus 29. programja', '<p>21.00 &oacute;rakor Ocho Macho (Nagyon Balaton)</p>'),
(454, 64, 16, 'Augusztus 29. programja', '<p>21.00 &oacute;rakor Ocho Macho (Nagyon Balaton)</p>'),
(455, 64, 17, 'Augusztus 29. programja', '<p>21.00 &oacute;rakor Ocho Macho (Nagyon Balaton)</p>'),
(456, 64, 18, 'Augusztus 29. programja', '<p>21.00 &oacute;rakor Ocho Macho (Nagyon Balaton)</p>'),
(457, 64, 19, 'Augusztus 29. programja', '<p>21.00 &oacute;rakor Ocho Macho (Nagyon Balaton)</p>'),
(458, 65, 1, 'Augusztus 31 programja', '<p>20.00 &oacute;rakor Tang&oacute; show</p>'),
(459, 65, 2, 'Augusztus 31 programja', '<p>20.00 &oacute;rakor Tang&oacute; show</p>'),
(460, 65, 9, 'Augusztus 31 programja', '<p>20.00 &oacute;rakor Tang&oacute; show</p>'),
(461, 65, 10, 'Augusztus 31 programja', '<p>20.00 &oacute;rakor Tang&oacute; show</p>'),
(462, 65, 11, 'Augusztus 31 programja', '<p>20.00 &oacute;rakor Tang&oacute; show</p>'),
(463, 65, 16, 'Augusztus 31 programja', '<p>20.00 &oacute;rakor Tang&oacute; show</p>'),
(464, 65, 17, 'Augusztus 31 programja', '<p>20.00 &oacute;rakor Tang&oacute; show</p>'),
(465, 65, 18, 'Augusztus 31 programja', '<p>20.00 &oacute;rakor Tang&oacute; show</p>'),
(466, 65, 19, 'Augusztus 31 programja', '<p>20.00 &oacute;rakor Tang&oacute; show</p>'),
(467, 66, 1, 'Fegyvert s vitézt éneklek', '<p>szeptember 28. (vas&aacute;rnap) -ig</p><p>H&eacute;t &eacute;vsz&aacute;zad t&aacute;rgyi eml&eacute;kei a magyar husz&aacute;rs&aacute;g t&ouml;rt&eacute;net&eacute;b&#337;l.<br /><br />&nbsp;</p>'),
(468, 66, 2, 'Fegyvert s vitézt éneklek', '<p>szeptember 28. (vas&aacute;rnap) -ig</p><p>H&eacute;t &eacute;vsz&aacute;zad t&aacute;rgyi eml&eacute;kei a magyar husz&aacute;rs&aacute;g t&ouml;rt&eacute;net&eacute;b&#337;l.<br /><br />A ki&aacute;ll&iacute;t&aacute;s a magyar husz&aacute;rs&aacute;'),
(469, 66, 9, 'Fegyvert s vitézt éneklek', '<p>szeptember 28. (vas&aacute;rnap) -ig</p><p>H&eacute;t &eacute;vsz&aacute;zad t&aacute;rgyi eml&eacute;kei a magyar husz&aacute;rs&aacute;g t&ouml;rt&eacute;net&eacute;b&#337;l.<br /><br />A ki&aacute;ll&iacute;t&aacute;s a magyar husz&aacute;rs&aacute;'),
(470, 66, 10, 'Fegyvert s vitézt éneklek', '<p>szeptember 28. (vas&aacute;rnap) -ig</p><p>H&eacute;t &eacute;vsz&aacute;zad t&aacute;rgyi eml&eacute;kei a magyar husz&aacute;rs&aacute;g t&ouml;rt&eacute;net&eacute;b&#337;l.<br /><br />A ki&aacute;ll&iacute;t&aacute;s a magyar husz&aacute;rs&aacute;'),
(471, 66, 11, 'Fegyvert s vitézt éneklek', '<p>szeptember 28. (vas&aacute;rnap) -ig</p><p>H&eacute;t &eacute;vsz&aacute;zad t&aacute;rgyi eml&eacute;kei a magyar husz&aacute;rs&aacute;g t&ouml;rt&eacute;net&eacute;b&#337;l.<br /><br />A ki&aacute;ll&iacute;t&aacute;s a magyar husz&aacute;rs&aacute;'),
(472, 66, 16, 'Fegyvert s vitézt éneklek', '<p>szeptember 28. (vas&aacute;rnap) -ig</p><p>H&eacute;t &eacute;vsz&aacute;zad t&aacute;rgyi eml&eacute;kei a magyar husz&aacute;rs&aacute;g t&ouml;rt&eacute;net&eacute;b&#337;l.<br /><br />A ki&aacute;ll&iacute;t&aacute;s a magyar husz&aacute;rs&aacute;'),
(473, 66, 17, 'Fegyvert s vitézt éneklek', '<p>szeptember 28. (vas&aacute;rnap) -ig</p><p>H&eacute;t &eacute;vsz&aacute;zad t&aacute;rgyi eml&eacute;kei a magyar husz&aacute;rs&aacute;g t&ouml;rt&eacute;net&eacute;b&#337;l.<br /><br />A ki&aacute;ll&iacute;t&aacute;s a magyar husz&aacute;rs&aacute;'),
(474, 66, 18, 'Fegyvert s vitézt éneklek', '<p>szeptember 28. (vas&aacute;rnap) -ig</p><p>H&eacute;t &eacute;vsz&aacute;zad t&aacute;rgyi eml&eacute;kei a magyar husz&aacute;rs&aacute;g t&ouml;rt&eacute;net&eacute;b&#337;l.<br /><br />A ki&aacute;ll&iacute;t&aacute;s a magyar husz&aacute;rs&aacute;'),
(475, 66, 19, 'Fegyvert s vitézt éneklek', '<p>szeptember 28. (vas&aacute;rnap) -ig</p><p>H&eacute;t &eacute;vsz&aacute;zad t&aacute;rgyi eml&eacute;kei a magyar husz&aacute;rs&aacute;g t&ouml;rt&eacute;net&eacute;b&#337;l.<br /><br />A ki&aacute;ll&iacute;t&aacute;s a magyar husz&aacute;rs&aacute;'),
(476, 67, 1, 'Ezerarcú Balaton', '<p>A t&aacute;rlat egyar&aacute;nt sz&oacute;l a gyerekekhez &eacute;s a feln&#337;ttekhez is, hasznos ismereteket k&ouml;z&ouml;l minden idel&aacute;togat&oacute;nak.</p>'),
(477, 67, 2, 'Ezerarcú Balaton', '<p>A t&aacute;rlat egyar&aacute;nt sz&oacute;l a gyerekekhez &eacute;s a feln&#337;ttekhez is, hasznos ismereteket k&ouml;z&ouml;l minden idel&aacute;togat&oacute;nak, s &iacute;gy rem&eacute;nykedhet&uuml;nk abban, hogy minden koroszt&aacute;ly &oacute;v'),
(478, 67, 9, 'Ezerarcú Balaton', '<p>A t&aacute;rlat egyar&aacute;nt sz&oacute;l a gyerekekhez &eacute;s a feln&#337;ttekhez is, hasznos ismereteket k&ouml;z&ouml;l minden idel&aacute;togat&oacute;nak, s &iacute;gy rem&eacute;nykedhet&uuml;nk abban, hogy minden koroszt&aacute;ly &oacute;v'),
(479, 67, 10, 'Ezerarcú Balaton', '<p>A t&aacute;rlat egyar&aacute;nt sz&oacute;l a gyerekekhez &eacute;s a feln&#337;ttekhez is, hasznos ismereteket k&ouml;z&ouml;l minden idel&aacute;togat&oacute;nak, s &iacute;gy rem&eacute;nykedhet&uuml;nk abban, hogy minden koroszt&aacute;ly &oacute;v'),
(480, 67, 11, 'Ezerarcú Balaton', '<p>A t&aacute;rlat egyar&aacute;nt sz&oacute;l a gyerekekhez &eacute;s a feln&#337;ttekhez is, hasznos ismereteket k&ouml;z&ouml;l minden idel&aacute;togat&oacute;nak, s &iacute;gy rem&eacute;nykedhet&uuml;nk abban, hogy minden koroszt&aacute;ly &oacute;v'),
(481, 67, 16, 'Ezerarcú Balaton', '<p>A t&aacute;rlat egyar&aacute;nt sz&oacute;l a gyerekekhez &eacute;s a feln&#337;ttekhez is, hasznos ismereteket k&ouml;z&ouml;l minden idel&aacute;togat&oacute;nak, s &iacute;gy rem&eacute;nykedhet&uuml;nk abban, hogy minden koroszt&aacute;ly &oacute;v'),
(482, 67, 17, 'Ezerarcú Balaton', '<p>A t&aacute;rlat egyar&aacute;nt sz&oacute;l a gyerekekhez &eacute;s a feln&#337;ttekhez is, hasznos ismereteket k&ouml;z&ouml;l minden idel&aacute;togat&oacute;nak, s &iacute;gy rem&eacute;nykedhet&uuml;nk abban, hogy minden koroszt&aacute;ly &oacute;v'),
(483, 67, 18, 'Ezerarcú Balaton', '<p>A t&aacute;rlat egyar&aacute;nt sz&oacute;l a gyerekekhez &eacute;s a feln&#337;ttekhez is, hasznos ismereteket k&ouml;z&ouml;l minden idel&aacute;togat&oacute;nak, s &iacute;gy rem&eacute;nykedhet&uuml;nk abban, hogy minden koroszt&aacute;ly &oacute;v'),
(484, 67, 19, 'Ezerarcú Balaton', '<p>A t&aacute;rlat egyar&aacute;nt sz&oacute;l a gyerekekhez &eacute;s a feln&#337;ttekhez is, hasznos ismereteket k&ouml;z&ouml;l minden idel&aacute;togat&oacute;nak, s &iacute;gy rem&eacute;nykedhet&uuml;nk abban, hogy minden koroszt&aacute;ly &oacute;v');

-- --------------------------------------------------------

--
-- A nézet helyettes szerkezete `events_view`
--
CREATE TABLE IF NOT EXISTS `events_view` (
`app_id` int(10) unsigned
,`app_name` varchar(255)
,`language_id` int(10) unsigned
,`language_code` varchar(3)
,`event_id` int(10) unsigned
,`advertiser_segment_type_code` int(10) unsigned
,`advertiser_segment_type_description` varchar(255)
,`place_id` int(10) unsigned
,`event_name` varchar(30)
,`event_description` varchar(255)
,`event_begin` datetime
,`event_end` datetime
,`event_image` varbinary(283)
,`ad_id` int(10) unsigned
,`ad_begin_date` datetime
,`ad_end_date` datetime
,`ad_enabled` tinyint(3) unsigned
,`ad_remaining_event_count` int(11) unsigned
,`ad_package_type_event_count` int(10) unsigned
);
-- --------------------------------------------------------

--
-- Tábla szerkezet: `files`
--

CREATE TABLE IF NOT EXISTS `files` (
  `file_id` int(10) unsigned NOT NULL auto_increment,
  `file_path` varchar(255) default NULL COMMENT 'relative path',
  `file_url` varchar(255) default NULL COMMENT 'külső fájl másik szerveren',
  `file_content_type` varchar(255) NOT NULL,
  `file_size` bigint(20) unsigned NOT NULL,
  `file_mtime` datetime NOT NULL,
  `file_md5` char(64) NOT NULL,
  `file_creation_time` timestamp NULL default NULL COMMENT 'új',
  `file_modification_time` timestamp NULL default NULL COMMENT 'új',
  PRIMARY KEY  (`file_id`),
  UNIQUE KEY `UI_path` (`file_path`),
  UNIQUE KEY `UI_url` (`file_url`)
) ENGINE=InnoDB DEFAULT CHARSET=utf8 AUTO_INCREMENT=1 ;

--
-- A tábla adatainak kiíratása `files`
--


-- --------------------------------------------------------

--
-- Tábla szerkezet: `gallery_pictures`
--

CREATE TABLE IF NOT EXISTS `gallery_pictures` (
  `picture_id` int(10) unsigned NOT NULL auto_increment,
  `app_id` int(10) unsigned NOT NULL,
  `picture_filename` varchar(255) NOT NULL,
  PRIMARY KEY  (`picture_id`),
  KEY `app_id` (`app_id`)
) ENGINE=InnoDB  DEFAULT CHARSET=utf8 AUTO_INCREMENT=2 ;

--
-- A tábla adatainak kiíratása `gallery_pictures`
--

INSERT INTO `gallery_pictures` (`picture_id`, `app_id`, `picture_filename`) VALUES
(1, 4, '1366208673_vitorlasok-a-balatonon.jpg');

-- --------------------------------------------------------

--
-- A nézet helyettes szerkezete `gallery_pictures_view`
--
CREATE TABLE IF NOT EXISTS `gallery_pictures_view` (
`app_id` int(10) unsigned
,`app_name` varchar(255)
,`gallery_picture_url` longtext
,`picture_id` int(10) unsigned
);
-- --------------------------------------------------------

--
-- Tábla szerkezet: `gcm_devices`
--

CREATE TABLE IF NOT EXISTS `gcm_devices` (
  `id` int(11) NOT NULL auto_increment,
  `regid` text,
  `appname` varchar(255) NOT NULL,
  `language_code` char(2) NOT NULL,
  `appversion` varchar(25) default NULL,
  `created` timestamp NOT NULL default CURRENT_TIMESTAMP,
  PRIMARY KEY  (`id`)
) ENGINE=InnoDB  DEFAULT CHARSET=utf8 AUTO_INCREMENT=141 ;

--
-- A tábla adatainak kiíratása `gcm_devices`
--

INSERT INTO `gcm_devices` (`id`, `regid`, `appname`, `language_code`, `appversion`, `created`) VALUES
(2, 'APA91bHE2jxknfpADazAhviwTTK8nyczomPiUObUmzKB4fkBPuZpL8RPfYxmrPls85tWqkuFV49ucDt-TgLMhYD7NJ92CInZKPj6Z5CP9M8U-36UUNFMxtpdO7bBwo_K_0IDTJyMqy3B3mA5yy75lASAK2bvvaJTqA', 'plixapp', 'hu', 'plixapp', '2014-01-09 19:23:08'),
(3, 'APA91bH1SUo7cX8k_dBKv3trpKFk-LGOUNNA7rqEgQP2Qs6zxISsOBnfGzzc5i_HoOBoXYj_lsMFr80jKBVbadIraS4AO_QEYtkUwPhHIDZpwTkGbON1TABMm1YsSNhjVgGr4lWJFzkZObXVhPPzJr_sqGY4dmKOEWvFrf8kG-jQIndyJulDsKA', 'plixapp', 'hu', 'plixapp', '2014-01-09 20:33:50'),
(4, 'APA91bH1SUo7cX8k_dBKv3trpKFk-LGOUNNA7rqEgQP2Qs6zxISsOBnfGzzc5i_HoOBoXYj_lsMFr80jKBVbadIraS4AO_QEYtkUwPhHIDZpwTkGbON1TABMm1YsSNhjVgGr4lWJFzkZObXVhPPzJr_sqGY4dmKOEWvFrf8kG-jQIndyJulDsKA', 'plixapp', 'hu', 'plixapp', '2014-01-09 20:36:10'),
(5, 'APA91bH1SUo7cX8k_dBKv3trpKFk-LGOUNNA7rqEgQP2Qs6zxISsOBnfGzzc5i_HoOBoXYj_lsMFr80jKBVbadIraS4AO_QEYtkUwPhHIDZpwTkGbON1TABMm1YsSNhjVgGr4lWJFzkZObXVhPPzJr_sqGY4dmKOEWvFrf8kG-jQIndyJulDsKA', 'plixapp', 'hu', 'plixapp', '2014-01-09 20:39:18'),
(6, 'APA91bH1SUo7cX8k_dBKv3trpKFk-LGOUNNA7rqEgQP2Qs6zxISsOBnfGzzc5i_HoOBoXYj_lsMFr80jKBVbadIraS4AO_QEYtkUwPhHIDZpwTkGbON1TABMm1YsSNhjVgGr4lWJFzkZObXVhPPzJr_sqGY4dmKOEWvFrf8kG-jQIndyJulDsKA', 'plixapp', 'hu', 'plixapp', '2014-01-09 20:41:35'),
(7, 'APA91bH1SUo7cX8k_dBKv3trpKFk-LGOUNNA7rqEgQP2Qs6zxISsOBnfGzzc5i_HoOBoXYj_lsMFr80jKBVbadIraS4AO_QEYtkUwPhHIDZpwTkGbON1TABMm1YsSNhjVgGr4lWJFzkZObXVhPPzJr_sqGY4dmKOEWvFrf8kG-jQIndyJulDsKA', 'plixapp', 'hu', 'plixapp', '2014-01-10 06:18:01'),
(8, 'APA91bH1SUo7cX8k_dBKv3trpKFk-LGOUNNA7rqEgQP2Qs6zxISsOBnfGzzc5i_HoOBoXYj_lsMFr80jKBVbadIraS4AO_QEYtkUwPhHIDZpwTkGbON1TABMm1YsSNhjVgGr4lWJFzkZObXVhPPzJr_sqGY4dmKOEWvFrf8kG-jQIndyJulDsKA', 'plixapp', 'hu', 'plixapp', '2014-01-10 10:25:14'),
(9, 'APA91bH1SUo7cX8k_dBKv3trpKFk-LGOUNNA7rqEgQP2Qs6zxISsOBnfGzzc5i_HoOBoXYj_lsMFr80jKBVbadIraS4AO_QEYtkUwPhHIDZpwTkGbON1TABMm1YsSNhjVgGr4lWJFzkZObXVhPPzJr_sqGY4dmKOEWvFrf8kG-jQIndyJulDsKA', 'plixapp', 'hu', 'plixapp', '2014-01-10 10:43:52'),
(10, 'APA91bH1SUo7cX8k_dBKv3trpKFk-LGOUNNA7rqEgQP2Qs6zxISsOBnfGzzc5i_HoOBoXYj_lsMFr80jKBVbadIraS4AO_QEYtkUwPhHIDZpwTkGbON1TABMm1YsSNhjVgGr4lWJFzkZObXVhPPzJr_sqGY4dmKOEWvFrf8kG-jQIndyJulDsKA', 'plixapp', 'hu', 'plixapp', '2014-01-11 10:56:13'),
(11, 'APA91bH1SUo7cX8k_dBKv3trpKFk-LGOUNNA7rqEgQP2Qs6zxISsOBnfGzzc5i_HoOBoXYj_lsMFr80jKBVbadIraS4AO_QEYtkUwPhHIDZpwTkGbON1TABMm1YsSNhjVgGr4lWJFzkZObXVhPPzJr_sqGY4dmKOEWvFrf8kG-jQIndyJulDsKA', 'plixapp', 'hu', 'plixapp', '2014-01-11 11:08:59'),
(12, 'APA91bH1SUo7cX8k_dBKv3trpKFk-LGOUNNA7rqEgQP2Qs6zxISsOBnfGzzc5i_HoOBoXYj_lsMFr80jKBVbadIraS4AO_QEYtkUwPhHIDZpwTkGbON1TABMm1YsSNhjVgGr4lWJFzkZObXVhPPzJr_sqGY4dmKOEWvFrf8kG-jQIndyJulDsKA', 'plixapp', 'hu', 'plixapp', '2014-01-11 11:38:25'),
(13, 'APA91bH1SUo7cX8k_dBKv3trpKFk-LGOUNNA7rqEgQP2Qs6zxISsOBnfGzzc5i_HoOBoXYj_lsMFr80jKBVbadIraS4AO_QEYtkUwPhHIDZpwTkGbON1TABMm1YsSNhjVgGr4lWJFzkZObXVhPPzJr_sqGY4dmKOEWvFrf8kG-jQIndyJulDsKA', 'plixapp', 'hu', 'plixapp', '2014-01-11 16:55:43'),
(14, 'APA91bH1SUo7cX8k_dBKv3trpKFk-LGOUNNA7rqEgQP2Qs6zxISsOBnfGzzc5i_HoOBoXYj_lsMFr80jKBVbadIraS4AO_QEYtkUwPhHIDZpwTkGbON1TABMm1YsSNhjVgGr4lWJFzkZObXVhPPzJr_sqGY4dmKOEWvFrf8kG-jQIndyJulDsKA', 'plixapp', 'hu', 'plixapp', '2014-01-11 17:08:01'),
(15, 'APA91bH1SUo7cX8k_dBKv3trpKFk-LGOUNNA7rqEgQP2Qs6zxISsOBnfGzzc5i_HoOBoXYj_lsMFr80jKBVbadIraS4AO_QEYtkUwPhHIDZpwTkGbON1TABMm1YsSNhjVgGr4lWJFzkZObXVhPPzJr_sqGY4dmKOEWvFrf8kG-jQIndyJulDsKA', 'plixapp', 'hu', 'plixapp', '2014-01-11 17:15:47'),
(16, 'APA91bH1SUo7cX8k_dBKv3trpKFk-LGOUNNA7rqEgQP2Qs6zxISsOBnfGzzc5i_HoOBoXYj_lsMFr80jKBVbadIraS4AO_QEYtkUwPhHIDZpwTkGbON1TABMm1YsSNhjVgGr4lWJFzkZObXVhPPzJr_sqGY4dmKOEWvFrf8kG-jQIndyJulDsKA', 'plixapp', 'hu', 'plixapp', '2014-01-11 17:18:17'),
(17, 'APA91bH1SUo7cX8k_dBKv3trpKFk-LGOUNNA7rqEgQP2Qs6zxISsOBnfGzzc5i_HoOBoXYj_lsMFr80jKBVbadIraS4AO_QEYtkUwPhHIDZpwTkGbON1TABMm1YsSNhjVgGr4lWJFzkZObXVhPPzJr_sqGY4dmKOEWvFrf8kG-jQIndyJulDsKA', 'plixapp', 'hu', 'plixapp', '2014-01-11 18:04:26'),
(18, 'APA91bH1SUo7cX8k_dBKv3trpKFk-LGOUNNA7rqEgQP2Qs6zxISsOBnfGzzc5i_HoOBoXYj_lsMFr80jKBVbadIraS4AO_QEYtkUwPhHIDZpwTkGbON1TABMm1YsSNhjVgGr4lWJFzkZObXVhPPzJr_sqGY4dmKOEWvFrf8kG-jQIndyJulDsKA', 'plixapp', 'hu', 'plixapp', '2014-01-13 13:36:39'),
(19, 'APA91bH1SUo7cX8k_dBKv3trpKFk-LGOUNNA7rqEgQP2Qs6zxISsOBnfGzzc5i_HoOBoXYj_lsMFr80jKBVbadIraS4AO_QEYtkUwPhHIDZpwTkGbON1TABMm1YsSNhjVgGr4lWJFzkZObXVhPPzJr_sqGY4dmKOEWvFrf8kG-jQIndyJulDsKA', 'plixapp', 'hu', 'plixapp', '2014-01-13 17:25:26'),
(20, 'APA91bH1SUo7cX8k_dBKv3trpKFk-LGOUNNA7rqEgQP2Qs6zxISsOBnfGzzc5i_HoOBoXYj_lsMFr80jKBVbadIraS4AO_QEYtkUwPhHIDZpwTkGbON1TABMm1YsSNhjVgGr4lWJFzkZObXVhPPzJr_sqGY4dmKOEWvFrf8kG-jQIndyJulDsKA', 'plixapp', 'hu', 'plixapp', '2014-01-14 14:19:40'),
(21, 'APA91bH1SUo7cX8k_dBKv3trpKFk-LGOUNNA7rqEgQP2Qs6zxISsOBnfGzzc5i_HoOBoXYj_lsMFr80jKBVbadIraS4AO_QEYtkUwPhHIDZpwTkGbON1TABMm1YsSNhjVgGr4lWJFzkZObXVhPPzJr_sqGY4dmKOEWvFrf8kG-jQIndyJulDsKA', 'plixapp', 'hu', 'plixapp', '2014-01-14 14:40:13'),
(22, 'APA91bH1SUo7cX8k_dBKv3trpKFk-LGOUNNA7rqEgQP2Qs6zxISsOBnfGzzc5i_HoOBoXYj_lsMFr80jKBVbadIraS4AO_QEYtkUwPhHIDZpwTkGbON1TABMm1YsSNhjVgGr4lWJFzkZObXVhPPzJr_sqGY4dmKOEWvFrf8kG-jQIndyJulDsKA', 'plixapp', 'hu', 'plixapp', '2014-01-14 19:41:03'),
(23, 'APA91bH1SUo7cX8k_dBKv3trpKFk-LGOUNNA7rqEgQP2Qs6zxISsOBnfGzzc5i_HoOBoXYj_lsMFr80jKBVbadIraS4AO_QEYtkUwPhHIDZpwTkGbON1TABMm1YsSNhjVgGr4lWJFzkZObXVhPPzJr_sqGY4dmKOEWvFrf8kG-jQIndyJulDsKA', 'plixapp', 'hu', 'plixapp', '2014-01-15 03:30:57'),
(24, 'APA91bH1SUo7cX8k_dBKv3trpKFk-LGOUNNA7rqEgQP2Qs6zxISsOBnfGzzc5i_HoOBoXYj_lsMFr80jKBVbadIraS4AO_QEYtkUwPhHIDZpwTkGbON1TABMm1YsSNhjVgGr4lWJFzkZObXVhPPzJr_sqGY4dmKOEWvFrf8kG-jQIndyJulDsKA', 'plixapp', 'hu', 'plixapp', '2014-01-15 03:38:41'),
(25, 'APA91bH1SUo7cX8k_dBKv3trpKFk-LGOUNNA7rqEgQP2Qs6zxISsOBnfGzzc5i_HoOBoXYj_lsMFr80jKBVbadIraS4AO_QEYtkUwPhHIDZpwTkGbON1TABMm1YsSNhjVgGr4lWJFzkZObXVhPPzJr_sqGY4dmKOEWvFrf8kG-jQIndyJulDsKA', 'plixapp', 'hu', 'plixapp', '2014-01-15 03:45:36'),
(26, 'APA91bH1SUo7cX8k_dBKv3trpKFk-LGOUNNA7rqEgQP2Qs6zxISsOBnfGzzc5i_HoOBoXYj_lsMFr80jKBVbadIraS4AO_QEYtkUwPhHIDZpwTkGbON1TABMm1YsSNhjVgGr4lWJFzkZObXVhPPzJr_sqGY4dmKOEWvFrf8kG-jQIndyJulDsKA', 'plixapp', 'hu', 'plixapp', '2014-01-15 04:01:50'),
(27, 'APA91bH1SUo7cX8k_dBKv3trpKFk-LGOUNNA7rqEgQP2Qs6zxISsOBnfGzzc5i_HoOBoXYj_lsMFr80jKBVbadIraS4AO_QEYtkUwPhHIDZpwTkGbON1TABMm1YsSNhjVgGr4lWJFzkZObXVhPPzJr_sqGY4dmKOEWvFrf8kG-jQIndyJulDsKA', 'plixapp', 'hu', 'plixapp', '2014-01-15 04:05:53'),
(28, 'APA91bH1SUo7cX8k_dBKv3trpKFk-LGOUNNA7rqEgQP2Qs6zxISsOBnfGzzc5i_HoOBoXYj_lsMFr80jKBVbadIraS4AO_QEYtkUwPhHIDZpwTkGbON1TABMm1YsSNhjVgGr4lWJFzkZObXVhPPzJr_sqGY4dmKOEWvFrf8kG-jQIndyJulDsKA', 'plixapp', 'hu', 'plixapp', '2014-01-15 04:13:20'),
(29, 'APA91bH1SUo7cX8k_dBKv3trpKFk-LGOUNNA7rqEgQP2Qs6zxISsOBnfGzzc5i_HoOBoXYj_lsMFr80jKBVbadIraS4AO_QEYtkUwPhHIDZpwTkGbON1TABMm1YsSNhjVgGr4lWJFzkZObXVhPPzJr_sqGY4dmKOEWvFrf8kG-jQIndyJulDsKA', 'plixapp', 'hu', 'plixapp', '2014-01-15 05:04:46'),
(30, 'APA91bH1SUo7cX8k_dBKv3trpKFk-LGOUNNA7rqEgQP2Qs6zxISsOBnfGzzc5i_HoOBoXYj_lsMFr80jKBVbadIraS4AO_QEYtkUwPhHIDZpwTkGbON1TABMm1YsSNhjVgGr4lWJFzkZObXVhPPzJr_sqGY4dmKOEWvFrf8kG-jQIndyJulDsKA', 'plixapp', 'hu', 'plixapp', '2014-01-15 05:07:52'),
(31, 'APA91bH1SUo7cX8k_dBKv3trpKFk-LGOUNNA7rqEgQP2Qs6zxISsOBnfGzzc5i_HoOBoXYj_lsMFr80jKBVbadIraS4AO_QEYtkUwPhHIDZpwTkGbON1TABMm1YsSNhjVgGr4lWJFzkZObXVhPPzJr_sqGY4dmKOEWvFrf8kG-jQIndyJulDsKA', 'plixapp', 'hu', 'plixapp', '2014-01-17 00:48:33'),
(32, 'APA91bH1SUo7cX8k_dBKv3trpKFk-LGOUNNA7rqEgQP2Qs6zxISsOBnfGzzc5i_HoOBoXYj_lsMFr80jKBVbadIraS4AO_QEYtkUwPhHIDZpwTkGbON1TABMm1YsSNhjVgGr4lWJFzkZObXVhPPzJr_sqGY4dmKOEWvFrf8kG-jQIndyJulDsKA', 'plixapp', 'hu', 'plixapp', '2014-01-17 06:11:05'),
(33, 'APA91bH1SUo7cX8k_dBKv3trpKFk-LGOUNNA7rqEgQP2Qs6zxISsOBnfGzzc5i_HoOBoXYj_lsMFr80jKBVbadIraS4AO_QEYtkUwPhHIDZpwTkGbON1TABMm1YsSNhjVgGr4lWJFzkZObXVhPPzJr_sqGY4dmKOEWvFrf8kG-jQIndyJulDsKA', 'plixapp', 'hu', 'plixapp', '2014-01-17 06:20:08'),
(34, 'APA91bH1SUo7cX8k_dBKv3trpKFk-LGOUNNA7rqEgQP2Qs6zxISsOBnfGzzc5i_HoOBoXYj_lsMFr80jKBVbadIraS4AO_QEYtkUwPhHIDZpwTkGbON1TABMm1YsSNhjVgGr4lWJFzkZObXVhPPzJr_sqGY4dmKOEWvFrf8kG-jQIndyJulDsKA', 'plixapp', 'hu', 'plixapp', '2014-01-17 08:47:30'),
(35, 'APA91bH1SUo7cX8k_dBKv3trpKFk-LGOUNNA7rqEgQP2Qs6zxISsOBnfGzzc5i_HoOBoXYj_lsMFr80jKBVbadIraS4AO_QEYtkUwPhHIDZpwTkGbON1TABMm1YsSNhjVgGr4lWJFzkZObXVhPPzJr_sqGY4dmKOEWvFrf8kG-jQIndyJulDsKA', 'plixapp', 'hu', 'plixapp', '2014-01-17 08:56:03'),
(36, 'APA91bH1SUo7cX8k_dBKv3trpKFk-LGOUNNA7rqEgQP2Qs6zxISsOBnfGzzc5i_HoOBoXYj_lsMFr80jKBVbadIraS4AO_QEYtkUwPhHIDZpwTkGbON1TABMm1YsSNhjVgGr4lWJFzkZObXVhPPzJr_sqGY4dmKOEWvFrf8kG-jQIndyJulDsKA', 'plixapp', 'hu', 'plixapp', '2014-01-17 09:10:40'),
(37, 'APA91bH1SUo7cX8k_dBKv3trpKFk-LGOUNNA7rqEgQP2Qs6zxISsOBnfGzzc5i_HoOBoXYj_lsMFr80jKBVbadIraS4AO_QEYtkUwPhHIDZpwTkGbON1TABMm1YsSNhjVgGr4lWJFzkZObXVhPPzJr_sqGY4dmKOEWvFrf8kG-jQIndyJulDsKA', 'plixapp', 'hu', 'plixapp', '2014-01-17 10:11:01'),
(38, 'APA91bH1SUo7cX8k_dBKv3trpKFk-LGOUNNA7rqEgQP2Qs6zxISsOBnfGzzc5i_HoOBoXYj_lsMFr80jKBVbadIraS4AO_QEYtkUwPhHIDZpwTkGbON1TABMm1YsSNhjVgGr4lWJFzkZObXVhPPzJr_sqGY4dmKOEWvFrf8kG-jQIndyJulDsKA', 'plixapp', 'hu', 'plixapp', '2014-01-17 10:12:28'),
(39, 'APA91bH1SUo7cX8k_dBKv3trpKFk-LGOUNNA7rqEgQP2Qs6zxISsOBnfGzzc5i_HoOBoXYj_lsMFr80jKBVbadIraS4AO_QEYtkUwPhHIDZpwTkGbON1TABMm1YsSNhjVgGr4lWJFzkZObXVhPPzJr_sqGY4dmKOEWvFrf8kG-jQIndyJulDsKA', 'plixapp', 'hu', 'plixapp', '2014-01-17 11:34:20'),
(40, 'APA91bH1SUo7cX8k_dBKv3trpKFk-LGOUNNA7rqEgQP2Qs6zxISsOBnfGzzc5i_HoOBoXYj_lsMFr80jKBVbadIraS4AO_QEYtkUwPhHIDZpwTkGbON1TABMm1YsSNhjVgGr4lWJFzkZObXVhPPzJr_sqGY4dmKOEWvFrf8kG-jQIndyJulDsKA', 'plixapp', 'hu', 'plixapp', '2014-01-17 11:43:39'),
(41, 'APA91bH1SUo7cX8k_dBKv3trpKFk-LGOUNNA7rqEgQP2Qs6zxISsOBnfGzzc5i_HoOBoXYj_lsMFr80jKBVbadIraS4AO_QEYtkUwPhHIDZpwTkGbON1TABMm1YsSNhjVgGr4lWJFzkZObXVhPPzJr_sqGY4dmKOEWvFrf8kG-jQIndyJulDsKA', 'plixapp', 'hu', 'plixapp', '2014-01-17 11:57:44'),
(42, 'APA91bH1SUo7cX8k_dBKv3trpKFk-LGOUNNA7rqEgQP2Qs6zxISsOBnfGzzc5i_HoOBoXYj_lsMFr80jKBVbadIraS4AO_QEYtkUwPhHIDZpwTkGbON1TABMm1YsSNhjVgGr4lWJFzkZObXVhPPzJr_sqGY4dmKOEWvFrf8kG-jQIndyJulDsKA', 'plixapp', 'hu', 'plixapp', '2014-01-17 12:31:57'),
(43, 'APA91bH1SUo7cX8k_dBKv3trpKFk-LGOUNNA7rqEgQP2Qs6zxISsOBnfGzzc5i_HoOBoXYj_lsMFr80jKBVbadIraS4AO_QEYtkUwPhHIDZpwTkGbON1TABMm1YsSNhjVgGr4lWJFzkZObXVhPPzJr_sqGY4dmKOEWvFrf8kG-jQIndyJulDsKA', 'plixapp', 'hu', 'plixapp', '2014-01-17 12:34:12'),
(44, 'APA91bH1SUo7cX8k_dBKv3trpKFk-LGOUNNA7rqEgQP2Qs6zxISsOBnfGzzc5i_HoOBoXYj_lsMFr80jKBVbadIraS4AO_QEYtkUwPhHIDZpwTkGbON1TABMm1YsSNhjVgGr4lWJFzkZObXVhPPzJr_sqGY4dmKOEWvFrf8kG-jQIndyJulDsKA', 'plixapp', 'en', 'plixapp', '2014-01-17 14:16:01'),
(45, 'APA91bH1SUo7cX8k_dBKv3trpKFk-LGOUNNA7rqEgQP2Qs6zxISsOBnfGzzc5i_HoOBoXYj_lsMFr80jKBVbadIraS4AO_QEYtkUwPhHIDZpwTkGbON1TABMm1YsSNhjVgGr4lWJFzkZObXVhPPzJr_sqGY4dmKOEWvFrf8kG-jQIndyJulDsKA', 'plixapp', 'en', 'plixapp', '2014-01-20 14:07:05'),
(46, 'APA91bH1SUo7cX8k_dBKv3trpKFk-LGOUNNA7rqEgQP2Qs6zxISsOBnfGzzc5i_HoOBoXYj_lsMFr80jKBVbadIraS4AO_QEYtkUwPhHIDZpwTkGbON1TABMm1YsSNhjVgGr4lWJFzkZObXVhPPzJr_sqGY4dmKOEWvFrf8kG-jQIndyJulDsKA', 'plixapp', 'en', 'plixapp', '2014-01-20 15:59:37'),
(47, 'APA91bH1SUo7cX8k_dBKv3trpKFk-LGOUNNA7rqEgQP2Qs6zxISsOBnfGzzc5i_HoOBoXYj_lsMFr80jKBVbadIraS4AO_QEYtkUwPhHIDZpwTkGbON1TABMm1YsSNhjVgGr4lWJFzkZObXVhPPzJr_sqGY4dmKOEWvFrf8kG-jQIndyJulDsKA', 'plixapp', 'hu', 'plixapp', '2014-01-26 04:04:45'),
(48, 'APA91bH1SUo7cX8k_dBKv3trpKFk-LGOUNNA7rqEgQP2Qs6zxISsOBnfGzzc5i_HoOBoXYj_lsMFr80jKBVbadIraS4AO_QEYtkUwPhHIDZpwTkGbON1TABMm1YsSNhjVgGr4lWJFzkZObXVhPPzJr_sqGY4dmKOEWvFrf8kG-jQIndyJulDsKA', 'plixapp', 'hu', 'plixapp', '2014-01-26 04:19:01'),
(49, 'APA91bH1SUo7cX8k_dBKv3trpKFk-LGOUNNA7rqEgQP2Qs6zxISsOBnfGzzc5i_HoOBoXYj_lsMFr80jKBVbadIraS4AO_QEYtkUwPhHIDZpwTkGbON1TABMm1YsSNhjVgGr4lWJFzkZObXVhPPzJr_sqGY4dmKOEWvFrf8kG-jQIndyJulDsKA', 'plixapp', 'hu', 'plixapp', '2014-01-26 04:41:35'),
(50, 'APA91bH1SUo7cX8k_dBKv3trpKFk-LGOUNNA7rqEgQP2Qs6zxISsOBnfGzzc5i_HoOBoXYj_lsMFr80jKBVbadIraS4AO_QEYtkUwPhHIDZpwTkGbON1TABMm1YsSNhjVgGr4lWJFzkZObXVhPPzJr_sqGY4dmKOEWvFrf8kG-jQIndyJulDsKA', 'plixapp', 'hu', 'plixapp', '2014-01-26 04:46:04'),
(51, 'APA91bH1SUo7cX8k_dBKv3trpKFk-LGOUNNA7rqEgQP2Qs6zxISsOBnfGzzc5i_HoOBoXYj_lsMFr80jKBVbadIraS4AO_QEYtkUwPhHIDZpwTkGbON1TABMm1YsSNhjVgGr4lWJFzkZObXVhPPzJr_sqGY4dmKOEWvFrf8kG-jQIndyJulDsKA', 'plixapp', 'hu', 'plixapp', '2014-01-26 04:51:11'),
(52, 'APA91bH1SUo7cX8k_dBKv3trpKFk-LGOUNNA7rqEgQP2Qs6zxISsOBnfGzzc5i_HoOBoXYj_lsMFr80jKBVbadIraS4AO_QEYtkUwPhHIDZpwTkGbON1TABMm1YsSNhjVgGr4lWJFzkZObXVhPPzJr_sqGY4dmKOEWvFrf8kG-jQIndyJulDsKA', 'plixapp', 'hu', 'plixapp', '2014-01-26 16:00:48'),
(53, 'APA91bH1SUo7cX8k_dBKv3trpKFk-LGOUNNA7rqEgQP2Qs6zxISsOBnfGzzc5i_HoOBoXYj_lsMFr80jKBVbadIraS4AO_QEYtkUwPhHIDZpwTkGbON1TABMm1YsSNhjVgGr4lWJFzkZObXVhPPzJr_sqGY4dmKOEWvFrf8kG-jQIndyJulDsKA', 'plixapp', 'hu', 'plixapp', '2014-01-26 19:05:50'),
(54, 'APA91bH1SUo7cX8k_dBKv3trpKFk-LGOUNNA7rqEgQP2Qs6zxISsOBnfGzzc5i_HoOBoXYj_lsMFr80jKBVbadIraS4AO_QEYtkUwPhHIDZpwTkGbON1TABMm1YsSNhjVgGr4lWJFzkZObXVhPPzJr_sqGY4dmKOEWvFrf8kG-jQIndyJulDsKA', 'plixapp', 'hu', 'plixapp', '2014-01-27 00:54:18'),
(55, 'APA91bH1SUo7cX8k_dBKv3trpKFk-LGOUNNA7rqEgQP2Qs6zxISsOBnfGzzc5i_HoOBoXYj_lsMFr80jKBVbadIraS4AO_QEYtkUwPhHIDZpwTkGbON1TABMm1YsSNhjVgGr4lWJFzkZObXVhPPzJr_sqGY4dmKOEWvFrf8kG-jQIndyJulDsKA', 'plixapp', 'hu', 'plixapp', '2014-01-27 16:29:04'),
(56, 'APA91bH1SUo7cX8k_dBKv3trpKFk-LGOUNNA7rqEgQP2Qs6zxISsOBnfGzzc5i_HoOBoXYj_lsMFr80jKBVbadIraS4AO_QEYtkUwPhHIDZpwTkGbON1TABMm1YsSNhjVgGr4lWJFzkZObXVhPPzJr_sqGY4dmKOEWvFrf8kG-jQIndyJulDsKA', 'plixapp', 'hu', 'plixapp', '2014-01-27 16:44:35'),
(57, 'APA91bH1SUo7cX8k_dBKv3trpKFk-LGOUNNA7rqEgQP2Qs6zxISsOBnfGzzc5i_HoOBoXYj_lsMFr80jKBVbadIraS4AO_QEYtkUwPhHIDZpwTkGbON1TABMm1YsSNhjVgGr4lWJFzkZObXVhPPzJr_sqGY4dmKOEWvFrf8kG-jQIndyJulDsKA', 'plixapp', 'hu', 'plixapp', '2014-01-27 17:54:21'),
(58, 'APA91bH1SUo7cX8k_dBKv3trpKFk-LGOUNNA7rqEgQP2Qs6zxISsOBnfGzzc5i_HoOBoXYj_lsMFr80jKBVbadIraS4AO_QEYtkUwPhHIDZpwTkGbON1TABMm1YsSNhjVgGr4lWJFzkZObXVhPPzJr_sqGY4dmKOEWvFrf8kG-jQIndyJulDsKA', 'plixapp', 'hu', 'plixapp', '2014-01-27 18:30:36'),
(59, 'APA91bH1SUo7cX8k_dBKv3trpKFk-LGOUNNA7rqEgQP2Qs6zxISsOBnfGzzc5i_HoOBoXYj_lsMFr80jKBVbadIraS4AO_QEYtkUwPhHIDZpwTkGbON1TABMm1YsSNhjVgGr4lWJFzkZObXVhPPzJr_sqGY4dmKOEWvFrf8kG-jQIndyJulDsKA', 'plixapp', 'hu', 'plixapp', '2014-01-28 00:01:27'),
(60, 'APA91bH1SUo7cX8k_dBKv3trpKFk-LGOUNNA7rqEgQP2Qs6zxISsOBnfGzzc5i_HoOBoXYj_lsMFr80jKBVbadIraS4AO_QEYtkUwPhHIDZpwTkGbON1TABMm1YsSNhjVgGr4lWJFzkZObXVhPPzJr_sqGY4dmKOEWvFrf8kG-jQIndyJulDsKA', 'plixapp', 'hu', 'plixapp', '2014-01-28 00:06:05'),
(61, 'APA91bH1SUo7cX8k_dBKv3trpKFk-LGOUNNA7rqEgQP2Qs6zxISsOBnfGzzc5i_HoOBoXYj_lsMFr80jKBVbadIraS4AO_QEYtkUwPhHIDZpwTkGbON1TABMm1YsSNhjVgGr4lWJFzkZObXVhPPzJr_sqGY4dmKOEWvFrf8kG-jQIndyJulDsKA', 'plixapp', 'hu', 'plixapp', '2014-01-28 00:14:18'),
(62, 'APA91bH1SUo7cX8k_dBKv3trpKFk-LGOUNNA7rqEgQP2Qs6zxISsOBnfGzzc5i_HoOBoXYj_lsMFr80jKBVbadIraS4AO_QEYtkUwPhHIDZpwTkGbON1TABMm1YsSNhjVgGr4lWJFzkZObXVhPPzJr_sqGY4dmKOEWvFrf8kG-jQIndyJulDsKA', 'plixapp', 'hu', 'plixapp', '2014-01-28 02:27:04'),
(63, 'APA91bEBZ95fh0vzqxsVSCeZiQFfNwrb6iTKHsKiKBZZsmOAPBiODSqyxiro3cyXfaOc5kmuD-gBhEzRgiDBh0RqodiFzcPCP5GKastu3djZiFxK2RBKdrh3dgevHcuTg_xlHyOtjfl3LhxzJQmsBkKXo8GeD8S4Wz2OjwD0EO8Fs2ciXuZpVY8', 'plixapp', 'hu', 'plixapp', '2014-01-28 14:03:30'),
(64, 'APA91bGBu89_eqzjhV9oa9FSf4YX8X3Cuxn0ndre657mIvJcJCtoyyioXdwVcYbNXHAjUGTnqB9HTLVrQLs6eDhkV9qg1Q7O60RUvPYD_rICXQOThWhSr9S6J3Hh46TQruKtLZwBhXgpdco6La22Iiz2ehqeQTRcswxvVQ8ShURbo6IaBCqyK9Q', 'plixapp', 'hu', 'plixapp', '2014-01-28 14:09:08'),
(65, 'APA91bH1SUo7cX8k_dBKv3trpKFk-LGOUNNA7rqEgQP2Qs6zxISsOBnfGzzc5i_HoOBoXYj_lsMFr80jKBVbadIraS4AO_QEYtkUwPhHIDZpwTkGbON1TABMm1YsSNhjVgGr4lWJFzkZObXVhPPzJr_sqGY4dmKOEWvFrf8kG-jQIndyJulDsKA', 'plixapp', 'hu', 'plixapp', '2014-01-28 23:05:46'),
(66, 'APA91bH1SUo7cX8k_dBKv3trpKFk-LGOUNNA7rqEgQP2Qs6zxISsOBnfGzzc5i_HoOBoXYj_lsMFr80jKBVbadIraS4AO_QEYtkUwPhHIDZpwTkGbON1TABMm1YsSNhjVgGr4lWJFzkZObXVhPPzJr_sqGY4dmKOEWvFrf8kG-jQIndyJulDsKA', 'plixapp', 'hu', 'plixapp', '2014-01-29 02:38:25'),
(67, 'APA91bH1SUo7cX8k_dBKv3trpKFk-LGOUNNA7rqEgQP2Qs6zxISsOBnfGzzc5i_HoOBoXYj_lsMFr80jKBVbadIraS4AO_QEYtkUwPhHIDZpwTkGbON1TABMm1YsSNhjVgGr4lWJFzkZObXVhPPzJr_sqGY4dmKOEWvFrf8kG-jQIndyJulDsKA', 'plixapp', 'hu', 'plixapp', '2014-01-30 16:54:22'),
(68, 'APA91bH1SUo7cX8k_dBKv3trpKFk-LGOUNNA7rqEgQP2Qs6zxISsOBnfGzzc5i_HoOBoXYj_lsMFr80jKBVbadIraS4AO_QEYtkUwPhHIDZpwTkGbON1TABMm1YsSNhjVgGr4lWJFzkZObXVhPPzJr_sqGY4dmKOEWvFrf8kG-jQIndyJulDsKA', 'plixapp', 'hu', 'plixapp', '2014-02-01 08:08:31'),
(69, 'APA91bH1SUo7cX8k_dBKv3trpKFk-LGOUNNA7rqEgQP2Qs6zxISsOBnfGzzc5i_HoOBoXYj_lsMFr80jKBVbadIraS4AO_QEYtkUwPhHIDZpwTkGbON1TABMm1YsSNhjVgGr4lWJFzkZObXVhPPzJr_sqGY4dmKOEWvFrf8kG-jQIndyJulDsKA', 'plixapp', 'hu', 'plixapp', '2014-02-01 08:09:52'),
(70, 'APA91bH1SUo7cX8k_dBKv3trpKFk-LGOUNNA7rqEgQP2Qs6zxISsOBnfGzzc5i_HoOBoXYj_lsMFr80jKBVbadIraS4AO_QEYtkUwPhHIDZpwTkGbON1TABMm1YsSNhjVgGr4lWJFzkZObXVhPPzJr_sqGY4dmKOEWvFrf8kG-jQIndyJulDsKA', 'plixapp', 'hu', 'plixapp', '2014-02-01 08:15:12'),
(71, 'APA91bH1SUo7cX8k_dBKv3trpKFk-LGOUNNA7rqEgQP2Qs6zxISsOBnfGzzc5i_HoOBoXYj_lsMFr80jKBVbadIraS4AO_QEYtkUwPhHIDZpwTkGbON1TABMm1YsSNhjVgGr4lWJFzkZObXVhPPzJr_sqGY4dmKOEWvFrf8kG-jQIndyJulDsKA', 'plixapp', 'hu', 'plixapp', '2014-02-01 09:31:16'),
(72, 'APA91bH1SUo7cX8k_dBKv3trpKFk-LGOUNNA7rqEgQP2Qs6zxISsOBnfGzzc5i_HoOBoXYj_lsMFr80jKBVbadIraS4AO_QEYtkUwPhHIDZpwTkGbON1TABMm1YsSNhjVgGr4lWJFzkZObXVhPPzJr_sqGY4dmKOEWvFrf8kG-jQIndyJulDsKA', 'plixapp', 'hu', 'plixapp', '2014-02-02 08:06:38'),
(73, 'APA91bH1SUo7cX8k_dBKv3trpKFk-LGOUNNA7rqEgQP2Qs6zxISsOBnfGzzc5i_HoOBoXYj_lsMFr80jKBVbadIraS4AO_QEYtkUwPhHIDZpwTkGbON1TABMm1YsSNhjVgGr4lWJFzkZObXVhPPzJr_sqGY4dmKOEWvFrf8kG-jQIndyJulDsKA', 'plixapp', 'hu', 'plixapp', '2014-02-03 01:10:16'),
(74, 'APA91bH1SUo7cX8k_dBKv3trpKFk-LGOUNNA7rqEgQP2Qs6zxISsOBnfGzzc5i_HoOBoXYj_lsMFr80jKBVbadIraS4AO_QEYtkUwPhHIDZpwTkGbON1TABMm1YsSNhjVgGr4lWJFzkZObXVhPPzJr_sqGY4dmKOEWvFrf8kG-jQIndyJulDsKA', 'plixapp', 'hu', 'plixapp', '2014-02-03 02:12:20'),
(75, 'APA91bH1SUo7cX8k_dBKv3trpKFk-LGOUNNA7rqEgQP2Qs6zxISsOBnfGzzc5i_HoOBoXYj_lsMFr80jKBVbadIraS4AO_QEYtkUwPhHIDZpwTkGbON1TABMm1YsSNhjVgGr4lWJFzkZObXVhPPzJr_sqGY4dmKOEWvFrf8kG-jQIndyJulDsKA', 'plixapp', 'hu', 'plixapp', '2014-02-03 02:36:51'),
(76, 'APA91bH1SUo7cX8k_dBKv3trpKFk-LGOUNNA7rqEgQP2Qs6zxISsOBnfGzzc5i_HoOBoXYj_lsMFr80jKBVbadIraS4AO_QEYtkUwPhHIDZpwTkGbON1TABMm1YsSNhjVgGr4lWJFzkZObXVhPPzJr_sqGY4dmKOEWvFrf8kG-jQIndyJulDsKA', 'plixapp', 'hu', 'plixapp', '2014-02-03 15:10:41'),
(77, 'APA91bH1SUo7cX8k_dBKv3trpKFk-LGOUNNA7rqEgQP2Qs6zxISsOBnfGzzc5i_HoOBoXYj_lsMFr80jKBVbadIraS4AO_QEYtkUwPhHIDZpwTkGbON1TABMm1YsSNhjVgGr4lWJFzkZObXVhPPzJr_sqGY4dmKOEWvFrf8kG-jQIndyJulDsKA', 'plixapp', 'hu', 'plixapp', '2014-02-05 19:53:57'),
(78, 'APA91bH1SUo7cX8k_dBKv3trpKFk-LGOUNNA7rqEgQP2Qs6zxISsOBnfGzzc5i_HoOBoXYj_lsMFr80jKBVbadIraS4AO_QEYtkUwPhHIDZpwTkGbON1TABMm1YsSNhjVgGr4lWJFzkZObXVhPPzJr_sqGY4dmKOEWvFrf8kG-jQIndyJulDsKA', 'plixapp', 'hu', 'plixapp', '2014-02-07 04:00:59'),
(79, 'APA91bH1SUo7cX8k_dBKv3trpKFk-LGOUNNA7rqEgQP2Qs6zxISsOBnfGzzc5i_HoOBoXYj_lsMFr80jKBVbadIraS4AO_QEYtkUwPhHIDZpwTkGbON1TABMm1YsSNhjVgGr4lWJFzkZObXVhPPzJr_sqGY4dmKOEWvFrf8kG-jQIndyJulDsKA', 'plixapp', 'hu', 'plixapp', '2014-02-09 23:12:36'),
(80, 'APA91bH1SUo7cX8k_dBKv3trpKFk-LGOUNNA7rqEgQP2Qs6zxISsOBnfGzzc5i_HoOBoXYj_lsMFr80jKBVbadIraS4AO_QEYtkUwPhHIDZpwTkGbON1TABMm1YsSNhjVgGr4lWJFzkZObXVhPPzJr_sqGY4dmKOEWvFrf8kG-jQIndyJulDsKA', 'plixapp', 'hu', 'plixapp', '2014-02-10 02:18:13'),
(81, 'APA91bGM9x3Hc-oqZPrbTdLgEYmBcv_4FPSIztwcJDB2NHEGW2qdUbb4SPhaPIP6jHNxwEACnZ-1SJMaXXiCaUzN_BzCzCznbixz0ZOu2mMWpV5WMCYNQd42PODcRGmBiLySp2KVzQs2BDYdiQi0cMchyUnMgTMXTQi9zksBkNuOacXYqMKplPU', 'plixapp', 'hu', 'plixapp', '2014-02-10 19:05:11'),
(82, 'APA91bGM9x3Hc-oqZPrbTdLgEYmBcv_4FPSIztwcJDB2NHEGW2qdUbb4SPhaPIP6jHNxwEACnZ-1SJMaXXiCaUzN_BzCzCznbixz0ZOu2mMWpV5WMCYNQd42PODcRGmBiLySp2KVzQs2BDYdiQi0cMchyUnMgTMXTQi9zksBkNuOacXYqMKplPU', 'plixapp', 'hu', 'plixapp', '2014-02-10 20:32:00'),
(83, 'APA91bH1SUo7cX8k_dBKv3trpKFk-LGOUNNA7rqEgQP2Qs6zxISsOBnfGzzc5i_HoOBoXYj_lsMFr80jKBVbadIraS4AO_QEYtkUwPhHIDZpwTkGbON1TABMm1YsSNhjVgGr4lWJFzkZObXVhPPzJr_sqGY4dmKOEWvFrf8kG-jQIndyJulDsKA', 'plixapp', 'hu', 'plixapp', '2014-02-10 22:12:36'),
(84, 'APA91bH1SUo7cX8k_dBKv3trpKFk-LGOUNNA7rqEgQP2Qs6zxISsOBnfGzzc5i_HoOBoXYj_lsMFr80jKBVbadIraS4AO_QEYtkUwPhHIDZpwTkGbON1TABMm1YsSNhjVgGr4lWJFzkZObXVhPPzJr_sqGY4dmKOEWvFrf8kG-jQIndyJulDsKA', 'plixapp', 'hu', 'plixapp', '2014-02-10 22:13:41'),
(85, 'APA91bH1SUo7cX8k_dBKv3trpKFk-LGOUNNA7rqEgQP2Qs6zxISsOBnfGzzc5i_HoOBoXYj_lsMFr80jKBVbadIraS4AO_QEYtkUwPhHIDZpwTkGbON1TABMm1YsSNhjVgGr4lWJFzkZObXVhPPzJr_sqGY4dmKOEWvFrf8kG-jQIndyJulDsKA', 'plixapp', 'hu', 'plixapp', '2014-02-10 22:15:51'),
(86, 'APA91bGTtIcGAdYz2vCQ3FpC4VdEhuAEj9Sghraye9ijPQyQAIG0YhTVLJkIjerXV1Xh2AHKtG5WRLr4mNMWwnTvxy6oDragKPo7HKjKKBvBZgofrj9ukwBVjICEw9Svh2Suvuqx96sE4eeCPz35nGKASzKsaRSNmn7gnow_zT_8sIkFaLhIWkk', 'plixapp', 'hu', 'plixapp', '2014-02-11 09:19:45'),
(87, 'APA91bH1SUo7cX8k_dBKv3trpKFk-LGOUNNA7rqEgQP2Qs6zxISsOBnfGzzc5i_HoOBoXYj_lsMFr80jKBVbadIraS4AO_QEYtkUwPhHIDZpwTkGbON1TABMm1YsSNhjVgGr4lWJFzkZObXVhPPzJr_sqGY4dmKOEWvFrf8kG-jQIndyJulDsKA', 'plixapp', 'hu', 'plixapp', '2014-02-11 11:13:33'),
(88, 'APA91bH1SUo7cX8k_dBKv3trpKFk-LGOUNNA7rqEgQP2Qs6zxISsOBnfGzzc5i_HoOBoXYj_lsMFr80jKBVbadIraS4AO_QEYtkUwPhHIDZpwTkGbON1TABMm1YsSNhjVgGr4lWJFzkZObXVhPPzJr_sqGY4dmKOEWvFrf8kG-jQIndyJulDsKA', 'plixapp', 'hu', 'plixapp', '2014-02-11 12:27:22'),
(89, 'APA91bH1SUo7cX8k_dBKv3trpKFk-LGOUNNA7rqEgQP2Qs6zxISsOBnfGzzc5i_HoOBoXYj_lsMFr80jKBVbadIraS4AO_QEYtkUwPhHIDZpwTkGbON1TABMm1YsSNhjVgGr4lWJFzkZObXVhPPzJr_sqGY4dmKOEWvFrf8kG-jQIndyJulDsKA', 'plixapp', 'hu', 'plixapp', '2014-02-11 19:51:01'),
(90, 'APA91bH1SUo7cX8k_dBKv3trpKFk-LGOUNNA7rqEgQP2Qs6zxISsOBnfGzzc5i_HoOBoXYj_lsMFr80jKBVbadIraS4AO_QEYtkUwPhHIDZpwTkGbON1TABMm1YsSNhjVgGr4lWJFzkZObXVhPPzJr_sqGY4dmKOEWvFrf8kG-jQIndyJulDsKA', 'plixapp', 'hu', 'plixapp', '2014-02-11 19:58:04'),
(91, 'APA91bH1SUo7cX8k_dBKv3trpKFk-LGOUNNA7rqEgQP2Qs6zxISsOBnfGzzc5i_HoOBoXYj_lsMFr80jKBVbadIraS4AO_QEYtkUwPhHIDZpwTkGbON1TABMm1YsSNhjVgGr4lWJFzkZObXVhPPzJr_sqGY4dmKOEWvFrf8kG-jQIndyJulDsKA', 'plixapp', 'hu', 'plixapp', '2014-02-11 21:40:17'),
(92, 'APA91bH1SUo7cX8k_dBKv3trpKFk-LGOUNNA7rqEgQP2Qs6zxISsOBnfGzzc5i_HoOBoXYj_lsMFr80jKBVbadIraS4AO_QEYtkUwPhHIDZpwTkGbON1TABMm1YsSNhjVgGr4lWJFzkZObXVhPPzJr_sqGY4dmKOEWvFrf8kG-jQIndyJulDsKA', 'plixapp', 'hu', 'plixapp', '2014-02-11 22:14:49'),
(93, 'APA91bH1SUo7cX8k_dBKv3trpKFk-LGOUNNA7rqEgQP2Qs6zxISsOBnfGzzc5i_HoOBoXYj_lsMFr80jKBVbadIraS4AO_QEYtkUwPhHIDZpwTkGbON1TABMm1YsSNhjVgGr4lWJFzkZObXVhPPzJr_sqGY4dmKOEWvFrf8kG-jQIndyJulDsKA', 'plixapp', 'hu', 'plixapp', '2014-02-11 23:31:41'),
(94, 'APA91bH1SUo7cX8k_dBKv3trpKFk-LGOUNNA7rqEgQP2Qs6zxISsOBnfGzzc5i_HoOBoXYj_lsMFr80jKBVbadIraS4AO_QEYtkUwPhHIDZpwTkGbON1TABMm1YsSNhjVgGr4lWJFzkZObXVhPPzJr_sqGY4dmKOEWvFrf8kG-jQIndyJulDsKA', 'plixapp', 'hu', 'plixapp', '2014-02-11 23:35:42'),
(95, 'APA91bH1SUo7cX8k_dBKv3trpKFk-LGOUNNA7rqEgQP2Qs6zxISsOBnfGzzc5i_HoOBoXYj_lsMFr80jKBVbadIraS4AO_QEYtkUwPhHIDZpwTkGbON1TABMm1YsSNhjVgGr4lWJFzkZObXVhPPzJr_sqGY4dmKOEWvFrf8kG-jQIndyJulDsKA', 'plixapp', 'hu', 'plixapp', '2014-02-13 22:07:39'),
(96, 'APA91bG930xPzfbgJxZOAmLL337FCCuzlzt16I0NOJA-8U6OYTYsgPpoldP-LvygwcTrfUMqXKuqrUdqes_-FSbnYSStacbCZ7DD_irMDULyklQseasGKhd0kduMtpvsco-6V9lQsOUj9cy27l39fFOj6b2JaMDULedgWNULkIgII6FvwjKYeRs', 'plixapp', 'hu', 'plixapp', '2014-02-14 10:41:37'),
(97, 'APA91bFgAswVlzqQ5B_J6qRDzmBIQr3RqgSzQ6pd0aooq9Hmy4kbdUelbgajOBNbEMoGtM131FBXvkkkEThoZLFrGNrvdvCKgdz2YJf-IhL0ZYGxI_UW3a6DyuPul072nMP2cqJoQq7NEPp_gv6kb6y796HYRXwSZYg1BOcJ7c3YLyDlIG7J3fA', 'plixapp', 'hu', 'plixapp', '2014-02-19 08:56:43'),
(98, 'APA91bGj-g0_2OPufsOQRFeBpR2g24WrG_uE0mnLmYL4DmJx-wVV589HrxbXj04RBtS2wB0LgJE1qrtR7K6v-VJx_pmRhrdR92dQUL1eMdnfOdisY7Up87QiYGarMNAWkoTblkvx9nw7PLE2MwmIYxDjY5-HBdj9ObDlO55bhy9AMK5uv28O05w', 'plixapp', 'hu', 'plixapp', '2014-02-21 13:46:44'),
(99, 'APA91bFgAswVlzqQ5B_J6qRDzmBIQr3RqgSzQ6pd0aooq9Hmy4kbdUelbgajOBNbEMoGtM131FBXvkkkEThoZLFrGNrvdvCKgdz2YJf-IhL0ZYGxI_UW3a6DyuPul072nMP2cqJoQq7NEPp_gv6kb6y796HYRXwSZYg1BOcJ7c3YLyDlIG7J3fA', 'plixapp', 'hu', 'plixapp', '2014-02-21 13:54:55'),
(100, 'APA91bGj-g0_2OPufsOQRFeBpR2g24WrG_uE0mnLmYL4DmJx-wVV589HrxbXj04RBtS2wB0LgJE1qrtR7K6v-VJx_pmRhrdR92dQUL1eMdnfOdisY7Up87QiYGarMNAWkoTblkvx9nw7PLE2MwmIYxDjY5-HBdj9ObDlO55bhy9AMK5uv28O05w', 'plixapp', 'hu', 'plixapp', '2014-02-21 13:57:00'),
(101, 'APA91bGj-g0_2OPufsOQRFeBpR2g24WrG_uE0mnLmYL4DmJx-wVV589HrxbXj04RBtS2wB0LgJE1qrtR7K6v-VJx_pmRhrdR92dQUL1eMdnfOdisY7Up87QiYGarMNAWkoTblkvx9nw7PLE2MwmIYxDjY5-HBdj9ObDlO55bhy9AMK5uv28O05w', 'plixapp', 'hu', 'plixapp', '2014-02-21 14:38:58'),
(102, 'APA91bFgAswVlzqQ5B_J6qRDzmBIQr3RqgSzQ6pd0aooq9Hmy4kbdUelbgajOBNbEMoGtM131FBXvkkkEThoZLFrGNrvdvCKgdz2YJf-IhL0ZYGxI_UW3a6DyuPul072nMP2cqJoQq7NEPp_gv6kb6y796HYRXwSZYg1BOcJ7c3YLyDlIG7J3fA', 'plixapp', 'hu', 'plixapp', '2014-02-21 15:54:07'),
(103, 'APA91bFgAswVlzqQ5B_J6qRDzmBIQr3RqgSzQ6pd0aooq9Hmy4kbdUelbgajOBNbEMoGtM131FBXvkkkEThoZLFrGNrvdvCKgdz2YJf-IhL0ZYGxI_UW3a6DyuPul072nMP2cqJoQq7NEPp_gv6kb6y796HYRXwSZYg1BOcJ7c3YLyDlIG7J3fA', 'plixapp', 'hu', 'plixapp', '2014-02-27 08:52:42'),
(104, 'APA91bGS7EicshhZT6rZTVKSnjzLt1iQPZv97PM9TyOEORVZCq7s6dmElcL_KkFo7QKEIufg1ALcuHCYZSz1HtEVX_SBw-qPZESSfCfIUOBczsDuHrtXyQK46YIlk8uYK6dBdmNJHSheDUDUXRkcV7CkrNVsiMGp6lr2eUOGV_XxPMezLWM8A2s', 'plixapp', 'hu', 'plixapp', '2014-02-27 10:26:32'),
(105, 'APA91bGzM-AZNXVnUGkV34e9PEBnKMiiEt6nhXiSkb9Xfwn4LrgH0OPiXidyngnXCnenrOudqTO4pY5bmD-2DqRIpiDGp0L4ro71Lo4KYZw864pQne90FYjS80MH9kyOxBlkn3X6BOJqo0VAQVimKFWALRPvS0Clluto7riKvZCmr3jytAoMPgc', 'plixapp', 'hu', 'plixapp', '2014-02-27 10:57:21'),
(106, 'APA91bFKSSf6xZ9129l9PhKqMgNWHfoJ5RFjTjeklOZTzkplexbtl-lglJCWS5Or2jF3otATyJEdGvI5W7ai-jTPAwucsD6MWRAUZI-XUMcRA2lxM_izYkvFfCfY8jYE3UnS9CMamp7oi89dr62i4NxGSyH3D3KBEg_xm3bQPlzrrGZfYw3YmN4', 'plixapp', 'hu', 'plixapp', '2014-02-28 07:56:19'),
(107, 'APA91bFKSSf6xZ9129l9PhKqMgNWHfoJ5RFjTjeklOZTzkplexbtl-lglJCWS5Or2jF3otATyJEdGvI5W7ai-jTPAwucsD6MWRAUZI-XUMcRA2lxM_izYkvFfCfY8jYE3UnS9CMamp7oi89dr62i4NxGSyH3D3KBEg_xm3bQPlzrrGZfYw3YmN4', 'plixapp', 'hu', 'plixapp', '2014-02-28 09:46:27'),
(108, 'APA91bGoZqrnTTrnHwU2rDz1fwTyA44FesE3-nwsfPUr1wi9liEwQ5BBHDl_LwxCRWkWdwle0GRzkwOVVMbRpvK9kYJcPiPzax_iq0t_vLsA1nHOdDuOFuOUbC_LqFu2ij4jcScnC4x6PppU5W8bJ4v7XnNPLxFY6b1B4QA-yGezzaa43PPkleE', 'plixapp', 'hu', 'plixapp', '2014-02-28 09:47:32'),
(109, 'APA91bFKSSf6xZ9129l9PhKqMgNWHfoJ5RFjTjeklOZTzkplexbtl-lglJCWS5Or2jF3otATyJEdGvI5W7ai-jTPAwucsD6MWRAUZI-XUMcRA2lxM_izYkvFfCfY8jYE3UnS9CMamp7oi89dr62i4NxGSyH3D3KBEg_xm3bQPlzrrGZfYw3YmN4', 'plixapp', 'hu', 'plixapp', '2014-02-28 09:50:54'),
(110, 'APA91bGoZqrnTTrnHwU2rDz1fwTyA44FesE3-nwsfPUr1wi9liEwQ5BBHDl_LwxCRWkWdwle0GRzkwOVVMbRpvK9kYJcPiPzax_iq0t_vLsA1nHOdDuOFuOUbC_LqFu2ij4jcScnC4x6PppU5W8bJ4v7XnNPLxFY6b1B4QA-yGezzaa43PPkleE', 'plixapp', 'hu', 'plixapp', '2014-02-28 11:33:24'),
(111, 'APA91bFKSSf6xZ9129l9PhKqMgNWHfoJ5RFjTjeklOZTzkplexbtl-lglJCWS5Or2jF3otATyJEdGvI5W7ai-jTPAwucsD6MWRAUZI-XUMcRA2lxM_izYkvFfCfY8jYE3UnS9CMamp7oi89dr62i4NxGSyH3D3KBEg_xm3bQPlzrrGZfYw3YmN4', 'plixapp', 'hu', 'plixapp', '2014-02-28 11:33:30'),
(112, 'APA91bHHQvVWBN6IleLDLmaL9hNDJ5S_Wx0t56Tny7CLx9tj0746aTHOrOPyFBOwP-t3_-uLl5_kWS0s4xKa-OYPhVAL6HABsUNqzMLtsZed36duuKmou5uKRG4b6kzDXpg_6N1_oWJnjs9J6VFmTCY2u0lTvt0PMmqSf5b_TabkuunFtBxx77g', 'plixapp', 'hu', 'plixapp', '2014-02-28 11:45:22'),
(113, 'APA91bHHQvVWBN6IleLDLmaL9hNDJ5S_Wx0t56Tny7CLx9tj0746aTHOrOPyFBOwP-t3_-uLl5_kWS0s4xKa-OYPhVAL6HABsUNqzMLtsZed36duuKmou5uKRG4b6kzDXpg_6N1_oWJnjs9J6VFmTCY2u0lTvt0PMmqSf5b_TabkuunFtBxx77g', 'plixapp', 'hu', 'plixapp', '2014-02-28 11:47:44'),
(114, 'APA91bGQUCzU8aDu5L5tQyzwJGNQmohpNyU7rpRaWSY2XS7q_Im1jpDpk8mogPH6g004F5tX5H0up1UhegelNYcS2YaYZqAG5rF5qWWbxc4GTnPxLSs-4Ca21iZzPoLzkMQbwxvB7XMM3kXOxM6fzzWdPJ9CiNSlS-ffXVcfssjmMEl1GR3ulmk', 'plixapp', 'hu', 'plixapp', '2014-03-05 10:40:17'),
(115, 'APA91bHxILjYbMWEMhHhyilqLH3CvOaUT1LjaOi0PtmIHIr3hGOTGQm2q73vntwTvi_SJAJceK33Oo57P9x9p8HoH8PGSiTZKlJUYo__2Ox1HjHezTHMZO8m4pLmkrj31SXI-zcMSf41b2XUuh8ZeaplepuLlVAdwlxiAI4OZzG8pgjY66Yv64w', 'plixapp', 'hu', 'plixapp', '2014-03-05 12:43:06'),
(116, 'APA91bGzM-AZNXVnUGkV34e9PEBnKMiiEt6nhXiSkb9Xfwn4LrgH0OPiXidyngnXCnenrOudqTO4pY5bmD-2DqRIpiDGp0L4ro71Lo4KYZw864pQne90FYjS80MH9kyOxBlkn3X6BOJqo0VAQVimKFWALRPvS0Clluto7riKvZCmr3jytAoMPgc', 'plixapp', 'hu', 'plixapp', '2014-03-05 13:46:32'),
(117, 'APA91bGzM-AZNXVnUGkV34e9PEBnKMiiEt6nhXiSkb9Xfwn4LrgH0OPiXidyngnXCnenrOudqTO4pY5bmD-2DqRIpiDGp0L4ro71Lo4KYZw864pQne90FYjS80MH9kyOxBlkn3X6BOJqo0VAQVimKFWALRPvS0Clluto7riKvZCmr3jytAoMPgc', 'plixapp', 'hu', 'plixapp', '2014-03-06 14:55:13'),
(118, 'APA91bHxILjYbMWEMhHhyilqLH3CvOaUT1LjaOi0PtmIHIr3hGOTGQm2q73vntwTvi_SJAJceK33Oo57P9x9p8HoH8PGSiTZKlJUYo__2Ox1HjHezTHMZO8m4pLmkrj31SXI-zcMSf41b2XUuh8ZeaplepuLlVAdwlxiAI4OZzG8pgjY66Yv64w', 'plixapp', 'hu', 'plixapp', '2014-03-06 14:58:16'),
(119, 'APA91bGzM-AZNXVnUGkV34e9PEBnKMiiEt6nhXiSkb9Xfwn4LrgH0OPiXidyngnXCnenrOudqTO4pY5bmD-2DqRIpiDGp0L4ro71Lo4KYZw864pQne90FYjS80MH9kyOxBlkn3X6BOJqo0VAQVimKFWALRPvS0Clluto7riKvZCmr3jytAoMPgc', 'plixapp', 'hu', 'plixapp', '2014-03-07 12:22:24'),
(120, 'APA91bGzM-AZNXVnUGkV34e9PEBnKMiiEt6nhXiSkb9Xfwn4LrgH0OPiXidyngnXCnenrOudqTO4pY5bmD-2DqRIpiDGp0L4ro71Lo4KYZw864pQne90FYjS80MH9kyOxBlkn3X6BOJqo0VAQVimKFWALRPvS0Clluto7riKvZCmr3jytAoMPgc', 'plixapp', 'hu', 'plixapp', '2014-03-07 12:28:57'),
(121, 'APA91bEKBUjpxl4x5Eyau4ggiA1AcS7YfEzAQjOp0oahx88LH-Lc35ZrOub-7dh_1BouwBskAn06z086qSeslUNv7eR84gQHKBOUGk6ZKzDDTniRy8BgKWft-p5Gect__QOg69IiYNybIaB-A_uo3pKJ0tFhzkJfrEnHCGeBCCc4hrEQU8YbCrE', 'balaton', 'hu', 'balaton', '2014-05-12 14:43:39'),
(122, 'APA91bEoP6QMUrzC74d3dwuMbx2RymJuj7UT3WStGtTnMvSoGsmQ8O3AKqzLJG_2kXcX0J5Ag7Q315l2ipdQZDv34Dj-ahx0i_0dYj4p2cQvHymBa2x-kS_esCGfjLnwXCXUfXREq_lBA6aP4JbnXQH76PCTp_GTq4q1cjF4xzG6d-04xVAhe6Q', 'balaton', 'hu', 'balaton', '2014-05-12 15:37:18'),
(123, 'APA91bEoP6QMUrzC74d3dwuMbx2RymJuj7UT3WStGtTnMvSoGsmQ8O3AKqzLJG_2kXcX0J5Ag7Q315l2ipdQZDv34Dj-ahx0i_0dYj4p2cQvHymBa2x-kS_esCGfjLnwXCXUfXREq_lBA6aP4JbnXQH76PCTp_GTq4q1cjF4xzG6d-04xVAhe6Q', 'balaton', 'hu', 'balaton', '2014-05-12 15:41:30'),
(124, 'APA91bGQEmtJEuOSyfV1cUrg5fzsXXX5IvRwr_z3f6omtpBhj-xUM31HO4ZXOVQ8HWBc4QV72Ie3Zte20MHaaa_uURLRgut7TXgHWQnxXUj2kmw0p9rQ3uWtAt50x4o3JdFVLyhIRVK-00rbJAcOuv7p7kjmmzX1p1HZx5lMflMbiS0J0oET5vU', 'balaton', 'hu', 'balaton', '2014-05-12 15:46:59'),
(125, 'APA91bEoodSlxm15wqwZayhJ0_O8fSPaZKjAM8TAyXlxSS4Uf-2raR_b-ls1TtIlPAmZx99ok2RW1bSGCjnbV96OecRY-aZOpfxiWah817JHjhj38hfKC9HU51YTAL_V8YzeV-AxmUAUZDO2mmLPZerpH8PYuj0WyIuVpJsKOP0blfYRgjFoZo0', 'balaton', 'hu', 'balaton', '2014-05-12 15:54:48'),
(126, 'APA91bGQEmtJEuOSyfV1cUrg5fzsXXX5IvRwr_z3f6omtpBhj-xUM31HO4ZXOVQ8HWBc4QV72Ie3Zte20MHaaa_uURLRgut7TXgHWQnxXUj2kmw0p9rQ3uWtAt50x4o3JdFVLyhIRVK-00rbJAcOuv7p7kjmmzX1p1HZx5lMflMbiS0J0oET5vU', 'balaton', 'hu', 'balaton', '2014-05-19 10:08:34'),
(127, 'APA91bEoodSlxm15wqwZayhJ0_O8fSPaZKjAM8TAyXlxSS4Uf-2raR_b-ls1TtIlPAmZx99ok2RW1bSGCjnbV96OecRY-aZOpfxiWah817JHjhj38hfKC9HU51YTAL_V8YzeV-AxmUAUZDO2mmLPZerpH8PYuj0WyIuVpJsKOP0blfYRgjFoZo0', 'balaton', 'hu', 'balaton', '2014-05-30 18:41:32'),
(128, 'APA91bFgccuRZtmDrJ26lSld6I9zE4BK2lMsbx2o1gIv-oiN1y1FDMFE2uqH2364t1sNH4ORujD0muivrpjB0Lbf6rCMbQVAiZ-Pmc0OSw_kZhSongzbpVbBpI13cEtbZaQScWsYecRt21YfUVM7A0rRT9m-84_a_Q8CeQ7w0qXlL5rVDspGcx4', 'balaton', 'hu', 'balaton', '2014-05-30 19:33:59'),
(129, 'APA91bGQEmtJEuOSyfV1cUrg5fzsXXX5IvRwr_z3f6omtpBhj-xUM31HO4ZXOVQ8HWBc4QV72Ie3Zte20MHaaa_uURLRgut7TXgHWQnxXUj2kmw0p9rQ3uWtAt50x4o3JdFVLyhIRVK-00rbJAcOuv7p7kjmmzX1p1HZx5lMflMbiS0J0oET5vU', 'balaton', 'hu', 'balaton', '2014-05-31 07:49:59'),
(130, 'APA91bE7hhwzBARhN0S4lqeSIyV-Z3_84TV5I3lVPsd-9Uz4sbZzVJ3V3wuG4TfJChdg17GvS-N-UvO3Ht6Vcw36ZdDp8H7QpccRdrtn_s7hzCXUC-VutsAU0r4CYtpTdI9OIJUjhINVEvUkbfShnKqZwHj5PJYQCT6guseD3KBKGapvZkRZY5I', 'balaton', 'hu', 'balaton', '2014-08-04 14:42:04'),
(131, 'APA91bG7-v2lxKwF1fxrm_n49uGaM9C9gVWOs9Gee_Mtbt41Yga5bhAqu9eip1UxCRcWci6LYy3vQ_bJRtcoWe46ONFyrtJtvScvA9b1fkKDdowZAgCw6R07S2qxyZvNDTTebiby_o8QM1QfG9-J7s_rVpdShmCiE1RuYhkEtaRPFazqSvHLzHQ', 'balaton', 'hu', 'balaton', '2014-08-04 14:50:55'),
(132, 'APA91bG7-v2lxKwF1fxrm_n49uGaM9C9gVWOs9Gee_Mtbt41Yga5bhAqu9eip1UxCRcWci6LYy3vQ_bJRtcoWe46ONFyrtJtvScvA9b1fkKDdowZAgCw6R07S2qxyZvNDTTebiby_o8QM1QfG9-J7s_rVpdShmCiE1RuYhkEtaRPFazqSvHLzHQ', 'balaton', 'hu', 'balaton', '2014-08-04 15:00:29'),
(133, 'APA91bE40ZMD7m9xADBBuaz5cXomyDMRTGAWlX4PvGjtGo-HBWNjNbV4-_GTfdrPi7JVfvh6Lwmo4YszX_v3IMWIsL1PI9yOieUsy7uIcPGpfnPXLkw7yFiDpSj74gBsAs6DSBe_9XHcGRpTNwT53F9tItYi060KYpH22TxbGaiw9qr_zREXcIQ', 'balaton', 'hu', 'balaton', '2014-08-22 15:57:02'),
(134, 'APA91bG7-v2lxKwF1fxrm_n49uGaM9C9gVWOs9Gee_Mtbt41Yga5bhAqu9eip1UxCRcWci6LYy3vQ_bJRtcoWe46ONFyrtJtvScvA9b1fkKDdowZAgCw6R07S2qxyZvNDTTebiby_o8QM1QfG9-J7s_rVpdShmCiE1RuYhkEtaRPFazqSvHLzHQ', 'balaton', 'hu', 'balaton', '2014-08-22 19:50:17'),
(135, 'APA91bFmh0TRLAU2UWBs-RFqHUNsCIF23biW783KJtgzJf4yTSyjxmJlfyJF_MurS1QolAgIM4wdeGubFZ9TulZM_PCwiA6dSipx1Ei4GwCAtAKF0mcDsaLVNaM2QRv4NhX_W11bsKblbKEuBVh1zQQDbQ_rieIbMf7LVwvMuCwCcWOJZ2aBEe8', 'balaton', 'hu', 'balaton', '2014-09-02 05:41:19'),
(136, 'APA91bGxw1YsG_mdzCZI0yBrPY69DNXrxxxlbZ_DfLwhzbsOGBp6JZapouxrBwP4mDj3KdpNYnY7VOrQy378aQ0QwhmMghDPDoiRwqMe6FTIqVlRnXVe0xMwwP4Aouul92gJnL984Agp9NS0KldBJ6G1UycAh52o9jaOGaToa5ij9EbOOFlcj58', 'balaton', 'hu', 'balaton', '2014-09-03 17:54:38'),
(137, 'APA91bE1fqPx5XalhJx9JSpSGVmQgRkcqdLCCPegw5_T63xj1DS1zmbJSCtKUkkJLnsZl0Z-FuOJEPlKaHIY3corSeMIOsIzYQUyX5Tjzs7JkP0F6fT_JwtcxqYGQVPF08qs0enfNwPgmY41Zb6qfVQjKPe_VpEqV4G4_dvIkuy7i7oGBsigbHY', 'balaton', 'hu', 'balaton', '2014-09-10 16:50:22'),
(138, 'APA91bER9N9rbxdZOZT3BYV4PPCkvwnM21HPGgtBo4kmiKdyjZwFgHLY5ZFuZx7AyeqtDMsQH_3uHgpfZotssNuUr5H1eIV9kczJDBvA_l7JFHEuPHlJCEKsQ2BokuulB7kTZrE0B7eD4CX0Mk0Btx_dlHvZt08Eaia-_M7nfKWdFR1wX3NCJOQ', 'balaton', 'hu', 'balaton', '2014-11-07 08:41:13'),
(139, 'APA91bFnbQdABawxeUGKmqPWETW9DLeAw2BjHT8Cz8yxr7uD9YpT6iRoFMRnCL4I1pjo43HE0UNTavCqQKXCcCYGccSlB1ramdTyVMplZhphhlbCBNDq4_V9ts3MVNEfIbx3FMvo4kpKTjHnlQpH5A_SvtiX3E9TPvj5TsiJPvpI33efhPElAP0', 'balaton', 'hu', 'balaton', '2015-01-15 18:40:11'),
(140, 'APA91bEwFwjRIXhKkNl9N9texgD41r-WAi5BvyHmTuSleWatYrpbRHrj87WO9T0Lxyb2lC51Movx7FVD2Oprvghf_Mad5ZNjIH_WkZobTD-VWtvIG5BPyFca0GtrosF_p7g-fBXPxRh2WaIoWOvfGUhHW49gBaEproaQBiP3VGmBK7cJZe0l5Lc', 'balaton', 'hu', 'balaton', '2015-01-26 23:32:25');

-- --------------------------------------------------------

--
-- Tábla szerkezet: `gcm_messages`
--

CREATE TABLE IF NOT EXISTS `gcm_messages` (
  `id` int(11) NOT NULL auto_increment,
  `created` timestamp NOT NULL default CURRENT_TIMESTAMP,
  `appname` varchar(255) NOT NULL,
  `message` text NOT NULL,
  `multicast_id` int(11) NOT NULL,
  `success` int(11) NOT NULL,
  `failure` int(11) NOT NULL,
  `canonical_ids` int(11) NOT NULL,
  `results` text NOT NULL,
  PRIMARY KEY  (`id`)
) ENGINE=InnoDB  DEFAULT CHARSET=utf8 AUTO_INCREMENT=38 ;

--
-- A tábla adatainak kiíratása `gcm_messages`
--

INSERT INTO `gcm_messages` (`id`, `created`, `appname`, `message`, `multicast_id`, `success`, `failure`, `canonical_ids`, `results`) VALUES
(1, '2014-01-09 19:45:51', 'plixapp', '{"message":"Hello GCM. Teszt \\u00fczenet. f\\u0171r\\u00e9szel\\u0151 k\\u00e9sz\\u00fcl\\u00e9k\\u00edha"}', 0, 0, 0, 0, 'null'),
(2, '2014-01-09 19:51:33', 'plixapp', '{"message":"Pusk\\u00e1s tivadar uszoda Speck\\u00f3 aj\\u00e1nlata!"}', 0, 0, 0, 0, 'null'),
(3, '2014-01-09 19:51:33', 'plixapp', '{"message":"B.\\u00da.\\u00c9.K. Neked is, meg sok locsol\\u00f3t..."}', 0, 0, 0, 0, 'null'),
(4, '2014-01-09 19:51:34', 'plixapp', '{"message":"Hello GCM. Teszt \\u00fczenet. f\\u0171r\\u00e9szel\\u0151 k\\u00e9sz\\u00fcl\\u00e9k\\u00edha"}', 0, 0, 0, 0, 'null'),
(5, '2014-01-09 19:52:36', 'plixapp', '{"message":"Pusk\\u00e1s tivadar uszoda Speck\\u00f3 aj\\u00e1nlata!"}', 0, 0, 0, 0, 'null'),
(6, '2014-01-09 19:52:36', 'plixapp', '{"message":"B.\\u00da.\\u00c9.K. Neked is, meg sok locsol\\u00f3t..."}', 0, 0, 0, 0, 'null'),
(7, '2014-01-09 19:52:36', 'plixapp', '{"message":"Hello GCM. Teszt \\u00fczenet. f\\u0171r\\u00e9szel\\u0151 k\\u00e9sz\\u00fcl\\u00e9k\\u00edha"}', 0, 0, 0, 0, 'null'),
(8, '2014-01-09 20:10:05', 'plixapp', '{"message":"Pusk\\u00e1s tivadar uszoda Speck\\u00f3 aj\\u00e1nlata!"}', 2147483647, 1, 0, 0, '[{"message_id":"0:1389294605275997%acaf9f18f9fd7ecd"}]'),
(9, '2014-01-09 20:10:05', 'plixapp', '{"message":"oda\\u00e9rt?"}', 2147483647, 1, 0, 0, '[{"message_id":"0:1389294605498419%acaf9f18f9fd7ecd"}]'),
(10, '2014-01-09 20:10:05', 'plixapp', '{"message":"B.\\u00da.\\u00c9.K. Neked is, meg sok locsol\\u00f3t..."}', 2147483647, 1, 0, 0, '[{"message_id":"0:1389294605739592%acaf9f18f9fd7ecd"}]'),
(11, '2014-01-09 20:10:06', 'plixapp', '{"message":"Hello GCM. Teszt \\u00fczenet. f\\u0171r\\u00e9szel\\u0151 k\\u00e9sz\\u00fcl\\u00e9k\\u00edha"}', 2147483647, 1, 0, 0, '[{"message_id":"0:1389294605980475%acaf9f18f9fd7ecd"}]'),
(12, '2014-01-09 20:45:01', 'plixapp', '{"message":"\\u00dajra itt van kar\\u00e1csony, csingi-lingi-leng a ban\\u00e1nom..."}', 2147483647, 5, 0, 0, '[{"message_id":"0:1389296701790967%acaf9f18f9fd7ecd"},{"message_id":"0:1389296701790963%da147a64f9fd7ecd"},{"message_id":"0:1389296701789990%da147a64f9fd7ecd"},{"message_id":"0:1389296701790970%da147a64f9fd7ecd"},{"message_id":"0:1389296701795985%da147a64f9fd7ecd"}]'),
(13, '2014-01-09 20:48:01', 'plixapp', '{"message":"megj\\u00f6tt?"}', 2147483647, 5, 0, 0, '[{"message_id":"0:1389296881874947%acaf9f18f9fd7ecd"},{"message_id":"0:1389296881877789%da147a64f9fd7ecd"},{"message_id":"0:1389296881878932%da147a64f9fd7ecd"},{"message_id":"0:1389296881874944%da147a64f9fd7ecd"},{"message_id":"0:1389296881874713%da147a64f9fd7ecd"}]'),
(14, '2014-01-10 15:00:03', 'plixapp', '{"message":"teszt2"}', 2147483647, 8, 0, 0, '[{"message_id":"0:1389362403226999%acaf9f18f9fd7ecd"},{"message_id":"0:1389362403223617%da147a64f9fd7ecd"},{"message_id":"0:1389362403223979%da147a64f9fd7ecd"},{"message_id":"0:1389362403223966%da147a64f9fd7ecd"},{"message_id":"0:1389362403235722%da147a64f9fd7ecd"},{"message_id":"0:1389362403223973%da147a64f9fd7ecd"},{"message_id":"0:1389362403223976%da147a64f9fd7ecd"},{"message_id":"0:1389362403223970%da147a64f9fd7ecd"}]'),
(15, '2014-01-10 16:13:02', 'plixapp', '{"message":"teszt"}', 2147483647, 8, 0, 0, '[{"message_id":"0:1389366782707862%acaf9f18f9fd7ecd"},{"message_id":"0:1389366782712086%da147a64f9fd7ecd"},{"message_id":"0:1389366782708732%da147a64f9fd7ecd"},{"message_id":"0:1389366782711284%da147a64f9fd7ecd"},{"message_id":"0:1389366782708887%da147a64f9fd7ecd"},{"message_id":"0:1389366782707865%da147a64f9fd7ecd"},{"message_id":"0:1389366782708889%da147a64f9fd7ecd"},{"message_id":"0:1389366782708735%da147a64f9fd7ecd"}]'),
(16, '2014-01-28 15:33:02', 'plixapp', '{"message":"Tekerjetek emerre, ne legyetek leverve, jelenjetek meg egyes helyeken kedves emberekkel, legyen eszetek, de nevessetek rengeteget, rendesen szeressetek, keressetek eleget, de legyetek emberek."}', 2147483647, 60, 0, 0, '[{"message_id":"0:1390919582508902%acaf9f18f9fd7ecd"},{"message_id":"0:1390919582503842%da147a64f9fd7ecd"},{"message_id":"0:1390919582507929%da147a64f9fd7ecd"},{"message_id":"0:1390919582507128%da147a64f9fd7ecd"},{"message_id":"0:1390919582507923%da147a64f9fd7ecd"},{"message_id":"0:1390919582502097%da147a64f9fd7ecd"},{"message_id":"0:1390919582503979%da147a64f9fd7ecd"},{"message_id":"0:1390919582502634%da147a64f9fd7ecd"},{"message_id":"0:1390919582503985%da147a64f9fd7ecd"},{"message_id":"0:1390919582505008%da147a64f9fd7ecd"},{"message_id":"0:1390919582503849%da147a64f9fd7ecd"},{"message_id":"0:1390919582504739%da147a64f9fd7ecd"},{"message_id":"0:1390919582503870%da147a64f9fd7ecd"},{"message_id":"0:1390919582505006%da147a64f9fd7ecd"},{"message_id":"0:1390919582503981%da147a64f9fd7ecd"},{"message_id":"0:1390919582503670%da147a64f9fd7ecd"},{"message_id":"0:1390919582502631%da147a64f9fd7ecd"},{"message_id":"0:1390919582503839%da147a64f9fd7ecd"},{"message_id":"0:1390919582503994%da147a64f9fd7ecd"},{"message_id":"0:1390919582503851%da147a64f9fd7ecd"},{"message_id":"0:1390919582502638%da147a64f9fd7ecd"},{"message_id":"0:1390919582504994%da147a64f9fd7ecd"},{"message_id":"0:1390919582503866%da147a64f9fd7ecd"},{"message_id":"0:1390919582506809%da147a64f9fd7ecd"},{"message_id":"0:1390919582505002%da147a64f9fd7ecd"},{"message_id":"0:1390919582506806%da147a64f9fd7ecd"},{"message_id":"0:1390919582508006%da147a64f9fd7ecd"},{"message_id":"0:1390919582503872%da147a64f9fd7ecd"},{"message_id":"0:1390919582504741%da147a64f9fd7ecd"},{"message_id":"0:1390919582516431%da147a64f9fd7ecd"},{"message_id":"0:1390919582505000%da147a64f9fd7ecd"},{"message_id":"0:1390919582506801%da147a64f9fd7ecd"},{"message_id":"0:1390919582504996%da147a64f9fd7ecd"},{"message_id":"0:1390919582508899%da147a64f9fd7ecd"},{"message_id":"0:1390919582505811%da147a64f9fd7ecd"},{"message_id":"0:1390919582506803%da147a64f9fd7ecd"},{"message_id":"0:1390919582503975%da147a64f9fd7ecd"},{"message_id":"0:1390919582505826%da147a64f9fd7ecd"},{"message_id":"0:1390919582504990%da147a64f9fd7ecd"},{"message_id":"0:1390919582508945%da147a64f9fd7ecd"},{"message_id":"0:1390919582507932%da147a64f9fd7ecd"},{"message_id":"0:1390919582505899%da147a64f9fd7ecd"},{"message_id":"0:1390919582511983%da147a64f9fd7ecd"},{"message_id":"0:1390919582512952%da147a64f9fd7ecd"},{"message_id":"0:1390919582505904%da147a64f9fd7ecd"},{"message_id":"0:1390919582505901%da147a64f9fd7ecd"},{"message_id":"0:1390919582505817%da147a64f9fd7ecd"},{"message_id":"0:1390919582511945%da147a64f9fd7ecd"},{"message_id":"0:1390919582505815%da147a64f9fd7ecd"},{"message_id":"0:1390919582517455%da147a64f9fd7ecd"},{"message_id":"0:1390919582504735%da147a64f9fd7ecd"},{"message_id":"0:1390919582508905%da147a64f9fd7ecd"},{"message_id":"0:1390919582511939%da147a64f9fd7ecd"},{"message_id":"0:1390919582509614%da147a64f9fd7ecd"},{"message_id":"0:1390919582505821%da147a64f9fd7ecd"},{"message_id":"0:1390919582505824%da147a64f9fd7ecd"},{"message_id":"0:1390919582507926%da147a64f9fd7ecd"},{"message_id":"0:1390919582509166%da147a64f9fd7ecd"},{"message_id":"0:1390919582501632%da147a64f9fd7ecd"},{"message_id":"0:1390919582503847%da147a64f9fd7ecd"}]'),
(17, '2014-03-07 10:02:04', 'plixapp', '{"message":"v\\u00e1rosi uszoda push"}', 2147483647, 114, 0, 104, '[{"message_id":"0:1394182924154815%acaf9f18f9fd7ecd"},{"registration_id":"APA91bG930xPzfbgJxZOAmLL337FCCuzlzt16I0NOJA-8U6OYTYsgPpoldP-LvygwcTrfUMqXKuqrUdqes_-FSbnYSStacbCZ7DD_irMDULyklQseasGKhd0kduMtpvsco-6V9lQsOUj9cy27l39fFOj6b2JaMDULedgWNULkIgII6FvwjKYeRs","message_id":"0:1394182924160804%da147a64f9fd7ecd"},{"registration_id":"APA91bG930xPzfbgJxZOAmLL337FCCuzlzt16I0NOJA-8U6OYTYsgPpoldP-LvygwcTrfUMqXKuqrUdqes_-FSbnYSStacbCZ7DD_irMDULyklQseasGKhd0kduMtpvsco-6V9lQsOUj9cy27l39fFOj6b2JaMDULedgWNULkIgII6FvwjKYeRs","message_id":"0:1394182924152837%da147a64f9fd7ecd"},{"registration_id":"APA91bG930xPzfbgJxZOAmLL337FCCuzlzt16I0NOJA-8U6OYTYsgPpoldP-LvygwcTrfUMqXKuqrUdqes_-FSbnYSStacbCZ7DD_irMDULyklQseasGKhd0kduMtpvsco-6V9lQsOUj9cy27l39fFOj6b2JaMDULedgWNULkIgII6FvwjKYeRs","message_id":"0:1394182924164007%da147a64f9fd7ecd"},{"registration_id":"APA91bG930xPzfbgJxZOAmLL337FCCuzlzt16I0NOJA-8U6OYTYsgPpoldP-LvygwcTrfUMqXKuqrUdqes_-FSbnYSStacbCZ7DD_irMDULyklQseasGKhd0kduMtpvsco-6V9lQsOUj9cy27l39fFOj6b2JaMDULedgWNULkIgII6FvwjKYeRs","message_id":"0:1394182924157854%da147a64f9fd7ecd"},{"registration_id":"APA91bG930xPzfbgJxZOAmLL337FCCuzlzt16I0NOJA-8U6OYTYsgPpoldP-LvygwcTrfUMqXKuqrUdqes_-FSbnYSStacbCZ7DD_irMDULyklQseasGKhd0kduMtpvsco-6V9lQsOUj9cy27l39fFOj6b2JaMDULedgWNULkIgII6FvwjKYeRs","message_id":"0:1394182924154995%da147a64f9fd7ecd"},{"registration_id":"APA91bG930xPzfbgJxZOAmLL337FCCuzlzt16I0NOJA-8U6OYTYsgPpoldP-LvygwcTrfUMqXKuqrUdqes_-FSbnYSStacbCZ7DD_irMDULyklQseasGKhd0kduMtpvsco-6V9lQsOUj9cy27l39fFOj6b2JaMDULedgWNULkIgII6FvwjKYeRs","message_id":"0:1394182924161676%da147a64f9fd7ecd"},{"registration_id":"APA91bG930xPzfbgJxZOAmLL337FCCuzlzt16I0NOJA-8U6OYTYsgPpoldP-LvygwcTrfUMqXKuqrUdqes_-FSbnYSStacbCZ7DD_irMDULyklQseasGKhd0kduMtpvsco-6V9lQsOUj9cy27l39fFOj6b2JaMDULedgWNULkIgII6FvwjKYeRs","message_id":"0:1394182924154006%da147a64f9fd7ecd"},{"registration_id":"APA91bG930xPzfbgJxZOAmLL337FCCuzlzt16I0NOJA-8U6OYTYsgPpoldP-LvygwcTrfUMqXKuqrUdqes_-FSbnYSStacbCZ7DD_irMDULyklQseasGKhd0kduMtpvsco-6V9lQsOUj9cy27l39fFOj6b2JaMDULedgWNULkIgII6FvwjKYeRs","message_id":"0:1394182924152879%da147a64f9fd7ecd"},{"registration_id":"APA91bG930xPzfbgJxZOAmLL337FCCuzlzt16I0NOJA-8U6OYTYsgPpoldP-LvygwcTrfUMqXKuqrUdqes_-FSbnYSStacbCZ7DD_irMDULyklQseasGKhd0kduMtpvsco-6V9lQsOUj9cy27l39fFOj6b2JaMDULedgWNULkIgII6FvwjKYeRs","message_id":"0:1394182924152843%da147a64f9fd7ecd"},{"registration_id":"APA91bG930xPzfbgJxZOAmLL337FCCuzlzt16I0NOJA-8U6OYTYsgPpoldP-LvygwcTrfUMqXKuqrUdqes_-FSbnYSStacbCZ7DD_irMDULyklQseasGKhd0kduMtpvsco-6V9lQsOUj9cy27l39fFOj6b2JaMDULedgWNULkIgII6FvwjKYeRs","message_id":"0:1394182924155953%da147a64f9fd7ecd"},{"registration_id":"APA91bG930xPzfbgJxZOAmLL337FCCuzlzt16I0NOJA-8U6OYTYsgPpoldP-LvygwcTrfUMqXKuqrUdqes_-FSbnYSStacbCZ7DD_irMDULyklQseasGKhd0kduMtpvsco-6V9lQsOUj9cy27l39fFOj6b2JaMDULedgWNULkIgII6FvwjKYeRs","message_id":"0:1394182924160802%da147a64f9fd7ecd"},{"registration_id":"APA91bG930xPzfbgJxZOAmLL337FCCuzlzt16I0NOJA-8U6OYTYsgPpoldP-LvygwcTrfUMqXKuqrUdqes_-FSbnYSStacbCZ7DD_irMDULyklQseasGKhd0kduMtpvsco-6V9lQsOUj9cy27l39fFOj6b2JaMDULedgWNULkIgII6FvwjKYeRs","message_id":"0:1394182924154821%da147a64f9fd7ecd"},{"registration_id":"APA91bG930xPzfbgJxZOAmLL337FCCuzlzt16I0NOJA-8U6OYTYsgPpoldP-LvygwcTrfUMqXKuqrUdqes_-FSbnYSStacbCZ7DD_irMDULyklQseasGKhd0kduMtpvsco-6V9lQsOUj9cy27l39fFOj6b2JaMDULedgWNULkIgII6FvwjKYeRs","message_id":"0:1394182924167952%da147a64f9fd7ecd"},{"registration_id":"APA91bG930xPzfbgJxZOAmLL337FCCuzlzt16I0NOJA-8U6OYTYsgPpoldP-LvygwcTrfUMqXKuqrUdqes_-FSbnYSStacbCZ7DD_irMDULyklQseasGKhd0kduMtpvsco-6V9lQsOUj9cy27l39fFOj6b2JaMDULedgWNULkIgII6FvwjKYeRs","message_id":"0:1394182924156886%da147a64f9fd7ecd"},{"registration_id":"APA91bG930xPzfbgJxZOAmLL337FCCuzlzt16I0NOJA-8U6OYTYsgPpoldP-LvygwcTrfUMqXKuqrUdqes_-FSbnYSStacbCZ7DD_irMDULyklQseasGKhd0kduMtpvsco-6V9lQsOUj9cy27l39fFOj6b2JaMDULedgWNULkIgII6FvwjKYeRs","message_id":"0:1394182924168284%da147a64f9fd7ecd"},{"registration_id":"APA91bG930xPzfbgJxZOAmLL337FCCuzlzt16I0NOJA-8U6OYTYsgPpoldP-LvygwcTrfUMqXKuqrUdqes_-FSbnYSStacbCZ7DD_irMDULyklQseasGKhd0kduMtpvsco-6V9lQsOUj9cy27l39fFOj6b2JaMDULedgWNULkIgII6FvwjKYeRs","message_id":"0:1394182924153971%da147a64f9fd7ecd"},{"registration_id":"APA91bG930xPzfbgJxZOAmLL337FCCuzlzt16I0NOJA-8U6OYTYsgPpoldP-LvygwcTrfUMqXKuqrUdqes_-FSbnYSStacbCZ7DD_irMDULyklQseasGKhd0kduMtpvsco-6V9lQsOUj9cy27l39fFOj6b2JaMDULedgWNULkIgII6FvwjKYeRs","message_id":"0:1394182924159882%da147a64f9fd7ecd"},{"registration_id":"APA91bG930xPzfbgJxZOAmLL337FCCuzlzt16I0NOJA-8U6OYTYsgPpoldP-LvygwcTrfUMqXKuqrUdqes_-FSbnYSStacbCZ7DD_irMDULyklQseasGKhd0kduMtpvsco-6V9lQsOUj9cy27l39fFOj6b2JaMDULedgWNULkIgII6FvwjKYeRs","message_id":"0:1394182924155955%da147a64f9fd7ecd"},{"registration_id":"APA91bG930xPzfbgJxZOAmLL337FCCuzlzt16I0NOJA-8U6OYTYsgPpoldP-LvygwcTrfUMqXKuqrUdqes_-FSbnYSStacbCZ7DD_irMDULyklQseasGKhd0kduMtpvsco-6V9lQsOUj9cy27l39fFOj6b2JaMDULedgWNULkIgII6FvwjKYeRs","message_id":"0:1394182924161678%da147a64f9fd7ecd"},{"registration_id":"APA91bG930xPzfbgJxZOAmLL337FCCuzlzt16I0NOJA-8U6OYTYsgPpoldP-LvygwcTrfUMqXKuqrUdqes_-FSbnYSStacbCZ7DD_irMDULyklQseasGKhd0kduMtpvsco-6V9lQsOUj9cy27l39fFOj6b2JaMDULedgWNULkIgII6FvwjKYeRs","message_id":"0:1394182924155002%da147a64f9fd7ecd"},{"registration_id":"APA91bG930xPzfbgJxZOAmLL337FCCuzlzt16I0NOJA-8U6OYTYsgPpoldP-LvygwcTrfUMqXKuqrUdqes_-FSbnYSStacbCZ7DD_irMDULyklQseasGKhd0kduMtpvsco-6V9lQsOUj9cy27l39fFOj6b2JaMDULedgWNULkIgII6FvwjKYeRs","message_id":"0:1394182924157587%da147a64f9fd7ecd"},{"registration_id":"APA91bG930xPzfbgJxZOAmLL337FCCuzlzt16I0NOJA-8U6OYTYsgPpoldP-LvygwcTrfUMqXKuqrUdqes_-FSbnYSStacbCZ7DD_irMDULyklQseasGKhd0kduMtpvsco-6V9lQsOUj9cy27l39fFOj6b2JaMDULedgWNULkIgII6FvwjKYeRs","message_id":"0:1394182924153977%da147a64f9fd7ecd"},{"registration_id":"APA91bG930xPzfbgJxZOAmLL337FCCuzlzt16I0NOJA-8U6OYTYsgPpoldP-LvygwcTrfUMqXKuqrUdqes_-FSbnYSStacbCZ7DD_irMDULyklQseasGKhd0kduMtpvsco-6V9lQsOUj9cy27l39fFOj6b2JaMDULedgWNULkIgII6FvwjKYeRs","message_id":"0:1394182924167819%da147a64f9fd7ecd"},{"registration_id":"APA91bG930xPzfbgJxZOAmLL337FCCuzlzt16I0NOJA-8U6OYTYsgPpoldP-LvygwcTrfUMqXKuqrUdqes_-FSbnYSStacbCZ7DD_irMDULyklQseasGKhd0kduMtpvsco-6V9lQsOUj9cy27l39fFOj6b2JaMDULedgWNULkIgII6FvwjKYeRs","message_id":"0:1394182924156891%da147a64f9fd7ecd"},{"registration_id":"APA91bG930xPzfbgJxZOAmLL337FCCuzlzt16I0NOJA-8U6OYTYsgPpoldP-LvygwcTrfUMqXKuqrUdqes_-FSbnYSStacbCZ7DD_irMDULyklQseasGKhd0kduMtpvsco-6V9lQsOUj9cy27l39fFOj6b2JaMDULedgWNULkIgII6FvwjKYeRs","message_id":"0:1394182924152885%da147a64f9fd7ecd"},{"registration_id":"APA91bG930xPzfbgJxZOAmLL337FCCuzlzt16I0NOJA-8U6OYTYsgPpoldP-LvygwcTrfUMqXKuqrUdqes_-FSbnYSStacbCZ7DD_irMDULyklQseasGKhd0kduMtpvsco-6V9lQsOUj9cy27l39fFOj6b2JaMDULedgWNULkIgII6FvwjKYeRs","message_id":"0:1394182924156893%da147a64f9fd7ecd"},{"registration_id":"APA91bG930xPzfbgJxZOAmLL337FCCuzlzt16I0NOJA-8U6OYTYsgPpoldP-LvygwcTrfUMqXKuqrUdqes_-FSbnYSStacbCZ7DD_irMDULyklQseasGKhd0kduMtpvsco-6V9lQsOUj9cy27l39fFOj6b2JaMDULedgWNULkIgII6FvwjKYeRs","message_id":"0:1394182924154999%da147a64f9fd7ecd"},{"registration_id":"APA91bG930xPzfbgJxZOAmLL337FCCuzlzt16I0NOJA-8U6OYTYsgPpoldP-LvygwcTrfUMqXKuqrUdqes_-FSbnYSStacbCZ7DD_irMDULyklQseasGKhd0kduMtpvsco-6V9lQsOUj9cy27l39fFOj6b2JaMDULedgWNULkIgII6FvwjKYeRs","message_id":"0:1394182924155965%da147a64f9fd7ecd"},{"registration_id":"APA91bG930xPzfbgJxZOAmLL337FCCuzlzt16I0NOJA-8U6OYTYsgPpoldP-LvygwcTrfUMqXKuqrUdqes_-FSbnYSStacbCZ7DD_irMDULyklQseasGKhd0kduMtpvsco-6V9lQsOUj9cy27l39fFOj6b2JaMDULedgWNULkIgII6FvwjKYeRs","message_id":"0:1394182924152875%da147a64f9fd7ecd"},{"registration_id":"APA91bG930xPzfbgJxZOAmLL337FCCuzlzt16I0NOJA-8U6OYTYsgPpoldP-LvygwcTrfUMqXKuqrUdqes_-FSbnYSStacbCZ7DD_irMDULyklQseasGKhd0kduMtpvsco-6V9lQsOUj9cy27l39fFOj6b2JaMDULedgWNULkIgII6FvwjKYeRs","message_id":"0:1394182924164377%da147a64f9fd7ecd"},{"registration_id":"APA91bG930xPzfbgJxZOAmLL337FCCuzlzt16I0NOJA-8U6OYTYsgPpoldP-LvygwcTrfUMqXKuqrUdqes_-FSbnYSStacbCZ7DD_irMDULyklQseasGKhd0kduMtpvsco-6V9lQsOUj9cy27l39fFOj6b2JaMDULedgWNULkIgII6FvwjKYeRs","message_id":"0:1394182924152883%da147a64f9fd7ecd"},{"registration_id":"APA91bG930xPzfbgJxZOAmLL337FCCuzlzt16I0NOJA-8U6OYTYsgPpoldP-LvygwcTrfUMqXKuqrUdqes_-FSbnYSStacbCZ7DD_irMDULyklQseasGKhd0kduMtpvsco-6V9lQsOUj9cy27l39fFOj6b2JaMDULedgWNULkIgII6FvwjKYeRs","message_id":"0:1394182924154970%da147a64f9fd7ecd"},{"registration_id":"APA91bG930xPzfbgJxZOAmLL337FCCuzlzt16I0NOJA-8U6OYTYsgPpoldP-LvygwcTrfUMqXKuqrUdqes_-FSbnYSStacbCZ7DD_irMDULyklQseasGKhd0kduMtpvsco-6V9lQsOUj9cy27l39fFOj6b2JaMDULedgWNULkIgII6FvwjKYeRs","message_id":"0:1394182924154997%da147a64f9fd7ecd"},{"registration_id":"APA91bG930xPzfbgJxZOAmLL337FCCuzlzt16I0NOJA-8U6OYTYsgPpoldP-LvygwcTrfUMqXKuqrUdqes_-FSbnYSStacbCZ7DD_irMDULyklQseasGKhd0kduMtpvsco-6V9lQsOUj9cy27l39fFOj6b2JaMDULedgWNULkIgII6FvwjKYeRs","message_id":"0:1394182924154829%da147a64f9fd7ecd"},{"registration_id":"APA91bG930xPzfbgJxZOAmLL337FCCuzlzt16I0NOJA-8U6OYTYsgPpoldP-LvygwcTrfUMqXKuqrUdqes_-FSbnYSStacbCZ7DD_irMDULyklQseasGKhd0kduMtpvsco-6V9lQsOUj9cy27l39fFOj6b2JaMDULedgWNULkIgII6FvwjKYeRs","message_id":"0:1394182924152841%da147a64f9fd7ecd"},{"registration_id":"APA91bG930xPzfbgJxZOAmLL337FCCuzlzt16I0NOJA-8U6OYTYsgPpoldP-LvygwcTrfUMqXKuqrUdqes_-FSbnYSStacbCZ7DD_irMDULyklQseasGKhd0kduMtpvsco-6V9lQsOUj9cy27l39fFOj6b2JaMDULedgWNULkIgII6FvwjKYeRs","message_id":"0:1394182924155951%da147a64f9fd7ecd"},{"registration_id":"APA91bG930xPzfbgJxZOAmLL337FCCuzlzt16I0NOJA-8U6OYTYsgPpoldP-LvygwcTrfUMqXKuqrUdqes_-FSbnYSStacbCZ7DD_irMDULyklQseasGKhd0kduMtpvsco-6V9lQsOUj9cy27l39fFOj6b2JaMDULedgWNULkIgII6FvwjKYeRs","message_id":"0:1394182924154823%da147a64f9fd7ecd"},{"registration_id":"APA91bG930xPzfbgJxZOAmLL337FCCuzlzt16I0NOJA-8U6OYTYsgPpoldP-LvygwcTrfUMqXKuqrUdqes_-FSbnYSStacbCZ7DD_irMDULyklQseasGKhd0kduMtpvsco-6V9lQsOUj9cy27l39fFOj6b2JaMDULedgWNULkIgII6FvwjKYeRs","message_id":"0:1394182924152720%da147a64f9fd7ecd"},{"registration_id":"APA91bG930xPzfbgJxZOAmLL337FCCuzlzt16I0NOJA-8U6OYTYsgPpoldP-LvygwcTrfUMqXKuqrUdqes_-FSbnYSStacbCZ7DD_irMDULyklQseasGKhd0kduMtpvsco-6V9lQsOUj9cy27l39fFOj6b2JaMDULedgWNULkIgII6FvwjKYeRs","message_id":"0:1394182924154827%da147a64f9fd7ecd"},{"registration_id":"APA91bG930xPzfbgJxZOAmLL337FCCuzlzt16I0NOJA-8U6OYTYsgPpoldP-LvygwcTrfUMqXKuqrUdqes_-FSbnYSStacbCZ7DD_irMDULyklQseasGKhd0kduMtpvsco-6V9lQsOUj9cy27l39fFOj6b2JaMDULedgWNULkIgII6FvwjKYeRs","message_id":"0:1394182924155960%da147a64f9fd7ecd"},{"registration_id":"APA91bG930xPzfbgJxZOAmLL337FCCuzlzt16I0NOJA-8U6OYTYsgPpoldP-LvygwcTrfUMqXKuqrUdqes_-FSbnYSStacbCZ7DD_irMDULyklQseasGKhd0kduMtpvsco-6V9lQsOUj9cy27l39fFOj6b2JaMDULedgWNULkIgII6FvwjKYeRs","message_id":"0:1394182924157848%da147a64f9fd7ecd"},{"registration_id":"APA91bG930xPzfbgJxZOAmLL337FCCuzlzt16I0NOJA-8U6OYTYsgPpoldP-LvygwcTrfUMqXKuqrUdqes_-FSbnYSStacbCZ7DD_irMDULyklQseasGKhd0kduMtpvsco-6V9lQsOUj9cy27l39fFOj6b2JaMDULedgWNULkIgII6FvwjKYeRs","message_id":"0:1394182924154971%da147a64f9fd7ecd"},{"registration_id":"APA91bG930xPzfbgJxZOAmLL337FCCuzlzt16I0NOJA-8U6OYTYsgPpoldP-LvygwcTrfUMqXKuqrUdqes_-FSbnYSStacbCZ7DD_irMDULyklQseasGKhd0kduMtpvsco-6V9lQsOUj9cy27l39fFOj6b2JaMDULedgWNULkIgII6FvwjKYeRs","message_id":"0:1394182924155967%da147a64f9fd7ecd"},{"registration_id":"APA91bG930xPzfbgJxZOAmLL337FCCuzlzt16I0NOJA-8U6OYTYsgPpoldP-LvygwcTrfUMqXKuqrUdqes_-FSbnYSStacbCZ7DD_irMDULyklQseasGKhd0kduMtpvsco-6V9lQsOUj9cy27l39fFOj6b2JaMDULedgWNULkIgII6FvwjKYeRs","message_id":"0:1394182924159876%da147a64f9fd7ecd"},{"registration_id":"APA91bG930xPzfbgJxZOAmLL337FCCuzlzt16I0NOJA-8U6OYTYsgPpoldP-LvygwcTrfUMqXKuqrUdqes_-FSbnYSStacbCZ7DD_irMDULyklQseasGKhd0kduMtpvsco-6V9lQsOUj9cy27l39fFOj6b2JaMDULedgWNULkIgII6FvwjKYeRs","message_id":"0:1394182924166239%da147a64f9fd7ecd"},{"registration_id":"APA91bG930xPzfbgJxZOAmLL337FCCuzlzt16I0NOJA-8U6OYTYsgPpoldP-LvygwcTrfUMqXKuqrUdqes_-FSbnYSStacbCZ7DD_irMDULyklQseasGKhd0kduMtpvsco-6V9lQsOUj9cy27l39fFOj6b2JaMDULedgWNULkIgII6FvwjKYeRs","message_id":"0:1394182924167610%da147a64f9fd7ecd"},{"registration_id":"APA91bG930xPzfbgJxZOAmLL337FCCuzlzt16I0NOJA-8U6OYTYsgPpoldP-LvygwcTrfUMqXKuqrUdqes_-FSbnYSStacbCZ7DD_irMDULyklQseasGKhd0kduMtpvsco-6V9lQsOUj9cy27l39fFOj6b2JaMDULedgWNULkIgII6FvwjKYeRs","message_id":"0:1394182924155807%da147a64f9fd7ecd"},{"registration_id":"APA91bG930xPzfbgJxZOAmLL337FCCuzlzt16I0NOJA-8U6OYTYsgPpoldP-LvygwcTrfUMqXKuqrUdqes_-FSbnYSStacbCZ7DD_irMDULyklQseasGKhd0kduMtpvsco-6V9lQsOUj9cy27l39fFOj6b2JaMDULedgWNULkIgII6FvwjKYeRs","message_id":"0:1394182924159884%da147a64f9fd7ecd"},{"registration_id":"APA91bG930xPzfbgJxZOAmLL337FCCuzlzt16I0NOJA-8U6OYTYsgPpoldP-LvygwcTrfUMqXKuqrUdqes_-FSbnYSStacbCZ7DD_irMDULyklQseasGKhd0kduMtpvsco-6V9lQsOUj9cy27l39fFOj6b2JaMDULedgWNULkIgII6FvwjKYeRs","message_id":"0:1394182924156889%da147a64f9fd7ecd"},{"registration_id":"APA91bG930xPzfbgJxZOAmLL337FCCuzlzt16I0NOJA-8U6OYTYsgPpoldP-LvygwcTrfUMqXKuqrUdqes_-FSbnYSStacbCZ7DD_irMDULyklQseasGKhd0kduMtpvsco-6V9lQsOUj9cy27l39fFOj6b2JaMDULedgWNULkIgII6FvwjKYeRs","message_id":"0:1394182924156884%da147a64f9fd7ecd"},{"registration_id":"APA91bG930xPzfbgJxZOAmLL337FCCuzlzt16I0NOJA-8U6OYTYsgPpoldP-LvygwcTrfUMqXKuqrUdqes_-FSbnYSStacbCZ7DD_irMDULyklQseasGKhd0kduMtpvsco-6V9lQsOUj9cy27l39fFOj6b2JaMDULedgWNULkIgII6FvwjKYeRs","message_id":"0:1394182924160806%da147a64f9fd7ecd"},{"registration_id":"APA91bG930xPzfbgJxZOAmLL337FCCuzlzt16I0NOJA-8U6OYTYsgPpoldP-LvygwcTrfUMqXKuqrUdqes_-FSbnYSStacbCZ7DD_irMDULyklQseasGKhd0kduMtpvsco-6V9lQsOUj9cy27l39fFOj6b2JaMDULedgWNULkIgII6FvwjKYeRs","message_id":"0:1394182924155001%da147a64f9fd7ecd"},{"registration_id":"APA91bG930xPzfbgJxZOAmLL337FCCuzlzt16I0NOJA-8U6OYTYsgPpoldP-LvygwcTrfUMqXKuqrUdqes_-FSbnYSStacbCZ7DD_irMDULyklQseasGKhd0kduMtpvsco-6V9lQsOUj9cy27l39fFOj6b2JaMDULedgWNULkIgII6FvwjKYeRs","message_id":"0:1394182924158799%da147a64f9fd7ecd"},{"registration_id":"APA91bG930xPzfbgJxZOAmLL337FCCuzlzt16I0NOJA-8U6OYTYsgPpoldP-LvygwcTrfUMqXKuqrUdqes_-FSbnYSStacbCZ7DD_irMDULyklQseasGKhd0kduMtpvsco-6V9lQsOUj9cy27l39fFOj6b2JaMDULedgWNULkIgII6FvwjKYeRs","message_id":"0:1394182924154825%da147a64f9fd7ecd"},{"registration_id":"APA91bG930xPzfbgJxZOAmLL337FCCuzlzt16I0NOJA-8U6OYTYsgPpoldP-LvygwcTrfUMqXKuqrUdqes_-FSbnYSStacbCZ7DD_irMDULyklQseasGKhd0kduMtpvsco-6V9lQsOUj9cy27l39fFOj6b2JaMDULedgWNULkIgII6FvwjKYeRs","message_id":"0:1394182924156895%da147a64f9fd7ecd"},{"registration_id":"APA91bG930xPzfbgJxZOAmLL337FCCuzlzt16I0NOJA-8U6OYTYsgPpoldP-LvygwcTrfUMqXKuqrUdqes_-FSbnYSStacbCZ7DD_irMDULyklQseasGKhd0kduMtpvsco-6V9lQsOUj9cy27l39fFOj6b2JaMDULedgWNULkIgII6FvwjKYeRs","message_id":"0:1394182924169939%da147a64f9fd7ecd"},{"registration_id":"APA91bG930xPzfbgJxZOAmLL337FCCuzlzt16I0NOJA-8U6OYTYsgPpoldP-LvygwcTrfUMqXKuqrUdqes_-FSbnYSStacbCZ7DD_irMDULyklQseasGKhd0kduMtpvsco-6V9lQsOUj9cy27l39fFOj6b2JaMDULedgWNULkIgII6FvwjKYeRs","message_id":"0:1394182924155959%da147a64f9fd7ecd"},{"registration_id":"APA91bGQUCzU8aDu5L5tQyzwJGNQmohpNyU7rpRaWSY2XS7q_Im1jpDpk8mogPH6g004F5tX5H0up1UhegelNYcS2YaYZqAG5rF5qWWbxc4GTnPxLSs-4Ca21iZzPoLzkMQbwxvB7XMM3kXOxM6fzzWdPJ9CiNSlS-ffXVcfssjmMEl1GR3ulmk","message_id":"0:1394182924153681%da147a64f9fd7ecd"},{"registration_id":"APA91bGzM-AZNXVnUGkV34e9PEBnKMiiEt6nhXiSkb9Xfwn4LrgH0OPiXidyngnXCnenrOudqTO4pY5bmD-2DqRIpiDGp0L4ro71Lo4KYZw864pQne90FYjS80MH9kyOxBlkn3X6BOJqo0VAQVimKFWALRPvS0Clluto7riKvZCmr3jytAoMPgc","message_id":"0:1394182924150934%da147a64f9fd7ecd"},{"registration_id":"APA91bG930xPzfbgJxZOAmLL337FCCuzlzt16I0NOJA-8U6OYTYsgPpoldP-LvygwcTrfUMqXKuqrUdqes_-FSbnYSStacbCZ7DD_irMDULyklQseasGKhd0kduMtpvsco-6V9lQsOUj9cy27l39fFOj6b2JaMDULedgWNULkIgII6FvwjKYeRs","message_id":"0:1394182924169942%da147a64f9fd7ecd"},{"registration_id":"APA91bG930xPzfbgJxZOAmLL337FCCuzlzt16I0NOJA-8U6OYTYsgPpoldP-LvygwcTrfUMqXKuqrUdqes_-FSbnYSStacbCZ7DD_irMDULyklQseasGKhd0kduMtpvsco-6V9lQsOUj9cy27l39fFOj6b2JaMDULedgWNULkIgII6FvwjKYeRs","message_id":"0:1394182924160138%da147a64f9fd7ecd"},{"registration_id":"APA91bG930xPzfbgJxZOAmLL337FCCuzlzt16I0NOJA-8U6OYTYsgPpoldP-LvygwcTrfUMqXKuqrUdqes_-FSbnYSStacbCZ7DD_irMDULyklQseasGKhd0kduMtpvsco-6V9lQsOUj9cy27l39fFOj6b2JaMDULedgWNULkIgII6FvwjKYeRs","message_id":"0:1394182924170813%da147a64f9fd7ecd"},{"registration_id":"APA91bG930xPzfbgJxZOAmLL337FCCuzlzt16I0NOJA-8U6OYTYsgPpoldP-LvygwcTrfUMqXKuqrUdqes_-FSbnYSStacbCZ7DD_irMDULyklQseasGKhd0kduMtpvsco-6V9lQsOUj9cy27l39fFOj6b2JaMDULedgWNULkIgII6FvwjKYeRs","message_id":"0:1394182924157583%da147a64f9fd7ecd"},{"registration_id":"APA91bG930xPzfbgJxZOAmLL337FCCuzlzt16I0NOJA-8U6OYTYsgPpoldP-LvygwcTrfUMqXKuqrUdqes_-FSbnYSStacbCZ7DD_irMDULyklQseasGKhd0kduMtpvsco-6V9lQsOUj9cy27l39fFOj6b2JaMDULedgWNULkIgII6FvwjKYeRs","message_id":"0:1394182924162091%da147a64f9fd7ecd"},{"registration_id":"APA91bG930xPzfbgJxZOAmLL337FCCuzlzt16I0NOJA-8U6OYTYsgPpoldP-LvygwcTrfUMqXKuqrUdqes_-FSbnYSStacbCZ7DD_irMDULyklQseasGKhd0kduMtpvsco-6V9lQsOUj9cy27l39fFOj6b2JaMDULedgWNULkIgII6FvwjKYeRs","message_id":"0:1394182924157850%da147a64f9fd7ecd"},{"registration_id":"APA91bG930xPzfbgJxZOAmLL337FCCuzlzt16I0NOJA-8U6OYTYsgPpoldP-LvygwcTrfUMqXKuqrUdqes_-FSbnYSStacbCZ7DD_irMDULyklQseasGKhd0kduMtpvsco-6V9lQsOUj9cy27l39fFOj6b2JaMDULedgWNULkIgII6FvwjKYeRs","message_id":"0:1394182924157852%da147a64f9fd7ecd"},{"registration_id":"APA91bG930xPzfbgJxZOAmLL337FCCuzlzt16I0NOJA-8U6OYTYsgPpoldP-LvygwcTrfUMqXKuqrUdqes_-FSbnYSStacbCZ7DD_irMDULyklQseasGKhd0kduMtpvsco-6V9lQsOUj9cy27l39fFOj6b2JaMDULedgWNULkIgII6FvwjKYeRs","message_id":"0:1394182924157585%da147a64f9fd7ecd"},{"registration_id":"APA91bG930xPzfbgJxZOAmLL337FCCuzlzt16I0NOJA-8U6OYTYsgPpoldP-LvygwcTrfUMqXKuqrUdqes_-FSbnYSStacbCZ7DD_irMDULyklQseasGKhd0kduMtpvsco-6V9lQsOUj9cy27l39fFOj6b2JaMDULedgWNULkIgII6FvwjKYeRs","message_id":"0:1394182924155957%da147a64f9fd7ecd"},{"registration_id":"APA91bG930xPzfbgJxZOAmLL337FCCuzlzt16I0NOJA-8U6OYTYsgPpoldP-LvygwcTrfUMqXKuqrUdqes_-FSbnYSStacbCZ7DD_irMDULyklQseasGKhd0kduMtpvsco-6V9lQsOUj9cy27l39fFOj6b2JaMDULedgWNULkIgII6FvwjKYeRs","message_id":"0:1394182924161982%da147a64f9fd7ecd"},{"registration_id":"APA91bG930xPzfbgJxZOAmLL337FCCuzlzt16I0NOJA-8U6OYTYsgPpoldP-LvygwcTrfUMqXKuqrUdqes_-FSbnYSStacbCZ7DD_irMDULyklQseasGKhd0kduMtpvsco-6V9lQsOUj9cy27l39fFOj6b2JaMDULedgWNULkIgII6FvwjKYeRs","message_id":"0:1394182924158896%da147a64f9fd7ecd"},{"registration_id":"APA91bG930xPzfbgJxZOAmLL337FCCuzlzt16I0NOJA-8U6OYTYsgPpoldP-LvygwcTrfUMqXKuqrUdqes_-FSbnYSStacbCZ7DD_irMDULyklQseasGKhd0kduMtpvsco-6V9lQsOUj9cy27l39fFOj6b2JaMDULedgWNULkIgII6FvwjKYeRs","message_id":"0:1394182924161674%da147a64f9fd7ecd"},{"registration_id":"APA91bG930xPzfbgJxZOAmLL337FCCuzlzt16I0NOJA-8U6OYTYsgPpoldP-LvygwcTrfUMqXKuqrUdqes_-FSbnYSStacbCZ7DD_irMDULyklQseasGKhd0kduMtpvsco-6V9lQsOUj9cy27l39fFOj6b2JaMDULedgWNULkIgII6FvwjKYeRs","message_id":"0:1394182924159327%da147a64f9fd7ecd"},{"registration_id":"APA91bG930xPzfbgJxZOAmLL337FCCuzlzt16I0NOJA-8U6OYTYsgPpoldP-LvygwcTrfUMqXKuqrUdqes_-FSbnYSStacbCZ7DD_irMDULyklQseasGKhd0kduMtpvsco-6V9lQsOUj9cy27l39fFOj6b2JaMDULedgWNULkIgII6FvwjKYeRs","message_id":"0:1394182924155963%da147a64f9fd7ecd"},{"registration_id":"APA91bG930xPzfbgJxZOAmLL337FCCuzlzt16I0NOJA-8U6OYTYsgPpoldP-LvygwcTrfUMqXKuqrUdqes_-FSbnYSStacbCZ7DD_irMDULyklQseasGKhd0kduMtpvsco-6V9lQsOUj9cy27l39fFOj6b2JaMDULedgWNULkIgII6FvwjKYeRs","message_id":"0:1394182924159880%da147a64f9fd7ecd"},{"registration_id":"APA91bG930xPzfbgJxZOAmLL337FCCuzlzt16I0NOJA-8U6OYTYsgPpoldP-LvygwcTrfUMqXKuqrUdqes_-FSbnYSStacbCZ7DD_irMDULyklQseasGKhd0kduMtpvsco-6V9lQsOUj9cy27l39fFOj6b2JaMDULedgWNULkIgII6FvwjKYeRs","message_id":"0:1394182924163940%da147a64f9fd7ecd"},{"registration_id":"APA91bHxILjYbMWEMhHhyilqLH3CvOaUT1LjaOi0PtmIHIr3hGOTGQm2q73vntwTvi_SJAJceK33Oo57P9x9p8HoH8PGSiTZKlJUYo__2Ox1HjHezTHMZO8m4pLmkrj31SXI-zcMSf41b2XUuh8ZeaplepuLlVAdwlxiAI4OZzG8pgjY66Yv64w","message_id":"0:1394182924153973%da147a64f9fd7ecd"},{"registration_id":"APA91bHxILjYbMWEMhHhyilqLH3CvOaUT1LjaOi0PtmIHIr3hGOTGQm2q73vntwTvi_SJAJceK33Oo57P9x9p8HoH8PGSiTZKlJUYo__2Ox1HjHezTHMZO8m4pLmkrj31SXI-zcMSf41b2XUuh8ZeaplepuLlVAdwlxiAI4OZzG8pgjY66Yv64w","message_id":"0:1394182924153995%da147a64f9fd7ecd"},{"registration_id":"APA91bG930xPzfbgJxZOAmLL337FCCuzlzt16I0NOJA-8U6OYTYsgPpoldP-LvygwcTrfUMqXKuqrUdqes_-FSbnYSStacbCZ7DD_irMDULyklQseasGKhd0kduMtpvsco-6V9lQsOUj9cy27l39fFOj6b2JaMDULedgWNULkIgII6FvwjKYeRs","message_id":"0:1394182924163997%da147a64f9fd7ecd"},{"registration_id":"APA91bG930xPzfbgJxZOAmLL337FCCuzlzt16I0NOJA-8U6OYTYsgPpoldP-LvygwcTrfUMqXKuqrUdqes_-FSbnYSStacbCZ7DD_irMDULyklQseasGKhd0kduMtpvsco-6V9lQsOUj9cy27l39fFOj6b2JaMDULedgWNULkIgII6FvwjKYeRs","message_id":"0:1394182924159878%da147a64f9fd7ecd"},{"registration_id":"APA91bG930xPzfbgJxZOAmLL337FCCuzlzt16I0NOJA-8U6OYTYsgPpoldP-LvygwcTrfUMqXKuqrUdqes_-FSbnYSStacbCZ7DD_irMDULyklQseasGKhd0kduMtpvsco-6V9lQsOUj9cy27l39fFOj6b2JaMDULedgWNULkIgII6FvwjKYeRs","message_id":"0:1394182924166486%da147a64f9fd7ecd"},{"registration_id":"APA91bHHQvVWBN6IleLDLmaL9hNDJ5S_Wx0t56Tny7CLx9tj0746aTHOrOPyFBOwP-t3_-uLl5_kWS0s4xKa-OYPhVAL6HABsUNqzMLtsZed36duuKmou5uKRG4b6kzDXpg_6N1_oWJnjs9J6VFmTCY2u0lTvt0PMmqSf5b_TabkuunFtBxx77g","message_id":"0:1394182924153992%da147a64f9fd7ecd"},{"registration_id":"APA91bG930xPzfbgJxZOAmLL337FCCuzlzt16I0NOJA-8U6OYTYsgPpoldP-LvygwcTrfUMqXKuqrUdqes_-FSbnYSStacbCZ7DD_irMDULyklQseasGKhd0kduMtpvsco-6V9lQsOUj9cy27l39fFOj6b2JaMDULedgWNULkIgII6FvwjKYeRs","message_id":"0:1394182924172193%da147a64f9fd7ecd"},{"registration_id":"APA91bG930xPzfbgJxZOAmLL337FCCuzlzt16I0NOJA-8U6OYTYsgPpoldP-LvygwcTrfUMqXKuqrUdqes_-FSbnYSStacbCZ7DD_irMDULyklQseasGKhd0kduMtpvsco-6V9lQsOUj9cy27l39fFOj6b2JaMDULedgWNULkIgII6FvwjKYeRs","message_id":"0:1394182924165548%da147a64f9fd7ecd"},{"registration_id":"APA91bG930xPzfbgJxZOAmLL337FCCuzlzt16I0NOJA-8U6OYTYsgPpoldP-LvygwcTrfUMqXKuqrUdqes_-FSbnYSStacbCZ7DD_irMDULyklQseasGKhd0kduMtpvsco-6V9lQsOUj9cy27l39fFOj6b2JaMDULedgWNULkIgII6FvwjKYeRs","message_id":"0:1394182924169944%da147a64f9fd7ecd"},{"registration_id":"APA91bG930xPzfbgJxZOAmLL337FCCuzlzt16I0NOJA-8U6OYTYsgPpoldP-LvygwcTrfUMqXKuqrUdqes_-FSbnYSStacbCZ7DD_irMDULyklQseasGKhd0kduMtpvsco-6V9lQsOUj9cy27l39fFOj6b2JaMDULedgWNULkIgII6FvwjKYeRs","message_id":"0:1394182924169299%da147a64f9fd7ecd"},{"registration_id":"APA91bG930xPzfbgJxZOAmLL337FCCuzlzt16I0NOJA-8U6OYTYsgPpoldP-LvygwcTrfUMqXKuqrUdqes_-FSbnYSStacbCZ7DD_irMDULyklQseasGKhd0kduMtpvsco-6V9lQsOUj9cy27l39fFOj6b2JaMDULedgWNULkIgII6FvwjKYeRs","message_id":"0:1394182924168556%da147a64f9fd7ecd"},{"registration_id":"APA91bG930xPzfbgJxZOAmLL337FCCuzlzt16I0NOJA-8U6OYTYsgPpoldP-LvygwcTrfUMqXKuqrUdqes_-FSbnYSStacbCZ7DD_irMDULyklQseasGKhd0kduMtpvsco-6V9lQsOUj9cy27l39fFOj6b2JaMDULedgWNULkIgII6FvwjKYeRs","message_id":"0:1394182924168805%da147a64f9fd7ecd"},{"registration_id":"APA91bG930xPzfbgJxZOAmLL337FCCuzlzt16I0NOJA-8U6OYTYsgPpoldP-LvygwcTrfUMqXKuqrUdqes_-FSbnYSStacbCZ7DD_irMDULyklQseasGKhd0kduMtpvsco-6V9lQsOUj9cy27l39fFOj6b2JaMDULedgWNULkIgII6FvwjKYeRs","message_id":"0:1394182924163938%da147a64f9fd7ecd"},{"registration_id":"APA91bG930xPzfbgJxZOAmLL337FCCuzlzt16I0NOJA-8U6OYTYsgPpoldP-LvygwcTrfUMqXKuqrUdqes_-FSbnYSStacbCZ7DD_irMDULyklQseasGKhd0kduMtpvsco-6V9lQsOUj9cy27l39fFOj6b2JaMDULedgWNULkIgII6FvwjKYeRs","message_id":"0:1394182924169946%da147a64f9fd7ecd"},{"registration_id":"APA91bG930xPzfbgJxZOAmLL337FCCuzlzt16I0NOJA-8U6OYTYsgPpoldP-LvygwcTrfUMqXKuqrUdqes_-FSbnYSStacbCZ7DD_irMDULyklQseasGKhd0kduMtpvsco-6V9lQsOUj9cy27l39fFOj6b2JaMDULedgWNULkIgII6FvwjKYeRs","message_id":"0:1394182924161573%da147a64f9fd7ecd"},{"message_id":"0:1394182924166514%da147a64f9fd7ecd"},{"registration_id":"APA91bGzM-AZNXVnUGkV34e9PEBnKMiiEt6nhXiSkb9Xfwn4LrgH0OPiXidyngnXCnenrOudqTO4pY5bmD-2DqRIpiDGp0L4ro71Lo4KYZw864pQne90FYjS80MH9kyOxBlkn3X6BOJqo0VAQVimKFWALRPvS0Clluto7riKvZCmr3jytAoMPgc","message_id":"0:1394182924151433%da147a64f9fd7ecd"},{"registration_id":"APA91bHxILjYbMWEMhHhyilqLH3CvOaUT1LjaOi0PtmIHIr3hGOTGQm2q73vntwTvi_SJAJceK33Oo57P9x9p8HoH8PGSiTZKlJUYo__2Ox1HjHezTHMZO8m4pLmkrj31SXI-zcMSf41b2XUuh8ZeaplepuLlVAdwlxiAI4OZzG8pgjY66Yv64w","message_id":"0:1394182924153969%da147a64f9fd7ecd"},{"registration_id":"APA91bGzM-AZNXVnUGkV34e9PEBnKMiiEt6nhXiSkb9Xfwn4LrgH0OPiXidyngnXCnenrOudqTO4pY5bmD-2DqRIpiDGp0L4ro71Lo4KYZw864pQne90FYjS80MH9kyOxBlkn3X6BOJqo0VAQVimKFWALRPvS0Clluto7riKvZCmr3jytAoMPgc","message_id":"0:1394182924152719%da147a64f9fd7ecd"},{"registration_id":"APA91bHxILjYbMWEMhHhyilqLH3CvOaUT1LjaOi0PtmIHIr3hGOTGQm2q73vntwTvi_SJAJceK33Oo57P9x9p8HoH8PGSiTZKlJUYo__2Ox1HjHezTHMZO8m4pLmkrj31SXI-zcMSf41b2XUuh8ZeaplepuLlVAdwlxiAI4OZzG8pgjY66Yv64w","message_id":"0:1394182924154004%da147a64f9fd7ecd"},{"registration_id":"APA91bHxILjYbMWEMhHhyilqLH3CvOaUT1LjaOi0PtmIHIr3hGOTGQm2q73vntwTvi_SJAJceK33Oo57P9x9p8HoH8PGSiTZKlJUYo__2Ox1HjHezTHMZO8m4pLmkrj31SXI-zcMSf41b2XUuh8ZeaplepuLlVAdwlxiAI4OZzG8pgjY66Yv64w","message_id":"0:1394182924154745%da147a64f9fd7ecd"},{"registration_id":"APA91bGzM-AZNXVnUGkV34e9PEBnKMiiEt6nhXiSkb9Xfwn4LrgH0OPiXidyngnXCnenrOudqTO4pY5bmD-2DqRIpiDGp0L4ro71Lo4KYZw864pQne90FYjS80MH9kyOxBlkn3X6BOJqo0VAQVimKFWALRPvS0Clluto7riKvZCmr3jytAoMPgc","message_id":"0:1394182924152835%da147a64f9fd7ecd"},{"registration_id":"APA91bGzM-AZNXVnUGkV34e9PEBnKMiiEt6nhXiSkb9Xfwn4LrgH0OPiXidyngnXCnenrOudqTO4pY5bmD-2DqRIpiDGp0L4ro71Lo4KYZw864pQne90FYjS80MH9kyOxBlkn3X6BOJqo0VAQVimKFWALRPvS0Clluto7riKvZCmr3jytAoMPgc","message_id":"0:1394182924152881%da147a64f9fd7ecd"},{"registration_id":"APA91bGzM-AZNXVnUGkV34e9PEBnKMiiEt6nhXiSkb9Xfwn4LrgH0OPiXidyngnXCnenrOudqTO4pY5bmD-2DqRIpiDGp0L4ro71Lo4KYZw864pQne90FYjS80MH9kyOxBlkn3X6BOJqo0VAQVimKFWALRPvS0Clluto7riKvZCmr3jytAoMPgc","message_id":"0:1394182924152002%da147a64f9fd7ecd"},{"message_id":"0:1394182924151791%da147a64f9fd7ecd"},{"registration_id":"APA91bGQUCzU8aDu5L5tQyzwJGNQmohpNyU7rpRaWSY2XS7q_Im1jpDpk8mogPH6g004F5tX5H0up1UhegelNYcS2YaYZqAG5rF5qWWbxc4GTnPxLSs-4Ca21iZzPoLzkMQbwxvB7XMM3kXOxM6fzzWdPJ9CiNSlS-ffXVcfssjmMEl1GR3ulmk","message_id":"0:1394182924152876%da147a64f9fd7ecd"},{"registration_id":"APA91bGQUCzU8aDu5L5tQyzwJGNQmohpNyU7rpRaWSY2XS7q_Im1jpDpk8mogPH6g004F5tX5H0up1UhegelNYcS2YaYZqAG5rF5qWWbxc4GTnPxLSs-4Ca21iZzPoLzkMQbwxvB7XMM3kXOxM6fzzWdPJ9CiNSlS-ffXVcfssjmMEl1GR3ulmk","message_id":"0:1394182924153978%da147a64f9fd7ecd"},{"registration_id":"APA91bHxILjYbMWEMhHhyilqLH3CvOaUT1LjaOi0PtmIHIr3hGOTGQm2q73vntwTvi_SJAJceK33Oo57P9x9p8HoH8PGSiTZKlJUYo__2Ox1HjHezTHMZO8m4pLmkrj31SXI-zcMSf41b2XUuh8ZeaplepuLlVAdwlxiAI4OZzG8pgjY66Yv64w","message_id":"0:1394182924153981%da147a64f9fd7ecd"},{"registration_id":"APA91bGQUCzU8aDu5L5tQyzwJGNQmohpNyU7rpRaWSY2XS7q_Im1jpDpk8mogPH6g004F5tX5H0up1UhegelNYcS2YaYZqAG5rF5qWWbxc4GTnPxLSs-4Ca21iZzPoLzkMQbwxvB7XMM3kXOxM6fzzWdPJ9CiNSlS-ffXVcfssjmMEl1GR3ulmk","message_id":"0:1394182924153732%da147a64f9fd7ecd"},{"registration_id":"APA91bHxILjYbMWEMhHhyilqLH3CvOaUT1LjaOi0PtmIHIr3hGOTGQm2q73vntwTvi_SJAJceK33Oo57P9x9p8HoH8PGSiTZKlJUYo__2Ox1HjHezTHMZO8m4pLmkrj31SXI-zcMSf41b2XUuh8ZeaplepuLlVAdwlxiAI4OZzG8pgjY66Yv64w","message_id":"0:1394182924154819%da147a64f9fd7ecd"},{"registration_id":"APA91bGQUCzU8aDu5L5tQyzwJGNQmohpNyU7rpRaWSY2XS7q_Im1jpDpk8mogPH6g004F5tX5H0up1UhegelNYcS2YaYZqAG5rF5qWWbxc4GTnPxLSs-4Ca21iZzPoLzkMQbwxvB7XMM3kXOxM6fzzWdPJ9CiNSlS-ffXVcfssjmMEl1GR3ulmk","message_id":"0:1394182924153994%da147a64f9fd7ecd"},{"message_id":"0:1394182924154817%da147a64f9fd7ecd"},{"message_id":"0:1394182924154000%da147a64f9fd7ecd"},{"message_id":"0:1394182924153975%da147a64f9fd7ecd"},{"message_id":"0:1394182924153998%da147a64f9fd7ecd"},{"message_id":"0:1394182924152839%da147a64f9fd7ecd"},{"message_id":"0:1394182924153966%da147a64f9fd7ecd"},{"message_id":"0:1394182924154002%da147a64f9fd7ecd"}]'),
(18, '2014-05-12 14:44:16', 'balaton', '{"message":"sdafgdagfdsgfsdggfsd"}', 0, 0, 0, 0, 'null'),
(19, '2014-05-12 14:44:16', 'balaton', '{"message":"tesztelget\\u00fcnk, tesztelget\\u00fcnk"}', 0, 0, 0, 0, 'null'),
(20, '2014-05-12 14:44:16', 'balaton', '{"message":"teszt20140408"}', 0, 0, 0, 0, 'null'),
(21, '2014-05-12 14:44:16', 'balaton', '{"message":"Ez egy GamiroGuide Push \\u00fczi. 14:31 kor ment el"}', 0, 0, 0, 0, 'null'),
(22, '2014-05-12 14:44:23', 'balaton', '{"message":"sdafgdagfdsgfsdggfsd"}', 0, 0, 0, 0, 'null'),
(23, '2014-05-12 14:44:23', 'balaton', '{"message":"tesztelget\\u00fcnk, tesztelget\\u00fcnk"}', 0, 0, 0, 0, 'null'),
(24, '2014-05-12 14:44:23', 'balaton', '{"message":"teszt20140408"}', 0, 0, 0, 0, 'null'),
(25, '2014-05-12 14:44:23', 'balaton', '{"message":"Ez egy GamiroGuide Push \\u00fczi. 14:31 kor ment el"}', 0, 0, 0, 0, 'null'),
(26, '2014-05-12 14:44:33', 'balaton', '{"message":"sdafgdagfdsgfsdggfsd"}', 0, 0, 0, 0, 'null'),
(27, '2014-05-12 14:44:33', 'balaton', '{"message":"tesztelget\\u00fcnk, tesztelget\\u00fcnk"}', 0, 0, 0, 0, 'null'),
(28, '2014-05-12 14:44:33', 'balaton', '{"message":"teszt20140408"}', 0, 0, 0, 0, 'null'),
(29, '2014-05-12 14:44:33', 'balaton', '{"message":"Ez egy GamiroGuide Push \\u00fczi. 14:31 kor ment el"}', 0, 0, 0, 0, 'null'),
(30, '2014-05-12 14:45:47', 'balaton', '{"message":"teszt"}', 0, 0, 0, 0, 'null'),
(31, '2014-05-12 14:45:49', 'balaton', '{"message":"teszt"}', 0, 0, 0, 0, 'null'),
(32, '2014-05-12 14:45:50', 'balaton', '{"message":"teszt"}', 0, 0, 0, 0, 'null'),
(33, '2014-05-12 15:38:49', 'balaton', '{"message":"gfhgfhgfhgf"}', 0, 0, 0, 0, 'null'),
(34, '2014-05-12 15:38:56', 'balaton', '{"message":"gfhgfhgfhgf"}', 0, 0, 0, 0, 'null'),
(35, '2014-05-12 15:38:59', 'balaton', '{"message":"gfhgfhgfhgf"}', 0, 0, 0, 0, 'null'),
(36, '2014-05-12 15:42:40', 'balaton', '{"message":"dfgfdgfdgfd"}', 2147483647, 2, 1, 0, '[{"error":"MismatchSenderId"},{"message_id":"0:1399902160548704%da147a64f9fd7ecd"},{"message_id":"0:1399902160548855%da147a64f9fd7ecd"}]'),
(37, '2014-05-12 15:48:32', 'balaton', '{"message":"fghdfghgdh fgdhtr hzt j6r7 jtz jztd jdzt jztd tzn tdz"}', 2147483647, 3, 1, 0, '[{"error":"MismatchSenderId"},{"message_id":"0:1399902512452943%da147a64f9fd7ecd"},{"message_id":"0:1399902512452941%da147a64f9fd7ecd"},{"message_id":"0:1399902512451785%da147a64f9fd7ecd"}]');

-- --------------------------------------------------------

--
-- Tábla szerkezet: `generated_passwords`
--

CREATE TABLE IF NOT EXISTS `generated_passwords` (
  `generated_password_id` int(10) unsigned NOT NULL auto_increment,
  `user_id` int(10) unsigned NOT NULL,
  `generated_password_code` char(64) NOT NULL COMMENT 'sha1 random valami',
  `generated_password_creation_time` timestamp NOT NULL default CURRENT_TIMESTAMP,
  `generated_password_used` int(10) unsigned NOT NULL default '0',
  PRIMARY KEY  (`generated_password_id`),
  UNIQUE KEY `generated_password_code` (`generated_password_code`),
  KEY `user_id` (`user_id`)
) ENGINE=InnoDB  DEFAULT CHARSET=utf8 AUTO_INCREMENT=62 ;

--
-- A tábla adatainak kiíratása `generated_passwords`
--

INSERT INTO `generated_passwords` (`generated_password_id`, `user_id`, `generated_password_code`, `generated_password_creation_time`, `generated_password_used`) VALUES
(21, 1, '42d22d51102e944305743868c311f534', '2014-02-10 20:34:54', 0),
(22, 1, '69b9c2fc2a9a477a13effb903a902a0f', '2014-02-10 20:35:02', 0),
(23, 1, 'a2391eea7f5f6c064bb0453b61f5da51', '2014-02-10 20:35:21', 0),
(24, 1, 'ff24e668b47f4cac8654dbe5fcde9a94', '2014-02-10 20:35:34', 0),
(57, 50, '943ab94038da0aca41371747092fcc672c0bfc79e01cdd99aa388c406fa400d9', '2014-03-24 10:18:41', 0),
(58, 52, 'fc2a79d9317337f1a8536a3d62a3cb9afaa184b4d35b7523e11a03f5cec37405', '2014-05-12 15:29:30', 0),
(59, 52, '3dca8ac147de6bc758769de6aa9ad8e0c8146a41e81c2305af15ac66b231437b', '2014-05-18 18:50:11', 0),
(60, 52, 'aff431ff20570d9b20030cf31e785cdc9c0df549a37156289fdbd98eba62b14e', '2014-05-18 18:50:30', 0),
(61, 52, 'def08162e6ece9dab74ab075d623146eeda5bb41be107e9a3f590787d7dd6fba', '2014-05-21 13:20:43', 0);

-- --------------------------------------------------------

--
-- Tábla szerkezet: `informations`
--

CREATE TABLE IF NOT EXISTS `informations` (
  `information_id` int(10) unsigned NOT NULL auto_increment,
  `app_id` int(11) unsigned NOT NULL,
  PRIMARY KEY  (`information_id`),
  KEY `app_id` (`app_id`)
) ENGINE=InnoDB  DEFAULT CHARSET=utf8 AUTO_INCREMENT=7 ;

--
-- A tábla adatainak kiíratása `informations`
--

INSERT INTO `informations` (`information_id`, `app_id`) VALUES
(4, 4),
(6, 4);

-- --------------------------------------------------------

--
-- Tábla szerkezet: `informations_data`
--

CREATE TABLE IF NOT EXISTS `informations_data` (
  `information_data_id` int(10) unsigned NOT NULL auto_increment,
  `information_id` int(10) unsigned NOT NULL,
  `language_id` int(10) unsigned NOT NULL,
  `information_group_name` varchar(50) NOT NULL,
  `information_label` varchar(50) NOT NULL,
  `information_text` text NOT NULL,
  PRIMARY KEY  (`information_data_id`),
  UNIQUE KEY `information_id_language_id` (`information_id`,`language_id`),
  KEY `information_id` (`information_id`),
  KEY `language_id` (`language_id`)
) ENGINE=InnoDB  DEFAULT CHARSET=utf8 AUTO_INCREMENT=38 ;

--
-- A tábla adatainak kiíratása `informations_data`
--

INSERT INTO `informations_data` (`information_data_id`, `information_id`, `language_id`, `information_group_name`, `information_label`, `information_text`) VALUES
(11, 4, 1, 'Balaton', 'Általános információk', '<p>A&nbsp;<strong>Balaton</strong>&nbsp;(becenev&eacute;n &bdquo;a magyar tenger&rdquo;;&nbsp;<a href="http://hu.wikipedia.org/wiki/Latin_nyelv">latinul</a>&nbsp;<em>Lacus Pelso</em>,&nbsp;<a href="http://hu.wikipedia.org/wiki/N%C3%A9met_nyelv">n&eacute;met&uuml;l</a>&nbsp;<em>Plattensee</em>)<a href="http://hu.wikipedia.org/wiki/Balaton#cite_note-1">[1]</a>&nbsp;<a href="http://hu.wikipedia.org/wiki/K%C3%B6z%C3%A9p-Eur%C3%B3pa">K&ouml;z&eacute;p-Eur&oacute;pa</a>&nbsp;legnagyobb tava,&nbsp;<a href="http://hu.wikipedia.org/wiki/Magyarorsz%C3%A1g_v%C3%ADzrajza">Magyarorsz&aacute;g v&iacute;zrajz&aacute;nak</a>&nbsp;meghat&aacute;roz&oacute; eleme. T&iacute;pusa a&nbsp;<a href="http://hu.wikipedia.org/wiki/Fert%C5%91">Fert&#337;</a>-t&oacute;hoz &eacute;s a&nbsp;<a href="http://hu.wikipedia.org/wiki/Velencei-t%C3%B3">Velencei-t&oacute;hoz</a>&nbsp;hasonl&oacute;an&nbsp;<a href="http://hu.wikipedia.org/wiki/Szikes_t%C3%B3">szikes t&oacute;</a>, ezek&nbsp;<a href="http://hu.wikipedia.org/wiki/Eur%C3%A1zsia">Eur&aacute;zsia</a>&nbsp;legnyugatabbra fekv&#337; ilyen jelleg&#369; tavai. 77&nbsp;km hossz&uacute;, sz&eacute;less&eacute;ge 1,3&ndash;14&nbsp;km k&ouml;z&ouml;tt ingadozik, &aacute;tlagosan 7,8&nbsp;km, fel&uuml;lete 594&nbsp;km&sup2;.</p><p>Keleti medenc&eacute;j&eacute;t a&nbsp;<a href="http://hu.wikipedia.org/wiki/Tihanyi-f%C3%A9lsziget">Tihanyi-f&eacute;lsziget</a>&nbsp;v&aacute;lasztja el a t&oacute; t&ouml;bbi r&eacute;sz&eacute;t&#337;l. D&eacute;li partj&aacute;n&aacute;l medre sek&eacute;lyebb. &Eacute;szaki oldal&aacute;n tal&aacute;lhat&oacute; a&nbsp;<a href="http://hu.wikipedia.org/wiki/Badacsonyi_borvid%C3%A9k">badacsonyi borvid&eacute;k</a>&nbsp;&eacute;s a&nbsp;<a href="http://hu.wikipedia.org/wiki/Tapolcai-medence">Tapolcai-medence</a>, jellegzetes&nbsp;<a href="http://hu.wikipedia.org/wiki/T%C5%B1zh%C3%A1ny%C3%B3">vulk&aacute;ni</a>&nbsp;<a href="http://hu.wikipedia.org/wiki/Tan%C3%BAhegy">tan&uacute;hegyeivel</a>. A t&oacute; egyes r&eacute;szein&nbsp;<a href="http://hu.wikipedia.org/wiki/Hal%C3%A1szat">hal&aacute;szat</a>&nbsp;folyik.</p><p>A Balaton &eacute;s k&ouml;rny&eacute;ke&nbsp;<a href="http://hu.wikipedia.org/wiki/Budapest">Budapest</a>&nbsp;mellett az orsz&aacute;g&nbsp;<a href="http://hu.wikipedia.org/wiki/Turizmus">turisztikailag</a>&nbsp;legl&aacute;togatottabb ter&uuml;lete, 2004-ben elnyerte az<a href="http://hu.wikipedia.org/wiki/%C3%96r%C3%B6ks%C3%A9g%C3%BCnk_%E2%80%93_Somogyorsz%C3%A1g_Kincse">&Ouml;r&ouml;ks&eacute;g&uuml;nk &ndash; Somogyorsz&aacute;g Kincse</a>&nbsp;c&iacute;met is.<a href="http://hu.wikipedia.org/wiki/Balaton#cite_note-2">[2]</a><a href="http://hu.wikipedia.org/wiki/Balaton#cite_note-3">[3]</a>&nbsp;K&ouml;rny&eacute;k&eacute;n&nbsp;<a href="http://hu.wikipedia.org/wiki/Gy%C3%B3gyf%C3%BCrd%C5%91">gy&oacute;gyf&uuml;rd&#337;k</a>,&nbsp;<a href="http://hu.wikipedia.org/wiki/Term%C3%A1lv%C3%ADz">term&aacute;lforr&aacute;sok</a>&nbsp;tal&aacute;lhat&oacute;k. A tavon minden &eacute;vben megrendezik a&nbsp;<a href="http://hu.wikipedia.org/w/index.php?title=K%C3%A9kszalag_Nemzetk%C3%B6zi_Vitorl%C3%A1sverseny&amp;action=edit&amp;redlink=1">K&eacute;kszalag Nemzetk&ouml;zi Vitorl&aacute;sversenyt</a>.<a href="http://hu.wikipedia.org/wiki/Balaton#cite_note-4">[4]</a></p><p><a href="http://hu.wikipedia.org/wiki/Szentkir%C3%A1lyszabadja">Szentkir&aacute;lyszabadja</a>&nbsp;&eacute;s&nbsp;<a href="http://hu.wikipedia.org/wiki/S%C3%A1rmell%C3%A9k">S&aacute;rmell&eacute;k</a>&nbsp;mellett betonos kifut&oacute;p&aacute;ly&aacute;val rendelkez&#337; rep&uuml;l&#337;terek vannak. F&uuml;ves repterek tal&aacute;lhat&oacute;k&nbsp;<a href="http://hu.wikipedia.org/wiki/Si%C3%B3fok-Kiliti_rep%C3%BCl%C5%91t%C3%A9r">Si&oacute;fok mellett</a><a href="http://hu.wikipedia.org/wiki/Balaton#cite_note-5">[5]</a>,&nbsp;<a href="http://hu.wikipedia.org/wiki/Tapolca">Tapolc&aacute;n</a>,&nbsp;<a href="http://hu.wikipedia.org/wiki/Balatonakali">Balatonakalin</a>&nbsp;&eacute;s&nbsp;<a href="http://hu.wikipedia.org/w/index.php?title=Papkutapuszta&amp;action=edit&amp;redlink=1">Papkutapuszt&aacute;n</a>&nbsp;is.</p><p>Nev&eacute;nek eredete[<a href="http://hu.wikipedia.org/w/index.php?title=Balaton&amp;veaction=edit&amp;section=1">szerkeszt&eacute;s</a>&nbsp;|&nbsp;<a href="http://hu.wikipedia.org/w/index.php?title=Balaton&amp;action=edit&amp;section=1">forr&aacute;ssz&ouml;veg szerkeszt&eacute;se</a>]</p><p>Magyar elnevez&eacute;se a&nbsp;<a href="http://hu.wikipedia.org/wiki/Szl%C3%A1v_nyelvek">szl&aacute;v</a>&nbsp;&quot;blato&quot; (=mocs&aacute;r, l&aacute;p, s&aacute;r) sz&oacute;b&oacute;l ered. Latin neve, a&nbsp;<em>Lacus Pelso</em>&nbsp;magyarul&nbsp;<em>sek&eacute;ly tavat</em>&nbsp;jelent.&nbsp;<a href="http://hu.wikipedia.org/wiki/Szlov%C3%A9n_nyelv">Szlov&eacute;n</a>,&nbsp;<a href="http://hu.wikipedia.org/wiki/Szerb_nyelv">szerb</a>,&nbsp;<a href="http://hu.wikipedia.org/wiki/Horv%C3%A1t_nyelv">horv&aacute;t nyelven</a><em>Blatno jezero</em>,&nbsp;<a href="http://hu.wikipedia.org/wiki/Szlov%C3%A1k_nyelv">szlov&aacute;kul</a>&nbsp;<em>Blatensk&eacute; jazero</em>.</p><p>N&eacute;met elnevez&eacute;se, a&nbsp;<em>Plattensee</em>, kicsit hasonl&oacute;k&eacute;ppen &bdquo;lapos&rdquo;, azaz sek&eacute;ly tavat jelent, egyben hangz&aacute;s&aacute;ban k&ouml;zel &aacute;ll a szl&aacute;v n&eacute;vhez, ez&eacute;rt lehets&eacute;ges, hogy kialakul&aacute;s&aacute;ban a&nbsp;<a href="http://hu.wikipedia.org/wiki/N%C3%A9pi_etimol%C3%B3gia">n&eacute;pi etimol&oacute;gia</a>&nbsp;is szerepet j&aacute;tszott, azaz a n&eacute;met anyanyelv&#369;ek &eacute;rtelmet adtak a sz&aacute;mukra idegen hangz&aacute;s&uacute; n&eacute;vnek (<em>blatno</em>&nbsp;&ndash;&nbsp;<em>platten</em>).<a href="http://hu.wikipedia.org/wiki/Balaton#cite_note-6">[</a></p><p>A Balaton a&nbsp;<a href="http://hu.wikipedia.org/wiki/Dun%C3%A1nt%C3%BAl">Dun&aacute;nt&uacute;l</a>&nbsp;k&ouml;zep&eacute;n ter&uuml;l el, &eacute;szakon a&nbsp;<a href="http://hu.wikipedia.org/wiki/Balaton-felvid%C3%A9k">Balaton-felvid&eacute;k</a>, nyugaton &eacute;s d&eacute;len a&nbsp;<a href="http://hu.wikipedia.org/wiki/Zalai-dombs%C3%A1g">Zalai-</a>&nbsp;&eacute;s a<a href="http://hu.wikipedia.org/w/index.php?title=Somogyi-dombs%C3%A1g&amp;action=edit&amp;redlink=1">Somogyi-dombs&aacute;g</a>, keleten pedig a&nbsp;<a href="http://hu.wikipedia.org/wiki/Mez%C5%91f%C3%B6ld">Mez&#337;f&ouml;ld</a>&nbsp;hat&aacute;rolja.</p><p>A Balaton Eur&oacute;pa-h&iacute;r&#369; term&eacute;szeti kincs&uuml;nk,&nbsp;<a href="http://hu.wikipedia.org/wiki/Magyarorsz%C3%A1g">Magyarorsz&aacute;g</a>&nbsp;legnagyobb tava. Legnagyobb m&eacute;lys&eacute;ge 11 m, &aacute;tlagos m&eacute;lys&eacute;ge 3-4 m. A d&eacute;li parton sek&eacute;lyebb a v&iacute;z, ez&eacute;rt ny&aacute;ron hamar felmelegszik. &Eacute;szaki partj&aacute;n a&nbsp;<a href="http://hu.wikipedia.org/wiki/Bakony">Bakony</a>&nbsp;erd&#337;-bor&iacute;totta hegyei emelkednek. A&nbsp;<a href="http://hu.wikipedia.org/wiki/Balaton-felvid%C3%A9k">Balaton-felvid&eacute;k</a>&nbsp;naps&uuml;t&ouml;tte lejt&#337;in sok sz&#337;l&#337;t &eacute;s gy&uuml;m&ouml;lcs&ouml;t termesztenek. Ny&aacute;ron a kellemes id&#337;j&aacute;r&aacute;s, az &eacute;szaknyugati szelek &aacute;ltal terelgetett vitorl&aacute;sok, a harmonikus sz&eacute;ps&eacute;g&#369; t&aacute;j megnyugtat&oacute; hat&aacute;ssal van a pihen&#337; emberekre.</p>'),
(12, 4, 2, 'Balaton', 'Általános információk', '<p>A&nbsp;<strong>Balaton</strong>&nbsp;(becenev&eacute;n &bdquo;a magyar tenger&rdquo;;&nbsp;<a href="http://hu.wikipedia.org/wiki/Latin_nyelv">latinul</a>&nbsp;<em>Lacus Pelso</em>,&nbsp;<a href="http://hu.wikipedia.org/wiki/N%C3%A9met_nyelv">n&eacute;met&uuml;l</a>&nbsp;<em>Plattensee</em>)<a href="http://hu.wikipedia.org/wiki/Balaton#cite_note-1">[1]</a>&nbsp;<a href="http://hu.wikipedia.org/wiki/K%C3%B6z%C3%A9p-Eur%C3%B3pa">K&ouml;z&eacute;p-Eur&oacute;pa</a>&nbsp;legnagyobb tava,&nbsp;<a href="http://hu.wikipedia.org/wiki/Magyarorsz%C3%A1g_v%C3%ADzrajza">Magyarorsz&aacute;g v&iacute;zrajz&aacute;nak</a>&nbsp;meghat&aacute;roz&oacute; eleme. T&iacute;pusa a&nbsp;<a href="http://hu.wikipedia.org/wiki/Fert%C5%91">Fert&#337;</a>-t&oacute;hoz &eacute;s a&nbsp;<a href="http://hu.wikipedia.org/wiki/Velencei-t%C3%B3">Velencei-t&oacute;hoz</a>&nbsp;hasonl&oacute;an&nbsp;<a href="http://hu.wikipedia.org/wiki/Szikes_t%C3%B3">szikes t&oacute;</a>, ezek&nbsp;<a href="http://hu.wikipedia.org/wiki/Eur%C3%A1zsia">Eur&aacute;zsia</a>&nbsp;legnyugatabbra fekv&#337; ilyen jelleg&#369; tavai. 77&nbsp;km hossz&uacute;, sz&eacute;less&eacute;ge 1,3&ndash;14&nbsp;km k&ouml;z&ouml;tt ingadozik, &aacute;tlagosan 7,8&nbsp;km, fel&uuml;lete 594&nbsp;km&sup2;.</p><p>Keleti medenc&eacute;j&eacute;t a&nbsp;<a href="http://hu.wikipedia.org/wiki/Tihanyi-f%C3%A9lsziget">Tihanyi-f&eacute;lsziget</a>&nbsp;v&aacute;lasztja el a t&oacute; t&ouml;bbi r&eacute;sz&eacute;t&#337;l. D&eacute;li partj&aacute;n&aacute;l medre sek&eacute;lyebb. &Eacute;szaki oldal&aacute;n tal&aacute;lhat&oacute; a&nbsp;<a href="http://hu.wikipedia.org/wiki/Badacsonyi_borvid%C3%A9k">badacsonyi borvid&eacute;k</a>&nbsp;&eacute;s a&nbsp;<a href="http://hu.wikipedia.org/wiki/Tapolcai-medence">Tapolcai-medence</a>, jellegzetes&nbsp;<a href="http://hu.wikipedia.org/wiki/T%C5%B1zh%C3%A1ny%C3%B3">vulk&aacute;ni</a>&nbsp;<a href="http://hu.wikipedia.org/wiki/Tan%C3%BAhegy">tan&uacute;hegyeivel</a>. A t&oacute; egyes r&eacute;szein&nbsp;<a href="http://hu.wikipedia.org/wiki/Hal%C3%A1szat">hal&aacute;szat</a>&nbsp;folyik.</p><p>A Balaton &eacute;s k&ouml;rny&eacute;ke&nbsp;<a href="http://hu.wikipedia.org/wiki/Budapest">Budapest</a>&nbsp;mellett az orsz&aacute;g&nbsp;<a href="http://hu.wikipedia.org/wiki/Turizmus">turisztikailag</a>&nbsp;legl&aacute;togatottabb ter&uuml;lete, 2004-ben elnyerte az<a href="http://hu.wikipedia.org/wiki/%C3%96r%C3%B6ks%C3%A9g%C3%BCnk_%E2%80%93_Somogyorsz%C3%A1g_Kincse">&Ouml;r&ouml;ks&eacute;g&uuml;nk &ndash; Somogyorsz&aacute;g Kincse</a>&nbsp;c&iacute;met is.<a href="http://hu.wikipedia.org/wiki/Balaton#cite_note-2">[2]</a><a href="http://hu.wikipedia.org/wiki/Balaton#cite_note-3">[3]</a>&nbsp;K&ouml;rny&eacute;k&eacute;n&nbsp;<a href="http://hu.wikipedia.org/wiki/Gy%C3%B3gyf%C3%BCrd%C5%91">gy&oacute;gyf&uuml;rd&#337;k</a>,&nbsp;<a href="http://hu.wikipedia.org/wiki/Term%C3%A1lv%C3%ADz">term&aacute;lforr&aacute;sok</a>&nbsp;tal&aacute;lhat&oacute;k. A tavon minden &eacute;vben megrendezik a&nbsp;<a href="http://hu.wikipedia.org/w/index.php?title=K%C3%A9kszalag_Nemzetk%C3%B6zi_Vitorl%C3%A1sverseny&amp;action=edit&amp;redlink=1">K&eacute;kszalag Nemzetk&ouml;zi Vitorl&aacute;sversenyt</a>.<a href="http://hu.wikipedia.org/wiki/Balaton#cite_note-4">[4]</a></p><p><a href="http://hu.wikipedia.org/wiki/Szentkir%C3%A1lyszabadja">Szentkir&aacute;lyszabadja</a>&nbsp;&eacute;s&nbsp;<a href="http://hu.wikipedia.org/wiki/S%C3%A1rmell%C3%A9k">S&aacute;rmell&eacute;k</a>&nbsp;mellett betonos kifut&oacute;p&aacute;ly&aacute;val rendelkez&#337; rep&uuml;l&#337;terek vannak. F&uuml;ves repterek tal&aacute;lhat&oacute;k&nbsp;<a href="http://hu.wikipedia.org/wiki/Si%C3%B3fok-Kiliti_rep%C3%BCl%C5%91t%C3%A9r">Si&oacute;fok mellett</a><a href="http://hu.wikipedia.org/wiki/Balaton#cite_note-5">[5]</a>,&nbsp;<a href="http://hu.wikipedia.org/wiki/Tapolca">Tapolc&aacute;n</a>,&nbsp;<a href="http://hu.wikipedia.org/wiki/Balatonakali">Balatonakalin</a>&nbsp;&eacute;s&nbsp;<a href="http://hu.wikipedia.org/w/index.php?title=Papkutapuszta&amp;action=edit&amp;redlink=1">Papkutapuszt&aacute;n</a>&nbsp;is.</p><p>Nev&eacute;nek eredete[<a href="http://hu.wikipedia.org/w/index.php?title=Balaton&amp;veaction=edit&amp;section=1">szerkeszt&eacute;s</a>&nbsp;|&nbsp;<a href="http://hu.wikipedia.org/w/index.php?title=Balaton&amp;action=edit&amp;section=1">forr&aacute;ssz&ouml;veg szerkeszt&eacute;se</a>]</p><p>Magyar elnevez&eacute;se a&nbsp;<a href="http://hu.wikipedia.org/wiki/Szl%C3%A1v_nyelvek">szl&aacute;v</a>&nbsp;&quot;blato&quot; (=mocs&aacute;r, l&aacute;p, s&aacute;r) sz&oacute;b&oacute;l ered. Latin neve, a&nbsp;<em>Lacus Pelso</em>&nbsp;magyarul&nbsp;<em>sek&eacute;ly tavat</em>&nbsp;jelent.&nbsp;<a href="http://hu.wikipedia.org/wiki/Szlov%C3%A9n_nyelv">Szlov&eacute;n</a>,&nbsp;<a href="http://hu.wikipedia.org/wiki/Szerb_nyelv">szerb</a>,&nbsp;<a href="http://hu.wikipedia.org/wiki/Horv%C3%A1t_nyelv">horv&aacute;t nyelven</a><em>Blatno jezero</em>,&nbsp;<a href="http://hu.wikipedia.org/wiki/Szlov%C3%A1k_nyelv">szlov&aacute;kul</a>&nbsp;<em>Blatensk&eacute; jazero</em>.</p><p>N&eacute;met elnevez&eacute;se, a&nbsp;<em>Plattensee</em>, kicsit hasonl&oacute;k&eacute;ppen &bdquo;lapos&rdquo;, azaz sek&eacute;ly tavat jelent, egyben hangz&aacute;s&aacute;ban k&ouml;zel &aacute;ll a szl&aacute;v n&eacute;vhez, ez&eacute;rt lehets&eacute;ges, hogy kialakul&aacute;s&aacute;ban a&nbsp;<a href="http://hu.wikipedia.org/wiki/N%C3%A9pi_etimol%C3%B3gia">n&eacute;pi etimol&oacute;gia</a>&nbsp;is szerepet j&aacute;tszott, azaz a n&eacute;met anyanyelv&#369;ek &eacute;rtelmet adtak a sz&aacute;mukra idegen hangz&aacute;s&uacute; n&eacute;vnek (<em>blatno</em>&nbsp;&ndash;&nbsp;<em>platten</em>).<a href="http://hu.wikipedia.org/wiki/Balaton#cite_note-6">[</a></p><p>A Balaton a&nbsp;<a href="http://hu.wikipedia.org/wiki/Dun%C3%A1nt%C3%BAl">Dun&aacute;nt&uacute;l</a>&nbsp;k&ouml;zep&eacute;n ter&uuml;l el, &eacute;szakon a&nbsp;<a href="http://hu.wikipedia.org/wiki/Balaton-felvid%C3%A9k">Balaton-felvid&eacute;k</a>, nyugaton &eacute;s d&eacute;len a&nbsp;<a href="http://hu.wikipedia.org/wiki/Zalai-dombs%C3%A1g">Zalai-</a>&nbsp;&eacute;s a<a href="http://hu.wikipedia.org/w/index.php?title=Somogyi-dombs%C3%A1g&amp;action=edit&amp;redlink=1">Somogyi-dombs&aacute;g</a>, keleten pedig a&nbsp;<a href="http://hu.wikipedia.org/wiki/Mez%C5%91f%C3%B6ld">Mez&#337;f&ouml;ld</a>&nbsp;hat&aacute;rolja.</p><p>A Balaton Eur&oacute;pa-h&iacute;r&#369; term&eacute;szeti kincs&uuml;nk,&nbsp;<a href="http://hu.wikipedia.org/wiki/Magyarorsz%C3%A1g">Magyarorsz&aacute;g</a>&nbsp;legnagyobb tava. Legnagyobb m&eacute;lys&eacute;ge 11 m, &aacute;tlagos m&eacute;lys&eacute;ge 3-4 m. A d&eacute;li parton sek&eacute;lyebb a v&iacute;z, ez&eacute;rt ny&aacute;ron hamar felmelegszik. &Eacute;szaki partj&aacute;n a&nbsp;<a href="http://hu.wikipedia.org/wiki/Bakony">Bakony</a>&nbsp;erd&#337;-bor&iacute;totta hegyei emelkednek. A&nbsp;<a href="http://hu.wikipedia.org/wiki/Balaton-felvid%C3%A9k">Balaton-felvid&eacute;k</a>&nbsp;naps&uuml;t&ouml;tte lejt&#337;in sok sz&#337;l&#337;t &eacute;s gy&uuml;m&ouml;lcs&ouml;t termesztenek. Ny&aacute;ron a kellemes id&#337;j&aacute;r&aacute;s, az &eacute;szaknyugati szelek &aacute;ltal terelgetett vitorl&aacute;sok, a harmonikus sz&eacute;ps&eacute;g&#369; t&aacute;j megnyugtat&oacute; hat&aacute;ssal van a pihen&#337; emberekre.</p>'),
(13, 4, 9, 'Balaton', 'Általános információk', '<p>A&nbsp;<strong>Balaton</strong>&nbsp;(becenev&eacute;n &bdquo;a magyar tenger&rdquo;;&nbsp;<a href="http://hu.wikipedia.org/wiki/Latin_nyelv">latinul</a>&nbsp;<em>Lacus Pelso</em>,&nbsp;<a href="http://hu.wikipedia.org/wiki/N%C3%A9met_nyelv">n&eacute;met&uuml;l</a>&nbsp;<em>Plattensee</em>)<a href="http://hu.wikipedia.org/wiki/Balaton#cite_note-1">[1]</a>&nbsp;<a href="http://hu.wikipedia.org/wiki/K%C3%B6z%C3%A9p-Eur%C3%B3pa">K&ouml;z&eacute;p-Eur&oacute;pa</a>&nbsp;legnagyobb tava,&nbsp;<a href="http://hu.wikipedia.org/wiki/Magyarorsz%C3%A1g_v%C3%ADzrajza">Magyarorsz&aacute;g v&iacute;zrajz&aacute;nak</a>&nbsp;meghat&aacute;roz&oacute; eleme. T&iacute;pusa a&nbsp;<a href="http://hu.wikipedia.org/wiki/Fert%C5%91">Fert&#337;</a>-t&oacute;hoz &eacute;s a&nbsp;<a href="http://hu.wikipedia.org/wiki/Velencei-t%C3%B3">Velencei-t&oacute;hoz</a>&nbsp;hasonl&oacute;an&nbsp;<a href="http://hu.wikipedia.org/wiki/Szikes_t%C3%B3">szikes t&oacute;</a>, ezek&nbsp;<a href="http://hu.wikipedia.org/wiki/Eur%C3%A1zsia">Eur&aacute;zsia</a>&nbsp;legnyugatabbra fekv&#337; ilyen jelleg&#369; tavai. 77&nbsp;km hossz&uacute;, sz&eacute;less&eacute;ge 1,3&ndash;14&nbsp;km k&ouml;z&ouml;tt ingadozik, &aacute;tlagosan 7,8&nbsp;km, fel&uuml;lete 594&nbsp;km&sup2;.</p><p>Keleti medenc&eacute;j&eacute;t a&nbsp;<a href="http://hu.wikipedia.org/wiki/Tihanyi-f%C3%A9lsziget">Tihanyi-f&eacute;lsziget</a>&nbsp;v&aacute;lasztja el a t&oacute; t&ouml;bbi r&eacute;sz&eacute;t&#337;l. D&eacute;li partj&aacute;n&aacute;l medre sek&eacute;lyebb. &Eacute;szaki oldal&aacute;n tal&aacute;lhat&oacute; a&nbsp;<a href="http://hu.wikipedia.org/wiki/Badacsonyi_borvid%C3%A9k">badacsonyi borvid&eacute;k</a>&nbsp;&eacute;s a&nbsp;<a href="http://hu.wikipedia.org/wiki/Tapolcai-medence">Tapolcai-medence</a>, jellegzetes&nbsp;<a href="http://hu.wikipedia.org/wiki/T%C5%B1zh%C3%A1ny%C3%B3">vulk&aacute;ni</a>&nbsp;<a href="http://hu.wikipedia.org/wiki/Tan%C3%BAhegy">tan&uacute;hegyeivel</a>. A t&oacute; egyes r&eacute;szein&nbsp;<a href="http://hu.wikipedia.org/wiki/Hal%C3%A1szat">hal&aacute;szat</a>&nbsp;folyik.</p><p>A Balaton &eacute;s k&ouml;rny&eacute;ke&nbsp;<a href="http://hu.wikipedia.org/wiki/Budapest">Budapest</a>&nbsp;mellett az orsz&aacute;g&nbsp;<a href="http://hu.wikipedia.org/wiki/Turizmus">turisztikailag</a>&nbsp;legl&aacute;togatottabb ter&uuml;lete, 2004-ben elnyerte az<a href="http://hu.wikipedia.org/wiki/%C3%96r%C3%B6ks%C3%A9g%C3%BCnk_%E2%80%93_Somogyorsz%C3%A1g_Kincse">&Ouml;r&ouml;ks&eacute;g&uuml;nk &ndash; Somogyorsz&aacute;g Kincse</a>&nbsp;c&iacute;met is.<a href="http://hu.wikipedia.org/wiki/Balaton#cite_note-2">[2]</a><a href="http://hu.wikipedia.org/wiki/Balaton#cite_note-3">[3]</a>&nbsp;K&ouml;rny&eacute;k&eacute;n&nbsp;<a href="http://hu.wikipedia.org/wiki/Gy%C3%B3gyf%C3%BCrd%C5%91">gy&oacute;gyf&uuml;rd&#337;k</a>,&nbsp;<a href="http://hu.wikipedia.org/wiki/Term%C3%A1lv%C3%ADz">term&aacute;lforr&aacute;sok</a>&nbsp;tal&aacute;lhat&oacute;k. A tavon minden &eacute;vben megrendezik a&nbsp;<a href="http://hu.wikipedia.org/w/index.php?title=K%C3%A9kszalag_Nemzetk%C3%B6zi_Vitorl%C3%A1sverseny&amp;action=edit&amp;redlink=1">K&eacute;kszalag Nemzetk&ouml;zi Vitorl&aacute;sversenyt</a>.<a href="http://hu.wikipedia.org/wiki/Balaton#cite_note-4">[4]</a></p><p><a href="http://hu.wikipedia.org/wiki/Szentkir%C3%A1lyszabadja">Szentkir&aacute;lyszabadja</a>&nbsp;&eacute;s&nbsp;<a href="http://hu.wikipedia.org/wiki/S%C3%A1rmell%C3%A9k">S&aacute;rmell&eacute;k</a>&nbsp;mellett betonos kifut&oacute;p&aacute;ly&aacute;val rendelkez&#337; rep&uuml;l&#337;terek vannak. F&uuml;ves repterek tal&aacute;lhat&oacute;k&nbsp;<a href="http://hu.wikipedia.org/wiki/Si%C3%B3fok-Kiliti_rep%C3%BCl%C5%91t%C3%A9r">Si&oacute;fok mellett</a><a href="http://hu.wikipedia.org/wiki/Balaton#cite_note-5">[5]</a>,&nbsp;<a href="http://hu.wikipedia.org/wiki/Tapolca">Tapolc&aacute;n</a>,&nbsp;<a href="http://hu.wikipedia.org/wiki/Balatonakali">Balatonakalin</a>&nbsp;&eacute;s&nbsp;<a href="http://hu.wikipedia.org/w/index.php?title=Papkutapuszta&amp;action=edit&amp;redlink=1">Papkutapuszt&aacute;n</a>&nbsp;is.</p><p>Nev&eacute;nek eredete[<a href="http://hu.wikipedia.org/w/index.php?title=Balaton&amp;veaction=edit&amp;section=1">szerkeszt&eacute;s</a>&nbsp;|&nbsp;<a href="http://hu.wikipedia.org/w/index.php?title=Balaton&amp;action=edit&amp;section=1">forr&aacute;ssz&ouml;veg szerkeszt&eacute;se</a>]</p><p>Magyar elnevez&eacute;se a&nbsp;<a href="http://hu.wikipedia.org/wiki/Szl%C3%A1v_nyelvek">szl&aacute;v</a>&nbsp;&quot;blato&quot; (=mocs&aacute;r, l&aacute;p, s&aacute;r) sz&oacute;b&oacute;l ered. Latin neve, a&nbsp;<em>Lacus Pelso</em>&nbsp;magyarul&nbsp;<em>sek&eacute;ly tavat</em>&nbsp;jelent.&nbsp;<a href="http://hu.wikipedia.org/wiki/Szlov%C3%A9n_nyelv">Szlov&eacute;n</a>,&nbsp;<a href="http://hu.wikipedia.org/wiki/Szerb_nyelv">szerb</a>,&nbsp;<a href="http://hu.wikipedia.org/wiki/Horv%C3%A1t_nyelv">horv&aacute;t nyelven</a><em>Blatno jezero</em>,&nbsp;<a href="http://hu.wikipedia.org/wiki/Szlov%C3%A1k_nyelv">szlov&aacute;kul</a>&nbsp;<em>Blatensk&eacute; jazero</em>.</p><p>N&eacute;met elnevez&eacute;se, a&nbsp;<em>Plattensee</em>, kicsit hasonl&oacute;k&eacute;ppen &bdquo;lapos&rdquo;, azaz sek&eacute;ly tavat jelent, egyben hangz&aacute;s&aacute;ban k&ouml;zel &aacute;ll a szl&aacute;v n&eacute;vhez, ez&eacute;rt lehets&eacute;ges, hogy kialakul&aacute;s&aacute;ban a&nbsp;<a href="http://hu.wikipedia.org/wiki/N%C3%A9pi_etimol%C3%B3gia">n&eacute;pi etimol&oacute;gia</a>&nbsp;is szerepet j&aacute;tszott, azaz a n&eacute;met anyanyelv&#369;ek &eacute;rtelmet adtak a sz&aacute;mukra idegen hangz&aacute;s&uacute; n&eacute;vnek (<em>blatno</em>&nbsp;&ndash;&nbsp;<em>platten</em>).<a href="http://hu.wikipedia.org/wiki/Balaton#cite_note-6">[</a></p><p>A Balaton a&nbsp;<a href="http://hu.wikipedia.org/wiki/Dun%C3%A1nt%C3%BAl">Dun&aacute;nt&uacute;l</a>&nbsp;k&ouml;zep&eacute;n ter&uuml;l el, &eacute;szakon a&nbsp;<a href="http://hu.wikipedia.org/wiki/Balaton-felvid%C3%A9k">Balaton-felvid&eacute;k</a>, nyugaton &eacute;s d&eacute;len a&nbsp;<a href="http://hu.wikipedia.org/wiki/Zalai-dombs%C3%A1g">Zalai-</a>&nbsp;&eacute;s a<a href="http://hu.wikipedia.org/w/index.php?title=Somogyi-dombs%C3%A1g&amp;action=edit&amp;redlink=1">Somogyi-dombs&aacute;g</a>, keleten pedig a&nbsp;<a href="http://hu.wikipedia.org/wiki/Mez%C5%91f%C3%B6ld">Mez&#337;f&ouml;ld</a>&nbsp;hat&aacute;rolja.</p><p>A Balaton Eur&oacute;pa-h&iacute;r&#369; term&eacute;szeti kincs&uuml;nk,&nbsp;<a href="http://hu.wikipedia.org/wiki/Magyarorsz%C3%A1g">Magyarorsz&aacute;g</a>&nbsp;legnagyobb tava. Legnagyobb m&eacute;lys&eacute;ge 11 m, &aacute;tlagos m&eacute;lys&eacute;ge 3-4 m. A d&eacute;li parton sek&eacute;lyebb a v&iacute;z, ez&eacute;rt ny&aacute;ron hamar felmelegszik. &Eacute;szaki partj&aacute;n a&nbsp;<a href="http://hu.wikipedia.org/wiki/Bakony">Bakony</a>&nbsp;erd&#337;-bor&iacute;totta hegyei emelkednek. A&nbsp;<a href="http://hu.wikipedia.org/wiki/Balaton-felvid%C3%A9k">Balaton-felvid&eacute;k</a>&nbsp;naps&uuml;t&ouml;tte lejt&#337;in sok sz&#337;l&#337;t &eacute;s gy&uuml;m&ouml;lcs&ouml;t termesztenek. Ny&aacute;ron a kellemes id&#337;j&aacute;r&aacute;s, az &eacute;szaknyugati szelek &aacute;ltal terelgetett vitorl&aacute;sok, a harmonikus sz&eacute;ps&eacute;g&#369; t&aacute;j megnyugtat&oacute; hat&aacute;ssal van a pihen&#337; emberekre.</p>'),
(14, 4, 10, 'Balaton', 'Általános információk', '<p>A&nbsp;<strong>Balaton</strong>&nbsp;(becenev&eacute;n &bdquo;a magyar tenger&rdquo;;&nbsp;<a href="http://hu.wikipedia.org/wiki/Latin_nyelv">latinul</a>&nbsp;<em>Lacus Pelso</em>,&nbsp;<a href="http://hu.wikipedia.org/wiki/N%C3%A9met_nyelv">n&eacute;met&uuml;l</a>&nbsp;<em>Plattensee</em>)<a href="http://hu.wikipedia.org/wiki/Balaton#cite_note-1">[1]</a>&nbsp;<a href="http://hu.wikipedia.org/wiki/K%C3%B6z%C3%A9p-Eur%C3%B3pa">K&ouml;z&eacute;p-Eur&oacute;pa</a>&nbsp;legnagyobb tava,&nbsp;<a href="http://hu.wikipedia.org/wiki/Magyarorsz%C3%A1g_v%C3%ADzrajza">Magyarorsz&aacute;g v&iacute;zrajz&aacute;nak</a>&nbsp;meghat&aacute;roz&oacute; eleme. T&iacute;pusa a&nbsp;<a href="http://hu.wikipedia.org/wiki/Fert%C5%91">Fert&#337;</a>-t&oacute;hoz &eacute;s a&nbsp;<a href="http://hu.wikipedia.org/wiki/Velencei-t%C3%B3">Velencei-t&oacute;hoz</a>&nbsp;hasonl&oacute;an&nbsp;<a href="http://hu.wikipedia.org/wiki/Szikes_t%C3%B3">szikes t&oacute;</a>, ezek&nbsp;<a href="http://hu.wikipedia.org/wiki/Eur%C3%A1zsia">Eur&aacute;zsia</a>&nbsp;legnyugatabbra fekv&#337; ilyen jelleg&#369; tavai. 77&nbsp;km hossz&uacute;, sz&eacute;less&eacute;ge 1,3&ndash;14&nbsp;km k&ouml;z&ouml;tt ingadozik, &aacute;tlagosan 7,8&nbsp;km, fel&uuml;lete 594&nbsp;km&sup2;.</p><p>Keleti medenc&eacute;j&eacute;t a&nbsp;<a href="http://hu.wikipedia.org/wiki/Tihanyi-f%C3%A9lsziget">Tihanyi-f&eacute;lsziget</a>&nbsp;v&aacute;lasztja el a t&oacute; t&ouml;bbi r&eacute;sz&eacute;t&#337;l. D&eacute;li partj&aacute;n&aacute;l medre sek&eacute;lyebb. &Eacute;szaki oldal&aacute;n tal&aacute;lhat&oacute; a&nbsp;<a href="http://hu.wikipedia.org/wiki/Badacsonyi_borvid%C3%A9k">badacsonyi borvid&eacute;k</a>&nbsp;&eacute;s a&nbsp;<a href="http://hu.wikipedia.org/wiki/Tapolcai-medence">Tapolcai-medence</a>, jellegzetes&nbsp;<a href="http://hu.wikipedia.org/wiki/T%C5%B1zh%C3%A1ny%C3%B3">vulk&aacute;ni</a>&nbsp;<a href="http://hu.wikipedia.org/wiki/Tan%C3%BAhegy">tan&uacute;hegyeivel</a>. A t&oacute; egyes r&eacute;szein&nbsp;<a href="http://hu.wikipedia.org/wiki/Hal%C3%A1szat">hal&aacute;szat</a>&nbsp;folyik.</p><p>A Balaton &eacute;s k&ouml;rny&eacute;ke&nbsp;<a href="http://hu.wikipedia.org/wiki/Budapest">Budapest</a>&nbsp;mellett az orsz&aacute;g&nbsp;<a href="http://hu.wikipedia.org/wiki/Turizmus">turisztikailag</a>&nbsp;legl&aacute;togatottabb ter&uuml;lete, 2004-ben elnyerte az<a href="http://hu.wikipedia.org/wiki/%C3%96r%C3%B6ks%C3%A9g%C3%BCnk_%E2%80%93_Somogyorsz%C3%A1g_Kincse">&Ouml;r&ouml;ks&eacute;g&uuml;nk &ndash; Somogyorsz&aacute;g Kincse</a>&nbsp;c&iacute;met is.<a href="http://hu.wikipedia.org/wiki/Balaton#cite_note-2">[2]</a><a href="http://hu.wikipedia.org/wiki/Balaton#cite_note-3">[3]</a>&nbsp;K&ouml;rny&eacute;k&eacute;n&nbsp;<a href="http://hu.wikipedia.org/wiki/Gy%C3%B3gyf%C3%BCrd%C5%91">gy&oacute;gyf&uuml;rd&#337;k</a>,&nbsp;<a href="http://hu.wikipedia.org/wiki/Term%C3%A1lv%C3%ADz">term&aacute;lforr&aacute;sok</a>&nbsp;tal&aacute;lhat&oacute;k. A tavon minden &eacute;vben megrendezik a&nbsp;<a href="http://hu.wikipedia.org/w/index.php?title=K%C3%A9kszalag_Nemzetk%C3%B6zi_Vitorl%C3%A1sverseny&amp;action=edit&amp;redlink=1">K&eacute;kszalag Nemzetk&ouml;zi Vitorl&aacute;sversenyt</a>.<a href="http://hu.wikipedia.org/wiki/Balaton#cite_note-4">[4]</a></p><p><a href="http://hu.wikipedia.org/wiki/Szentkir%C3%A1lyszabadja">Szentkir&aacute;lyszabadja</a>&nbsp;&eacute;s&nbsp;<a href="http://hu.wikipedia.org/wiki/S%C3%A1rmell%C3%A9k">S&aacute;rmell&eacute;k</a>&nbsp;mellett betonos kifut&oacute;p&aacute;ly&aacute;val rendelkez&#337; rep&uuml;l&#337;terek vannak. F&uuml;ves repterek tal&aacute;lhat&oacute;k&nbsp;<a href="http://hu.wikipedia.org/wiki/Si%C3%B3fok-Kiliti_rep%C3%BCl%C5%91t%C3%A9r">Si&oacute;fok mellett</a><a href="http://hu.wikipedia.org/wiki/Balaton#cite_note-5">[5]</a>,&nbsp;<a href="http://hu.wikipedia.org/wiki/Tapolca">Tapolc&aacute;n</a>,&nbsp;<a href="http://hu.wikipedia.org/wiki/Balatonakali">Balatonakalin</a>&nbsp;&eacute;s&nbsp;<a href="http://hu.wikipedia.org/w/index.php?title=Papkutapuszta&amp;action=edit&amp;redlink=1">Papkutapuszt&aacute;n</a>&nbsp;is.</p><p>Nev&eacute;nek eredete[<a href="http://hu.wikipedia.org/w/index.php?title=Balaton&amp;veaction=edit&amp;section=1">szerkeszt&eacute;s</a>&nbsp;|&nbsp;<a href="http://hu.wikipedia.org/w/index.php?title=Balaton&amp;action=edit&amp;section=1">forr&aacute;ssz&ouml;veg szerkeszt&eacute;se</a>]</p><p>Magyar elnevez&eacute;se a&nbsp;<a href="http://hu.wikipedia.org/wiki/Szl%C3%A1v_nyelvek">szl&aacute;v</a>&nbsp;&quot;blato&quot; (=mocs&aacute;r, l&aacute;p, s&aacute;r) sz&oacute;b&oacute;l ered. Latin neve, a&nbsp;<em>Lacus Pelso</em>&nbsp;magyarul&nbsp;<em>sek&eacute;ly tavat</em>&nbsp;jelent.&nbsp;<a href="http://hu.wikipedia.org/wiki/Szlov%C3%A9n_nyelv">Szlov&eacute;n</a>,&nbsp;<a href="http://hu.wikipedia.org/wiki/Szerb_nyelv">szerb</a>,&nbsp;<a href="http://hu.wikipedia.org/wiki/Horv%C3%A1t_nyelv">horv&aacute;t nyelven</a><em>Blatno jezero</em>,&nbsp;<a href="http://hu.wikipedia.org/wiki/Szlov%C3%A1k_nyelv">szlov&aacute;kul</a>&nbsp;<em>Blatensk&eacute; jazero</em>.</p><p>N&eacute;met elnevez&eacute;se, a&nbsp;<em>Plattensee</em>, kicsit hasonl&oacute;k&eacute;ppen &bdquo;lapos&rdquo;, azaz sek&eacute;ly tavat jelent, egyben hangz&aacute;s&aacute;ban k&ouml;zel &aacute;ll a szl&aacute;v n&eacute;vhez, ez&eacute;rt lehets&eacute;ges, hogy kialakul&aacute;s&aacute;ban a&nbsp;<a href="http://hu.wikipedia.org/wiki/N%C3%A9pi_etimol%C3%B3gia">n&eacute;pi etimol&oacute;gia</a>&nbsp;is szerepet j&aacute;tszott, azaz a n&eacute;met anyanyelv&#369;ek &eacute;rtelmet adtak a sz&aacute;mukra idegen hangz&aacute;s&uacute; n&eacute;vnek (<em>blatno</em>&nbsp;&ndash;&nbsp;<em>platten</em>).<a href="http://hu.wikipedia.org/wiki/Balaton#cite_note-6">[</a></p><p>A Balaton a&nbsp;<a href="http://hu.wikipedia.org/wiki/Dun%C3%A1nt%C3%BAl">Dun&aacute;nt&uacute;l</a>&nbsp;k&ouml;zep&eacute;n ter&uuml;l el, &eacute;szakon a&nbsp;<a href="http://hu.wikipedia.org/wiki/Balaton-felvid%C3%A9k">Balaton-felvid&eacute;k</a>, nyugaton &eacute;s d&eacute;len a&nbsp;<a href="http://hu.wikipedia.org/wiki/Zalai-dombs%C3%A1g">Zalai-</a>&nbsp;&eacute;s a<a href="http://hu.wikipedia.org/w/index.php?title=Somogyi-dombs%C3%A1g&amp;action=edit&amp;redlink=1">Somogyi-dombs&aacute;g</a>, keleten pedig a&nbsp;<a href="http://hu.wikipedia.org/wiki/Mez%C5%91f%C3%B6ld">Mez&#337;f&ouml;ld</a>&nbsp;hat&aacute;rolja.</p><p>A Balaton Eur&oacute;pa-h&iacute;r&#369; term&eacute;szeti kincs&uuml;nk,&nbsp;<a href="http://hu.wikipedia.org/wiki/Magyarorsz%C3%A1g">Magyarorsz&aacute;g</a>&nbsp;legnagyobb tava. Legnagyobb m&eacute;lys&eacute;ge 11 m, &aacute;tlagos m&eacute;lys&eacute;ge 3-4 m. A d&eacute;li parton sek&eacute;lyebb a v&iacute;z, ez&eacute;rt ny&aacute;ron hamar felmelegszik. &Eacute;szaki partj&aacute;n a&nbsp;<a href="http://hu.wikipedia.org/wiki/Bakony">Bakony</a>&nbsp;erd&#337;-bor&iacute;totta hegyei emelkednek. A&nbsp;<a href="http://hu.wikipedia.org/wiki/Balaton-felvid%C3%A9k">Balaton-felvid&eacute;k</a>&nbsp;naps&uuml;t&ouml;tte lejt&#337;in sok sz&#337;l&#337;t &eacute;s gy&uuml;m&ouml;lcs&ouml;t termesztenek. Ny&aacute;ron a kellemes id&#337;j&aacute;r&aacute;s, az &eacute;szaknyugati szelek &aacute;ltal terelgetett vitorl&aacute;sok, a harmonikus sz&eacute;ps&eacute;g&#369; t&aacute;j megnyugtat&oacute; hat&aacute;ssal van a pihen&#337; emberekre.</p>'),
(15, 4, 11, 'Balaton', 'Általános információk', '<p>A&nbsp;<strong>Balaton</strong>&nbsp;(becenev&eacute;n &bdquo;a magyar tenger&rdquo;;&nbsp;<a href="http://hu.wikipedia.org/wiki/Latin_nyelv">latinul</a>&nbsp;<em>Lacus Pelso</em>,&nbsp;<a href="http://hu.wikipedia.org/wiki/N%C3%A9met_nyelv">n&eacute;met&uuml;l</a>&nbsp;<em>Plattensee</em>)<a href="http://hu.wikipedia.org/wiki/Balaton#cite_note-1">[1]</a>&nbsp;<a href="http://hu.wikipedia.org/wiki/K%C3%B6z%C3%A9p-Eur%C3%B3pa">K&ouml;z&eacute;p-Eur&oacute;pa</a>&nbsp;legnagyobb tava,&nbsp;<a href="http://hu.wikipedia.org/wiki/Magyarorsz%C3%A1g_v%C3%ADzrajza">Magyarorsz&aacute;g v&iacute;zrajz&aacute;nak</a>&nbsp;meghat&aacute;roz&oacute; eleme. T&iacute;pusa a&nbsp;<a href="http://hu.wikipedia.org/wiki/Fert%C5%91">Fert&#337;</a>-t&oacute;hoz &eacute;s a&nbsp;<a href="http://hu.wikipedia.org/wiki/Velencei-t%C3%B3">Velencei-t&oacute;hoz</a>&nbsp;hasonl&oacute;an&nbsp;<a href="http://hu.wikipedia.org/wiki/Szikes_t%C3%B3">szikes t&oacute;</a>, ezek&nbsp;<a href="http://hu.wikipedia.org/wiki/Eur%C3%A1zsia">Eur&aacute;zsia</a>&nbsp;legnyugatabbra fekv&#337; ilyen jelleg&#369; tavai. 77&nbsp;km hossz&uacute;, sz&eacute;less&eacute;ge 1,3&ndash;14&nbsp;km k&ouml;z&ouml;tt ingadozik, &aacute;tlagosan 7,8&nbsp;km, fel&uuml;lete 594&nbsp;km&sup2;.</p><p>Keleti medenc&eacute;j&eacute;t a&nbsp;<a href="http://hu.wikipedia.org/wiki/Tihanyi-f%C3%A9lsziget">Tihanyi-f&eacute;lsziget</a>&nbsp;v&aacute;lasztja el a t&oacute; t&ouml;bbi r&eacute;sz&eacute;t&#337;l. D&eacute;li partj&aacute;n&aacute;l medre sek&eacute;lyebb. &Eacute;szaki oldal&aacute;n tal&aacute;lhat&oacute; a&nbsp;<a href="http://hu.wikipedia.org/wiki/Badacsonyi_borvid%C3%A9k">badacsonyi borvid&eacute;k</a>&nbsp;&eacute;s a&nbsp;<a href="http://hu.wikipedia.org/wiki/Tapolcai-medence">Tapolcai-medence</a>, jellegzetes&nbsp;<a href="http://hu.wikipedia.org/wiki/T%C5%B1zh%C3%A1ny%C3%B3">vulk&aacute;ni</a>&nbsp;<a href="http://hu.wikipedia.org/wiki/Tan%C3%BAhegy">tan&uacute;hegyeivel</a>. A t&oacute; egyes r&eacute;szein&nbsp;<a href="http://hu.wikipedia.org/wiki/Hal%C3%A1szat">hal&aacute;szat</a>&nbsp;folyik.</p><p>A Balaton &eacute;s k&ouml;rny&eacute;ke&nbsp;<a href="http://hu.wikipedia.org/wiki/Budapest">Budapest</a>&nbsp;mellett az orsz&aacute;g&nbsp;<a href="http://hu.wikipedia.org/wiki/Turizmus">turisztikailag</a>&nbsp;legl&aacute;togatottabb ter&uuml;lete, 2004-ben elnyerte az<a href="http://hu.wikipedia.org/wiki/%C3%96r%C3%B6ks%C3%A9g%C3%BCnk_%E2%80%93_Somogyorsz%C3%A1g_Kincse">&Ouml;r&ouml;ks&eacute;g&uuml;nk &ndash; Somogyorsz&aacute;g Kincse</a>&nbsp;c&iacute;met is.<a href="http://hu.wikipedia.org/wiki/Balaton#cite_note-2">[2]</a><a href="http://hu.wikipedia.org/wiki/Balaton#cite_note-3">[3]</a>&nbsp;K&ouml;rny&eacute;k&eacute;n&nbsp;<a href="http://hu.wikipedia.org/wiki/Gy%C3%B3gyf%C3%BCrd%C5%91">gy&oacute;gyf&uuml;rd&#337;k</a>,&nbsp;<a href="http://hu.wikipedia.org/wiki/Term%C3%A1lv%C3%ADz">term&aacute;lforr&aacute;sok</a>&nbsp;tal&aacute;lhat&oacute;k. A tavon minden &eacute;vben megrendezik a&nbsp;<a href="http://hu.wikipedia.org/w/index.php?title=K%C3%A9kszalag_Nemzetk%C3%B6zi_Vitorl%C3%A1sverseny&amp;action=edit&amp;redlink=1">K&eacute;kszalag Nemzetk&ouml;zi Vitorl&aacute;sversenyt</a>.<a href="http://hu.wikipedia.org/wiki/Balaton#cite_note-4">[4]</a></p><p><a href="http://hu.wikipedia.org/wiki/Szentkir%C3%A1lyszabadja">Szentkir&aacute;lyszabadja</a>&nbsp;&eacute;s&nbsp;<a href="http://hu.wikipedia.org/wiki/S%C3%A1rmell%C3%A9k">S&aacute;rmell&eacute;k</a>&nbsp;mellett betonos kifut&oacute;p&aacute;ly&aacute;val rendelkez&#337; rep&uuml;l&#337;terek vannak. F&uuml;ves repterek tal&aacute;lhat&oacute;k&nbsp;<a href="http://hu.wikipedia.org/wiki/Si%C3%B3fok-Kiliti_rep%C3%BCl%C5%91t%C3%A9r">Si&oacute;fok mellett</a><a href="http://hu.wikipedia.org/wiki/Balaton#cite_note-5">[5]</a>,&nbsp;<a href="http://hu.wikipedia.org/wiki/Tapolca">Tapolc&aacute;n</a>,&nbsp;<a href="http://hu.wikipedia.org/wiki/Balatonakali">Balatonakalin</a>&nbsp;&eacute;s&nbsp;<a href="http://hu.wikipedia.org/w/index.php?title=Papkutapuszta&amp;action=edit&amp;redlink=1">Papkutapuszt&aacute;n</a>&nbsp;is.</p><p>Nev&eacute;nek eredete[<a href="http://hu.wikipedia.org/w/index.php?title=Balaton&amp;veaction=edit&amp;section=1">szerkeszt&eacute;s</a>&nbsp;|&nbsp;<a href="http://hu.wikipedia.org/w/index.php?title=Balaton&amp;action=edit&amp;section=1">forr&aacute;ssz&ouml;veg szerkeszt&eacute;se</a>]</p><p>Magyar elnevez&eacute;se a&nbsp;<a href="http://hu.wikipedia.org/wiki/Szl%C3%A1v_nyelvek">szl&aacute;v</a>&nbsp;&quot;blato&quot; (=mocs&aacute;r, l&aacute;p, s&aacute;r) sz&oacute;b&oacute;l ered. Latin neve, a&nbsp;<em>Lacus Pelso</em>&nbsp;magyarul&nbsp;<em>sek&eacute;ly tavat</em>&nbsp;jelent.&nbsp;<a href="http://hu.wikipedia.org/wiki/Szlov%C3%A9n_nyelv">Szlov&eacute;n</a>,&nbsp;<a href="http://hu.wikipedia.org/wiki/Szerb_nyelv">szerb</a>,&nbsp;<a href="http://hu.wikipedia.org/wiki/Horv%C3%A1t_nyelv">horv&aacute;t nyelven</a><em>Blatno jezero</em>,&nbsp;<a href="http://hu.wikipedia.org/wiki/Szlov%C3%A1k_nyelv">szlov&aacute;kul</a>&nbsp;<em>Blatensk&eacute; jazero</em>.</p><p>N&eacute;met elnevez&eacute;se, a&nbsp;<em>Plattensee</em>, kicsit hasonl&oacute;k&eacute;ppen &bdquo;lapos&rdquo;, azaz sek&eacute;ly tavat jelent, egyben hangz&aacute;s&aacute;ban k&ouml;zel &aacute;ll a szl&aacute;v n&eacute;vhez, ez&eacute;rt lehets&eacute;ges, hogy kialakul&aacute;s&aacute;ban a&nbsp;<a href="http://hu.wikipedia.org/wiki/N%C3%A9pi_etimol%C3%B3gia">n&eacute;pi etimol&oacute;gia</a>&nbsp;is szerepet j&aacute;tszott, azaz a n&eacute;met anyanyelv&#369;ek &eacute;rtelmet adtak a sz&aacute;mukra idegen hangz&aacute;s&uacute; n&eacute;vnek (<em>blatno</em>&nbsp;&ndash;&nbsp;<em>platten</em>).<a href="http://hu.wikipedia.org/wiki/Balaton#cite_note-6">[</a></p><p>A Balaton a&nbsp;<a href="http://hu.wikipedia.org/wiki/Dun%C3%A1nt%C3%BAl">Dun&aacute;nt&uacute;l</a>&nbsp;k&ouml;zep&eacute;n ter&uuml;l el, &eacute;szakon a&nbsp;<a href="http://hu.wikipedia.org/wiki/Balaton-felvid%C3%A9k">Balaton-felvid&eacute;k</a>, nyugaton &eacute;s d&eacute;len a&nbsp;<a href="http://hu.wikipedia.org/wiki/Zalai-dombs%C3%A1g">Zalai-</a>&nbsp;&eacute;s a<a href="http://hu.wikipedia.org/w/index.php?title=Somogyi-dombs%C3%A1g&amp;action=edit&amp;redlink=1">Somogyi-dombs&aacute;g</a>, keleten pedig a&nbsp;<a href="http://hu.wikipedia.org/wiki/Mez%C5%91f%C3%B6ld">Mez&#337;f&ouml;ld</a>&nbsp;hat&aacute;rolja.</p><p>A Balaton Eur&oacute;pa-h&iacute;r&#369; term&eacute;szeti kincs&uuml;nk,&nbsp;<a href="http://hu.wikipedia.org/wiki/Magyarorsz%C3%A1g">Magyarorsz&aacute;g</a>&nbsp;legnagyobb tava. Legnagyobb m&eacute;lys&eacute;ge 11 m, &aacute;tlagos m&eacute;lys&eacute;ge 3-4 m. A d&eacute;li parton sek&eacute;lyebb a v&iacute;z, ez&eacute;rt ny&aacute;ron hamar felmelegszik. &Eacute;szaki partj&aacute;n a&nbsp;<a href="http://hu.wikipedia.org/wiki/Bakony">Bakony</a>&nbsp;erd&#337;-bor&iacute;totta hegyei emelkednek. A&nbsp;<a href="http://hu.wikipedia.org/wiki/Balaton-felvid%C3%A9k">Balaton-felvid&eacute;k</a>&nbsp;naps&uuml;t&ouml;tte lejt&#337;in sok sz&#337;l&#337;t &eacute;s gy&uuml;m&ouml;lcs&ouml;t termesztenek. Ny&aacute;ron a kellemes id&#337;j&aacute;r&aacute;s, az &eacute;szaknyugati szelek &aacute;ltal terelgetett vitorl&aacute;sok, a harmonikus sz&eacute;ps&eacute;g&#369; t&aacute;j megnyugtat&oacute; hat&aacute;ssal van a pihen&#337; emberekre.</p>'),
(16, 4, 16, 'Balaton', 'Általános információk', '<p>A&nbsp;<strong>Balaton</strong>&nbsp;(becenev&eacute;n &bdquo;a magyar tenger&rdquo;;&nbsp;<a href="http://hu.wikipedia.org/wiki/Latin_nyelv">latinul</a>&nbsp;<em>Lacus Pelso</em>,&nbsp;<a href="http://hu.wikipedia.org/wiki/N%C3%A9met_nyelv">n&eacute;met&uuml;l</a>&nbsp;<em>Plattensee</em>)<a href="http://hu.wikipedia.org/wiki/Balaton#cite_note-1">[1]</a>&nbsp;<a href="http://hu.wikipedia.org/wiki/K%C3%B6z%C3%A9p-Eur%C3%B3pa">K&ouml;z&eacute;p-Eur&oacute;pa</a>&nbsp;legnagyobb tava,&nbsp;<a href="http://hu.wikipedia.org/wiki/Magyarorsz%C3%A1g_v%C3%ADzrajza">Magyarorsz&aacute;g v&iacute;zrajz&aacute;nak</a>&nbsp;meghat&aacute;roz&oacute; eleme. T&iacute;pusa a&nbsp;<a href="http://hu.wikipedia.org/wiki/Fert%C5%91">Fert&#337;</a>-t&oacute;hoz &eacute;s a&nbsp;<a href="http://hu.wikipedia.org/wiki/Velencei-t%C3%B3">Velencei-t&oacute;hoz</a>&nbsp;hasonl&oacute;an&nbsp;<a href="http://hu.wikipedia.org/wiki/Szikes_t%C3%B3">szikes t&oacute;</a>, ezek&nbsp;<a href="http://hu.wikipedia.org/wiki/Eur%C3%A1zsia">Eur&aacute;zsia</a>&nbsp;legnyugatabbra fekv&#337; ilyen jelleg&#369; tavai. 77&nbsp;km hossz&uacute;, sz&eacute;less&eacute;ge 1,3&ndash;14&nbsp;km k&ouml;z&ouml;tt ingadozik, &aacute;tlagosan 7,8&nbsp;km, fel&uuml;lete 594&nbsp;km&sup2;.</p><p>Keleti medenc&eacute;j&eacute;t a&nbsp;<a href="http://hu.wikipedia.org/wiki/Tihanyi-f%C3%A9lsziget">Tihanyi-f&eacute;lsziget</a>&nbsp;v&aacute;lasztja el a t&oacute; t&ouml;bbi r&eacute;sz&eacute;t&#337;l. D&eacute;li partj&aacute;n&aacute;l medre sek&eacute;lyebb. &Eacute;szaki oldal&aacute;n tal&aacute;lhat&oacute; a&nbsp;<a href="http://hu.wikipedia.org/wiki/Badacsonyi_borvid%C3%A9k">badacsonyi borvid&eacute;k</a>&nbsp;&eacute;s a&nbsp;<a href="http://hu.wikipedia.org/wiki/Tapolcai-medence">Tapolcai-medence</a>, jellegzetes&nbsp;<a href="http://hu.wikipedia.org/wiki/T%C5%B1zh%C3%A1ny%C3%B3">vulk&aacute;ni</a>&nbsp;<a href="http://hu.wikipedia.org/wiki/Tan%C3%BAhegy">tan&uacute;hegyeivel</a>. A t&oacute; egyes r&eacute;szein&nbsp;<a href="http://hu.wikipedia.org/wiki/Hal%C3%A1szat">hal&aacute;szat</a>&nbsp;folyik.</p><p>A Balaton &eacute;s k&ouml;rny&eacute;ke&nbsp;<a href="http://hu.wikipedia.org/wiki/Budapest">Budapest</a>&nbsp;mellett az orsz&aacute;g&nbsp;<a href="http://hu.wikipedia.org/wiki/Turizmus">turisztikailag</a>&nbsp;legl&aacute;togatottabb ter&uuml;lete, 2004-ben elnyerte az<a href="http://hu.wikipedia.org/wiki/%C3%96r%C3%B6ks%C3%A9g%C3%BCnk_%E2%80%93_Somogyorsz%C3%A1g_Kincse">&Ouml;r&ouml;ks&eacute;g&uuml;nk &ndash; Somogyorsz&aacute;g Kincse</a>&nbsp;c&iacute;met is.<a href="http://hu.wikipedia.org/wiki/Balaton#cite_note-2">[2]</a><a href="http://hu.wikipedia.org/wiki/Balaton#cite_note-3">[3]</a>&nbsp;K&ouml;rny&eacute;k&eacute;n&nbsp;<a href="http://hu.wikipedia.org/wiki/Gy%C3%B3gyf%C3%BCrd%C5%91">gy&oacute;gyf&uuml;rd&#337;k</a>,&nbsp;<a href="http://hu.wikipedia.org/wiki/Term%C3%A1lv%C3%ADz">term&aacute;lforr&aacute;sok</a>&nbsp;tal&aacute;lhat&oacute;k. A tavon minden &eacute;vben megrendezik a&nbsp;<a href="http://hu.wikipedia.org/w/index.php?title=K%C3%A9kszalag_Nemzetk%C3%B6zi_Vitorl%C3%A1sverseny&amp;action=edit&amp;redlink=1">K&eacute;kszalag Nemzetk&ouml;zi Vitorl&aacute;sversenyt</a>.<a href="http://hu.wikipedia.org/wiki/Balaton#cite_note-4">[4]</a></p><p><a href="http://hu.wikipedia.org/wiki/Szentkir%C3%A1lyszabadja">Szentkir&aacute;lyszabadja</a>&nbsp;&eacute;s&nbsp;<a href="http://hu.wikipedia.org/wiki/S%C3%A1rmell%C3%A9k">S&aacute;rmell&eacute;k</a>&nbsp;mellett betonos kifut&oacute;p&aacute;ly&aacute;val rendelkez&#337; rep&uuml;l&#337;terek vannak. F&uuml;ves repterek tal&aacute;lhat&oacute;k&nbsp;<a href="http://hu.wikipedia.org/wiki/Si%C3%B3fok-Kiliti_rep%C3%BCl%C5%91t%C3%A9r">Si&oacute;fok mellett</a><a href="http://hu.wikipedia.org/wiki/Balaton#cite_note-5">[5]</a>,&nbsp;<a href="http://hu.wikipedia.org/wiki/Tapolca">Tapolc&aacute;n</a>,&nbsp;<a href="http://hu.wikipedia.org/wiki/Balatonakali">Balatonakalin</a>&nbsp;&eacute;s&nbsp;<a href="http://hu.wikipedia.org/w/index.php?title=Papkutapuszta&amp;action=edit&amp;redlink=1">Papkutapuszt&aacute;n</a>&nbsp;is.</p><p>Nev&eacute;nek eredete[<a href="http://hu.wikipedia.org/w/index.php?title=Balaton&amp;veaction=edit&amp;section=1">szerkeszt&eacute;s</a>&nbsp;|&nbsp;<a href="http://hu.wikipedia.org/w/index.php?title=Balaton&amp;action=edit&amp;section=1">forr&aacute;ssz&ouml;veg szerkeszt&eacute;se</a>]</p><p>Magyar elnevez&eacute;se a&nbsp;<a href="http://hu.wikipedia.org/wiki/Szl%C3%A1v_nyelvek">szl&aacute;v</a>&nbsp;&quot;blato&quot; (=mocs&aacute;r, l&aacute;p, s&aacute;r) sz&oacute;b&oacute;l ered. Latin neve, a&nbsp;<em>Lacus Pelso</em>&nbsp;magyarul&nbsp;<em>sek&eacute;ly tavat</em>&nbsp;jelent.&nbsp;<a href="http://hu.wikipedia.org/wiki/Szlov%C3%A9n_nyelv">Szlov&eacute;n</a>,&nbsp;<a href="http://hu.wikipedia.org/wiki/Szerb_nyelv">szerb</a>,&nbsp;<a href="http://hu.wikipedia.org/wiki/Horv%C3%A1t_nyelv">horv&aacute;t nyelven</a><em>Blatno jezero</em>,&nbsp;<a href="http://hu.wikipedia.org/wiki/Szlov%C3%A1k_nyelv">szlov&aacute;kul</a>&nbsp;<em>Blatensk&eacute; jazero</em>.</p><p>N&eacute;met elnevez&eacute;se, a&nbsp;<em>Plattensee</em>, kicsit hasonl&oacute;k&eacute;ppen &bdquo;lapos&rdquo;, azaz sek&eacute;ly tavat jelent, egyben hangz&aacute;s&aacute;ban k&ouml;zel &aacute;ll a szl&aacute;v n&eacute;vhez, ez&eacute;rt lehets&eacute;ges, hogy kialakul&aacute;s&aacute;ban a&nbsp;<a href="http://hu.wikipedia.org/wiki/N%C3%A9pi_etimol%C3%B3gia">n&eacute;pi etimol&oacute;gia</a>&nbsp;is szerepet j&aacute;tszott, azaz a n&eacute;met anyanyelv&#369;ek &eacute;rtelmet adtak a sz&aacute;mukra idegen hangz&aacute;s&uacute; n&eacute;vnek (<em>blatno</em>&nbsp;&ndash;&nbsp;<em>platten</em>).<a href="http://hu.wikipedia.org/wiki/Balaton#cite_note-6">[</a></p><p>A Balaton a&nbsp;<a href="http://hu.wikipedia.org/wiki/Dun%C3%A1nt%C3%BAl">Dun&aacute;nt&uacute;l</a>&nbsp;k&ouml;zep&eacute;n ter&uuml;l el, &eacute;szakon a&nbsp;<a href="http://hu.wikipedia.org/wiki/Balaton-felvid%C3%A9k">Balaton-felvid&eacute;k</a>, nyugaton &eacute;s d&eacute;len a&nbsp;<a href="http://hu.wikipedia.org/wiki/Zalai-dombs%C3%A1g">Zalai-</a>&nbsp;&eacute;s a<a href="http://hu.wikipedia.org/w/index.php?title=Somogyi-dombs%C3%A1g&amp;action=edit&amp;redlink=1">Somogyi-dombs&aacute;g</a>, keleten pedig a&nbsp;<a href="http://hu.wikipedia.org/wiki/Mez%C5%91f%C3%B6ld">Mez&#337;f&ouml;ld</a>&nbsp;hat&aacute;rolja.</p><p>A Balaton Eur&oacute;pa-h&iacute;r&#369; term&eacute;szeti kincs&uuml;nk,&nbsp;<a href="http://hu.wikipedia.org/wiki/Magyarorsz%C3%A1g">Magyarorsz&aacute;g</a>&nbsp;legnagyobb tava. Legnagyobb m&eacute;lys&eacute;ge 11 m, &aacute;tlagos m&eacute;lys&eacute;ge 3-4 m. A d&eacute;li parton sek&eacute;lyebb a v&iacute;z, ez&eacute;rt ny&aacute;ron hamar felmelegszik. &Eacute;szaki partj&aacute;n a&nbsp;<a href="http://hu.wikipedia.org/wiki/Bakony">Bakony</a>&nbsp;erd&#337;-bor&iacute;totta hegyei emelkednek. A&nbsp;<a href="http://hu.wikipedia.org/wiki/Balaton-felvid%C3%A9k">Balaton-felvid&eacute;k</a>&nbsp;naps&uuml;t&ouml;tte lejt&#337;in sok sz&#337;l&#337;t &eacute;s gy&uuml;m&ouml;lcs&ouml;t termesztenek. Ny&aacute;ron a kellemes id&#337;j&aacute;r&aacute;s, az &eacute;szaknyugati szelek &aacute;ltal terelgetett vitorl&aacute;sok, a harmonikus sz&eacute;ps&eacute;g&#369; t&aacute;j megnyugtat&oacute; hat&aacute;ssal van a pihen&#337; emberekre.</p>');
INSERT INTO `informations_data` (`information_data_id`, `information_id`, `language_id`, `information_group_name`, `information_label`, `information_text`) VALUES
(17, 4, 17, 'Balaton', 'Általános információk', '<p>A&nbsp;<strong>Balaton</strong>&nbsp;(becenev&eacute;n &bdquo;a magyar tenger&rdquo;;&nbsp;<a href="http://hu.wikipedia.org/wiki/Latin_nyelv">latinul</a>&nbsp;<em>Lacus Pelso</em>,&nbsp;<a href="http://hu.wikipedia.org/wiki/N%C3%A9met_nyelv">n&eacute;met&uuml;l</a>&nbsp;<em>Plattensee</em>)<a href="http://hu.wikipedia.org/wiki/Balaton#cite_note-1">[1]</a>&nbsp;<a href="http://hu.wikipedia.org/wiki/K%C3%B6z%C3%A9p-Eur%C3%B3pa">K&ouml;z&eacute;p-Eur&oacute;pa</a>&nbsp;legnagyobb tava,&nbsp;<a href="http://hu.wikipedia.org/wiki/Magyarorsz%C3%A1g_v%C3%ADzrajza">Magyarorsz&aacute;g v&iacute;zrajz&aacute;nak</a>&nbsp;meghat&aacute;roz&oacute; eleme. T&iacute;pusa a&nbsp;<a href="http://hu.wikipedia.org/wiki/Fert%C5%91">Fert&#337;</a>-t&oacute;hoz &eacute;s a&nbsp;<a href="http://hu.wikipedia.org/wiki/Velencei-t%C3%B3">Velencei-t&oacute;hoz</a>&nbsp;hasonl&oacute;an&nbsp;<a href="http://hu.wikipedia.org/wiki/Szikes_t%C3%B3">szikes t&oacute;</a>, ezek&nbsp;<a href="http://hu.wikipedia.org/wiki/Eur%C3%A1zsia">Eur&aacute;zsia</a>&nbsp;legnyugatabbra fekv&#337; ilyen jelleg&#369; tavai. 77&nbsp;km hossz&uacute;, sz&eacute;less&eacute;ge 1,3&ndash;14&nbsp;km k&ouml;z&ouml;tt ingadozik, &aacute;tlagosan 7,8&nbsp;km, fel&uuml;lete 594&nbsp;km&sup2;.</p><p>Keleti medenc&eacute;j&eacute;t a&nbsp;<a href="http://hu.wikipedia.org/wiki/Tihanyi-f%C3%A9lsziget">Tihanyi-f&eacute;lsziget</a>&nbsp;v&aacute;lasztja el a t&oacute; t&ouml;bbi r&eacute;sz&eacute;t&#337;l. D&eacute;li partj&aacute;n&aacute;l medre sek&eacute;lyebb. &Eacute;szaki oldal&aacute;n tal&aacute;lhat&oacute; a&nbsp;<a href="http://hu.wikipedia.org/wiki/Badacsonyi_borvid%C3%A9k">badacsonyi borvid&eacute;k</a>&nbsp;&eacute;s a&nbsp;<a href="http://hu.wikipedia.org/wiki/Tapolcai-medence">Tapolcai-medence</a>, jellegzetes&nbsp;<a href="http://hu.wikipedia.org/wiki/T%C5%B1zh%C3%A1ny%C3%B3">vulk&aacute;ni</a>&nbsp;<a href="http://hu.wikipedia.org/wiki/Tan%C3%BAhegy">tan&uacute;hegyeivel</a>. A t&oacute; egyes r&eacute;szein&nbsp;<a href="http://hu.wikipedia.org/wiki/Hal%C3%A1szat">hal&aacute;szat</a>&nbsp;folyik.</p><p>A Balaton &eacute;s k&ouml;rny&eacute;ke&nbsp;<a href="http://hu.wikipedia.org/wiki/Budapest">Budapest</a>&nbsp;mellett az orsz&aacute;g&nbsp;<a href="http://hu.wikipedia.org/wiki/Turizmus">turisztikailag</a>&nbsp;legl&aacute;togatottabb ter&uuml;lete, 2004-ben elnyerte az<a href="http://hu.wikipedia.org/wiki/%C3%96r%C3%B6ks%C3%A9g%C3%BCnk_%E2%80%93_Somogyorsz%C3%A1g_Kincse">&Ouml;r&ouml;ks&eacute;g&uuml;nk &ndash; Somogyorsz&aacute;g Kincse</a>&nbsp;c&iacute;met is.<a href="http://hu.wikipedia.org/wiki/Balaton#cite_note-2">[2]</a><a href="http://hu.wikipedia.org/wiki/Balaton#cite_note-3">[3]</a>&nbsp;K&ouml;rny&eacute;k&eacute;n&nbsp;<a href="http://hu.wikipedia.org/wiki/Gy%C3%B3gyf%C3%BCrd%C5%91">gy&oacute;gyf&uuml;rd&#337;k</a>,&nbsp;<a href="http://hu.wikipedia.org/wiki/Term%C3%A1lv%C3%ADz">term&aacute;lforr&aacute;sok</a>&nbsp;tal&aacute;lhat&oacute;k. A tavon minden &eacute;vben megrendezik a&nbsp;<a href="http://hu.wikipedia.org/w/index.php?title=K%C3%A9kszalag_Nemzetk%C3%B6zi_Vitorl%C3%A1sverseny&amp;action=edit&amp;redlink=1">K&eacute;kszalag Nemzetk&ouml;zi Vitorl&aacute;sversenyt</a>.<a href="http://hu.wikipedia.org/wiki/Balaton#cite_note-4">[4]</a></p><p><a href="http://hu.wikipedia.org/wiki/Szentkir%C3%A1lyszabadja">Szentkir&aacute;lyszabadja</a>&nbsp;&eacute;s&nbsp;<a href="http://hu.wikipedia.org/wiki/S%C3%A1rmell%C3%A9k">S&aacute;rmell&eacute;k</a>&nbsp;mellett betonos kifut&oacute;p&aacute;ly&aacute;val rendelkez&#337; rep&uuml;l&#337;terek vannak. F&uuml;ves repterek tal&aacute;lhat&oacute;k&nbsp;<a href="http://hu.wikipedia.org/wiki/Si%C3%B3fok-Kiliti_rep%C3%BCl%C5%91t%C3%A9r">Si&oacute;fok mellett</a><a href="http://hu.wikipedia.org/wiki/Balaton#cite_note-5">[5]</a>,&nbsp;<a href="http://hu.wikipedia.org/wiki/Tapolca">Tapolc&aacute;n</a>,&nbsp;<a href="http://hu.wikipedia.org/wiki/Balatonakali">Balatonakalin</a>&nbsp;&eacute;s&nbsp;<a href="http://hu.wikipedia.org/w/index.php?title=Papkutapuszta&amp;action=edit&amp;redlink=1">Papkutapuszt&aacute;n</a>&nbsp;is.</p><p>Nev&eacute;nek eredete[<a href="http://hu.wikipedia.org/w/index.php?title=Balaton&amp;veaction=edit&amp;section=1">szerkeszt&eacute;s</a>&nbsp;|&nbsp;<a href="http://hu.wikipedia.org/w/index.php?title=Balaton&amp;action=edit&amp;section=1">forr&aacute;ssz&ouml;veg szerkeszt&eacute;se</a>]</p><p>Magyar elnevez&eacute;se a&nbsp;<a href="http://hu.wikipedia.org/wiki/Szl%C3%A1v_nyelvek">szl&aacute;v</a>&nbsp;&quot;blato&quot; (=mocs&aacute;r, l&aacute;p, s&aacute;r) sz&oacute;b&oacute;l ered. Latin neve, a&nbsp;<em>Lacus Pelso</em>&nbsp;magyarul&nbsp;<em>sek&eacute;ly tavat</em>&nbsp;jelent.&nbsp;<a href="http://hu.wikipedia.org/wiki/Szlov%C3%A9n_nyelv">Szlov&eacute;n</a>,&nbsp;<a href="http://hu.wikipedia.org/wiki/Szerb_nyelv">szerb</a>,&nbsp;<a href="http://hu.wikipedia.org/wiki/Horv%C3%A1t_nyelv">horv&aacute;t nyelven</a><em>Blatno jezero</em>,&nbsp;<a href="http://hu.wikipedia.org/wiki/Szlov%C3%A1k_nyelv">szlov&aacute;kul</a>&nbsp;<em>Blatensk&eacute; jazero</em>.</p><p>N&eacute;met elnevez&eacute;se, a&nbsp;<em>Plattensee</em>, kicsit hasonl&oacute;k&eacute;ppen &bdquo;lapos&rdquo;, azaz sek&eacute;ly tavat jelent, egyben hangz&aacute;s&aacute;ban k&ouml;zel &aacute;ll a szl&aacute;v n&eacute;vhez, ez&eacute;rt lehets&eacute;ges, hogy kialakul&aacute;s&aacute;ban a&nbsp;<a href="http://hu.wikipedia.org/wiki/N%C3%A9pi_etimol%C3%B3gia">n&eacute;pi etimol&oacute;gia</a>&nbsp;is szerepet j&aacute;tszott, azaz a n&eacute;met anyanyelv&#369;ek &eacute;rtelmet adtak a sz&aacute;mukra idegen hangz&aacute;s&uacute; n&eacute;vnek (<em>blatno</em>&nbsp;&ndash;&nbsp;<em>platten</em>).<a href="http://hu.wikipedia.org/wiki/Balaton#cite_note-6">[</a></p><p>A Balaton a&nbsp;<a href="http://hu.wikipedia.org/wiki/Dun%C3%A1nt%C3%BAl">Dun&aacute;nt&uacute;l</a>&nbsp;k&ouml;zep&eacute;n ter&uuml;l el, &eacute;szakon a&nbsp;<a href="http://hu.wikipedia.org/wiki/Balaton-felvid%C3%A9k">Balaton-felvid&eacute;k</a>, nyugaton &eacute;s d&eacute;len a&nbsp;<a href="http://hu.wikipedia.org/wiki/Zalai-dombs%C3%A1g">Zalai-</a>&nbsp;&eacute;s a<a href="http://hu.wikipedia.org/w/index.php?title=Somogyi-dombs%C3%A1g&amp;action=edit&amp;redlink=1">Somogyi-dombs&aacute;g</a>, keleten pedig a&nbsp;<a href="http://hu.wikipedia.org/wiki/Mez%C5%91f%C3%B6ld">Mez&#337;f&ouml;ld</a>&nbsp;hat&aacute;rolja.</p><p>A Balaton Eur&oacute;pa-h&iacute;r&#369; term&eacute;szeti kincs&uuml;nk,&nbsp;<a href="http://hu.wikipedia.org/wiki/Magyarorsz%C3%A1g">Magyarorsz&aacute;g</a>&nbsp;legnagyobb tava. Legnagyobb m&eacute;lys&eacute;ge 11 m, &aacute;tlagos m&eacute;lys&eacute;ge 3-4 m. A d&eacute;li parton sek&eacute;lyebb a v&iacute;z, ez&eacute;rt ny&aacute;ron hamar felmelegszik. &Eacute;szaki partj&aacute;n a&nbsp;<a href="http://hu.wikipedia.org/wiki/Bakony">Bakony</a>&nbsp;erd&#337;-bor&iacute;totta hegyei emelkednek. A&nbsp;<a href="http://hu.wikipedia.org/wiki/Balaton-felvid%C3%A9k">Balaton-felvid&eacute;k</a>&nbsp;naps&uuml;t&ouml;tte lejt&#337;in sok sz&#337;l&#337;t &eacute;s gy&uuml;m&ouml;lcs&ouml;t termesztenek. Ny&aacute;ron a kellemes id&#337;j&aacute;r&aacute;s, az &eacute;szaknyugati szelek &aacute;ltal terelgetett vitorl&aacute;sok, a harmonikus sz&eacute;ps&eacute;g&#369; t&aacute;j megnyugtat&oacute; hat&aacute;ssal van a pihen&#337; emberekre.</p>'),
(18, 4, 18, 'Balaton', 'Általános információk', '<p>A&nbsp;<strong>Balaton</strong>&nbsp;(becenev&eacute;n &bdquo;a magyar tenger&rdquo;;&nbsp;<a href="http://hu.wikipedia.org/wiki/Latin_nyelv">latinul</a>&nbsp;<em>Lacus Pelso</em>,&nbsp;<a href="http://hu.wikipedia.org/wiki/N%C3%A9met_nyelv">n&eacute;met&uuml;l</a>&nbsp;<em>Plattensee</em>)<a href="http://hu.wikipedia.org/wiki/Balaton#cite_note-1">[1]</a>&nbsp;<a href="http://hu.wikipedia.org/wiki/K%C3%B6z%C3%A9p-Eur%C3%B3pa">K&ouml;z&eacute;p-Eur&oacute;pa</a>&nbsp;legnagyobb tava,&nbsp;<a href="http://hu.wikipedia.org/wiki/Magyarorsz%C3%A1g_v%C3%ADzrajza">Magyarorsz&aacute;g v&iacute;zrajz&aacute;nak</a>&nbsp;meghat&aacute;roz&oacute; eleme. T&iacute;pusa a&nbsp;<a href="http://hu.wikipedia.org/wiki/Fert%C5%91">Fert&#337;</a>-t&oacute;hoz &eacute;s a&nbsp;<a href="http://hu.wikipedia.org/wiki/Velencei-t%C3%B3">Velencei-t&oacute;hoz</a>&nbsp;hasonl&oacute;an&nbsp;<a href="http://hu.wikipedia.org/wiki/Szikes_t%C3%B3">szikes t&oacute;</a>, ezek&nbsp;<a href="http://hu.wikipedia.org/wiki/Eur%C3%A1zsia">Eur&aacute;zsia</a>&nbsp;legnyugatabbra fekv&#337; ilyen jelleg&#369; tavai. 77&nbsp;km hossz&uacute;, sz&eacute;less&eacute;ge 1,3&ndash;14&nbsp;km k&ouml;z&ouml;tt ingadozik, &aacute;tlagosan 7,8&nbsp;km, fel&uuml;lete 594&nbsp;km&sup2;.</p><p>Keleti medenc&eacute;j&eacute;t a&nbsp;<a href="http://hu.wikipedia.org/wiki/Tihanyi-f%C3%A9lsziget">Tihanyi-f&eacute;lsziget</a>&nbsp;v&aacute;lasztja el a t&oacute; t&ouml;bbi r&eacute;sz&eacute;t&#337;l. D&eacute;li partj&aacute;n&aacute;l medre sek&eacute;lyebb. &Eacute;szaki oldal&aacute;n tal&aacute;lhat&oacute; a&nbsp;<a href="http://hu.wikipedia.org/wiki/Badacsonyi_borvid%C3%A9k">badacsonyi borvid&eacute;k</a>&nbsp;&eacute;s a&nbsp;<a href="http://hu.wikipedia.org/wiki/Tapolcai-medence">Tapolcai-medence</a>, jellegzetes&nbsp;<a href="http://hu.wikipedia.org/wiki/T%C5%B1zh%C3%A1ny%C3%B3">vulk&aacute;ni</a>&nbsp;<a href="http://hu.wikipedia.org/wiki/Tan%C3%BAhegy">tan&uacute;hegyeivel</a>. A t&oacute; egyes r&eacute;szein&nbsp;<a href="http://hu.wikipedia.org/wiki/Hal%C3%A1szat">hal&aacute;szat</a>&nbsp;folyik.</p><p>A Balaton &eacute;s k&ouml;rny&eacute;ke&nbsp;<a href="http://hu.wikipedia.org/wiki/Budapest">Budapest</a>&nbsp;mellett az orsz&aacute;g&nbsp;<a href="http://hu.wikipedia.org/wiki/Turizmus">turisztikailag</a>&nbsp;legl&aacute;togatottabb ter&uuml;lete, 2004-ben elnyerte az<a href="http://hu.wikipedia.org/wiki/%C3%96r%C3%B6ks%C3%A9g%C3%BCnk_%E2%80%93_Somogyorsz%C3%A1g_Kincse">&Ouml;r&ouml;ks&eacute;g&uuml;nk &ndash; Somogyorsz&aacute;g Kincse</a>&nbsp;c&iacute;met is.<a href="http://hu.wikipedia.org/wiki/Balaton#cite_note-2">[2]</a><a href="http://hu.wikipedia.org/wiki/Balaton#cite_note-3">[3]</a>&nbsp;K&ouml;rny&eacute;k&eacute;n&nbsp;<a href="http://hu.wikipedia.org/wiki/Gy%C3%B3gyf%C3%BCrd%C5%91">gy&oacute;gyf&uuml;rd&#337;k</a>,&nbsp;<a href="http://hu.wikipedia.org/wiki/Term%C3%A1lv%C3%ADz">term&aacute;lforr&aacute;sok</a>&nbsp;tal&aacute;lhat&oacute;k. A tavon minden &eacute;vben megrendezik a&nbsp;<a href="http://hu.wikipedia.org/w/index.php?title=K%C3%A9kszalag_Nemzetk%C3%B6zi_Vitorl%C3%A1sverseny&amp;action=edit&amp;redlink=1">K&eacute;kszalag Nemzetk&ouml;zi Vitorl&aacute;sversenyt</a>.<a href="http://hu.wikipedia.org/wiki/Balaton#cite_note-4">[4]</a></p><p><a href="http://hu.wikipedia.org/wiki/Szentkir%C3%A1lyszabadja">Szentkir&aacute;lyszabadja</a>&nbsp;&eacute;s&nbsp;<a href="http://hu.wikipedia.org/wiki/S%C3%A1rmell%C3%A9k">S&aacute;rmell&eacute;k</a>&nbsp;mellett betonos kifut&oacute;p&aacute;ly&aacute;val rendelkez&#337; rep&uuml;l&#337;terek vannak. F&uuml;ves repterek tal&aacute;lhat&oacute;k&nbsp;<a href="http://hu.wikipedia.org/wiki/Si%C3%B3fok-Kiliti_rep%C3%BCl%C5%91t%C3%A9r">Si&oacute;fok mellett</a><a href="http://hu.wikipedia.org/wiki/Balaton#cite_note-5">[5]</a>,&nbsp;<a href="http://hu.wikipedia.org/wiki/Tapolca">Tapolc&aacute;n</a>,&nbsp;<a href="http://hu.wikipedia.org/wiki/Balatonakali">Balatonakalin</a>&nbsp;&eacute;s&nbsp;<a href="http://hu.wikipedia.org/w/index.php?title=Papkutapuszta&amp;action=edit&amp;redlink=1">Papkutapuszt&aacute;n</a>&nbsp;is.</p><p>Nev&eacute;nek eredete[<a href="http://hu.wikipedia.org/w/index.php?title=Balaton&amp;veaction=edit&amp;section=1">szerkeszt&eacute;s</a>&nbsp;|&nbsp;<a href="http://hu.wikipedia.org/w/index.php?title=Balaton&amp;action=edit&amp;section=1">forr&aacute;ssz&ouml;veg szerkeszt&eacute;se</a>]</p><p>Magyar elnevez&eacute;se a&nbsp;<a href="http://hu.wikipedia.org/wiki/Szl%C3%A1v_nyelvek">szl&aacute;v</a>&nbsp;&quot;blato&quot; (=mocs&aacute;r, l&aacute;p, s&aacute;r) sz&oacute;b&oacute;l ered. Latin neve, a&nbsp;<em>Lacus Pelso</em>&nbsp;magyarul&nbsp;<em>sek&eacute;ly tavat</em>&nbsp;jelent.&nbsp;<a href="http://hu.wikipedia.org/wiki/Szlov%C3%A9n_nyelv">Szlov&eacute;n</a>,&nbsp;<a href="http://hu.wikipedia.org/wiki/Szerb_nyelv">szerb</a>,&nbsp;<a href="http://hu.wikipedia.org/wiki/Horv%C3%A1t_nyelv">horv&aacute;t nyelven</a><em>Blatno jezero</em>,&nbsp;<a href="http://hu.wikipedia.org/wiki/Szlov%C3%A1k_nyelv">szlov&aacute;kul</a>&nbsp;<em>Blatensk&eacute; jazero</em>.</p><p>N&eacute;met elnevez&eacute;se, a&nbsp;<em>Plattensee</em>, kicsit hasonl&oacute;k&eacute;ppen &bdquo;lapos&rdquo;, azaz sek&eacute;ly tavat jelent, egyben hangz&aacute;s&aacute;ban k&ouml;zel &aacute;ll a szl&aacute;v n&eacute;vhez, ez&eacute;rt lehets&eacute;ges, hogy kialakul&aacute;s&aacute;ban a&nbsp;<a href="http://hu.wikipedia.org/wiki/N%C3%A9pi_etimol%C3%B3gia">n&eacute;pi etimol&oacute;gia</a>&nbsp;is szerepet j&aacute;tszott, azaz a n&eacute;met anyanyelv&#369;ek &eacute;rtelmet adtak a sz&aacute;mukra idegen hangz&aacute;s&uacute; n&eacute;vnek (<em>blatno</em>&nbsp;&ndash;&nbsp;<em>platten</em>).<a href="http://hu.wikipedia.org/wiki/Balaton#cite_note-6">[</a></p><p>A Balaton a&nbsp;<a href="http://hu.wikipedia.org/wiki/Dun%C3%A1nt%C3%BAl">Dun&aacute;nt&uacute;l</a>&nbsp;k&ouml;zep&eacute;n ter&uuml;l el, &eacute;szakon a&nbsp;<a href="http://hu.wikipedia.org/wiki/Balaton-felvid%C3%A9k">Balaton-felvid&eacute;k</a>, nyugaton &eacute;s d&eacute;len a&nbsp;<a href="http://hu.wikipedia.org/wiki/Zalai-dombs%C3%A1g">Zalai-</a>&nbsp;&eacute;s a<a href="http://hu.wikipedia.org/w/index.php?title=Somogyi-dombs%C3%A1g&amp;action=edit&amp;redlink=1">Somogyi-dombs&aacute;g</a>, keleten pedig a&nbsp;<a href="http://hu.wikipedia.org/wiki/Mez%C5%91f%C3%B6ld">Mez&#337;f&ouml;ld</a>&nbsp;hat&aacute;rolja.</p><p>A Balaton Eur&oacute;pa-h&iacute;r&#369; term&eacute;szeti kincs&uuml;nk,&nbsp;<a href="http://hu.wikipedia.org/wiki/Magyarorsz%C3%A1g">Magyarorsz&aacute;g</a>&nbsp;legnagyobb tava. Legnagyobb m&eacute;lys&eacute;ge 11 m, &aacute;tlagos m&eacute;lys&eacute;ge 3-4 m. A d&eacute;li parton sek&eacute;lyebb a v&iacute;z, ez&eacute;rt ny&aacute;ron hamar felmelegszik. &Eacute;szaki partj&aacute;n a&nbsp;<a href="http://hu.wikipedia.org/wiki/Bakony">Bakony</a>&nbsp;erd&#337;-bor&iacute;totta hegyei emelkednek. A&nbsp;<a href="http://hu.wikipedia.org/wiki/Balaton-felvid%C3%A9k">Balaton-felvid&eacute;k</a>&nbsp;naps&uuml;t&ouml;tte lejt&#337;in sok sz&#337;l&#337;t &eacute;s gy&uuml;m&ouml;lcs&ouml;t termesztenek. Ny&aacute;ron a kellemes id&#337;j&aacute;r&aacute;s, az &eacute;szaknyugati szelek &aacute;ltal terelgetett vitorl&aacute;sok, a harmonikus sz&eacute;ps&eacute;g&#369; t&aacute;j megnyugtat&oacute; hat&aacute;ssal van a pihen&#337; emberekre.</p>'),
(27, 6, 1, 'Balaton', 'Éghajlat, mikroklíma', '<p>A Balaton a&nbsp;<a href="http://hu.wikipedia.org/wiki/K%C3%A1rp%C3%A1t-medence">K&aacute;rp&aacute;t-medence</a>&nbsp;d&eacute;lnyugati sz&eacute;l&eacute;hez k&ouml;zel ter&uuml;l el, &iacute;gy a medence eg&eacute;sz&eacute;re jellemz&#337;,&nbsp;<a href="http://hu.wikipedia.org/w/index.php?title=%C3%93ce%C3%A1ni&amp;action=edit&amp;redlink=1">&oacute;ce&aacute;ni</a>&nbsp;&eacute;s&nbsp;<a href="http://hu.wikipedia.org/wiki/Mediterr%C3%A1n_%C3%A9ghajlat">mediterr&aacute;n</a>&nbsp;hat&aacute;sokkal m&oacute;dos&iacute;tott m&eacute;rs&eacute;kelt<a href="http://hu.wikipedia.org/w/index.php?title=Kontinent%C3%A1lis&amp;action=edit&amp;redlink=1">kontinent&aacute;lis</a>&nbsp;<a href="http://hu.wikipedia.org/wiki/%C3%89ghajlat">&eacute;ghajlaton</a>&nbsp;bel&uuml;l az &aacute;tlagosn&aacute;l er&#337;sebbek az &oacute;ce&aacute;ni &eacute;s a mediterr&aacute;n hat&aacute;sok.</p><p>A napos &oacute;r&aacute;k sz&aacute;ma &eacute;vente &aacute;tlagosan 2000 k&ouml;r&uuml;l mozog. A legmelegebb h&oacute;napok a&nbsp;<a href="http://hu.wikipedia.org/wiki/J%C3%BAnius">j&uacute;nius</a>,&nbsp;<a href="http://hu.wikipedia.org/wiki/J%C3%BAlius">j&uacute;lius</a>&nbsp;&eacute;s&nbsp;<a href="http://hu.wikipedia.org/wiki/Augusztus">augusztus</a>. A legnaposabb&nbsp;<a href="http://hu.wikipedia.org/wiki/H%C3%B3nap">h&oacute;nap</a>&nbsp;a j&uacute;nius. A legkevesebb&nbsp;<a href="http://hu.wikipedia.org/wiki/Csapad%C3%A9k">csapad&eacute;k</a>&nbsp;augusztusban &eacute;s&nbsp;<a href="http://hu.wikipedia.org/wiki/Szeptember">szeptemberben</a>&nbsp;hullik, &aacute;tlagosan hat-hat&nbsp;<a href="http://hu.wikipedia.org/wiki/Es%C5%91">es&#337;s</a>&nbsp;nappal.</p><p>Maga a t&oacute; jelent&#337;s hat&aacute;ssal van k&ouml;rnyezete&nbsp;<a href="http://hu.wikipedia.org/w/index.php?title=Mikrokl%C3%ADma&amp;action=edit&amp;redlink=1">mikrokl&iacute;m&aacute;j&aacute;ra</a>. A hatalmas v&iacute;zt&ouml;meg kiegyenl&iacute;t&#337; hat&aacute;ssal van a leveg&#337;&nbsp;<a href="http://hu.wikipedia.org/wiki/H%C5%91m%C3%A9rs%C3%A9klet">h&#337;m&eacute;rs&eacute;klet&eacute;re</a>&nbsp;is, amely ny&aacute;ron a t&oacute; k&ouml;r&uuml;l enyh&eacute;bb, &#337;sszel &eacute;s t&eacute;len melegebb, tavasszal h&#369;v&ouml;sebb mint a t&oacute;t&oacute;l t&aacute;volabb. A v&iacute;zparton a nappali &eacute;s az &eacute;jszakai h&#337;m&eacute;rs&eacute;klet k&ouml;z&ouml;tti k&uuml;l&ouml;nbs&eacute;g is l&eacute;nyegesen kisebb, mint t&aacute;volabb.</p><p>A&nbsp;<a href="http://hu.wikipedia.org/wiki/Bakony">Bakony</a>&nbsp;&eacute;s az&nbsp;<a href="http://hu.wikipedia.org/wiki/Alpok">Alpok</a>&nbsp;k&ouml;zels&eacute;g&eacute;nek k&ouml;sz&ouml;nhet&#337;en az orsz&aacute;g legtiszt&aacute;bb leveg&#337;j&#369; ter&uuml;lete.<a href="http://hu.wikipedia.org/wiki/Balaton#cite_note-10">[10]</a></p><p>A v&iacute;zt&uuml;k&ouml;r visszaveri a r&aacute;es&#337;&nbsp;<a href="http://hu.wikipedia.org/wiki/Nap">napf&eacute;ny</a>&nbsp;jelent&#337;s r&eacute;sz&eacute;t, emiatt az &eacute;szaki part d&eacute;li kitetts&eacute;g&#369; hegyoldalai kiv&aacute;l&oacute;&nbsp;<a href="http://hu.wikipedia.org/w/index.php?title=Sz%C5%91l%C5%91term%C5%91_ter%C3%BCletek&amp;action=edit&amp;redlink=1">sz&#337;l&#337;term&#337; ter&uuml;letek</a>, amit m&aacute;r a&nbsp;<a href="http://hu.wikipedia.org/wiki/R%C3%B3maiak">r&oacute;maiak</a>&nbsp;is felismertek.</p><p>A t&oacute; sek&eacute;ly viz&eacute;t a nap k&ouml;nnyen &aacute;tmeleg&iacute;ti, ez&eacute;rt a v&iacute;z ny&aacute;ri maxim&aacute;lis h&#337;m&eacute;rs&eacute;klete 28-29 fok is lehet. (A v&iacute;zh&#337;m&eacute;rs&eacute;kletet hivatalosan Si&oacute;fokn&aacute;l, egy m&eacute;ter m&eacute;lys&eacute;gben m&eacute;rik. Csendes id&#337;ben k&ouml;zvetlen&uuml;l a felsz&iacute;nen a v&iacute;z h&#337;m&eacute;rs&eacute;klete enn&eacute;l t&ouml;bb fokkal magasabb, m&eacute;lyebben pedig alacsonyabb. Nagyobb&nbsp;<a href="http://hu.wikipedia.org/w/index.php?title=Vihar&amp;action=edit&amp;redlink=1">vihar</a>, hull&aacute;mz&aacute;s eset&eacute;n ezek az &eacute;rt&eacute;kek kiegyenl&iacute;t&#337;dnek, &eacute;s a v&iacute;z &bdquo;hivatalos&rdquo; h&#337;m&eacute;rs&eacute;klete er&#337;sen visszaesik.)</p><p>A Balaton a legt&ouml;bb t&eacute;len befagy, a j&eacute;gr&eacute;teg vastags&aacute;ga gyakran 20&ndash;30&nbsp;cm-es is lehet. A jellegzetes&nbsp;<em>rian&aacute;sok</em>, enyh&uuml;l&eacute;s idej&eacute;n hossz&uacute; hasad&aacute;sok a j&eacute;gtakar&oacute;n, er&#337;s hangjelens&eacute;gek mellett, az &ouml;sszeh&uacute;z&oacute;d&oacute; j&eacute;gfel&uuml;let miatt j&ouml;nnek l&eacute;tre. Megford&iacute;tva, fokoz&oacute;d&oacute; hideg hat&aacute;s&aacute;ra a j&eacute;gtakar&oacute; kit&aacute;gul, a lemezek egym&aacute;sra, illetve a partra torl&oacute;dnak, &eacute;s&nbsp;<em>turol&aacute;s</em>&nbsp;alakul ki.</p>'),
(28, 6, 2, 'Balaton', 'Éghajlat, mikroklíma', '<p>A Balaton a&nbsp;<a href="http://hu.wikipedia.org/wiki/K%C3%A1rp%C3%A1t-medence">K&aacute;rp&aacute;t-medence</a>&nbsp;d&eacute;lnyugati sz&eacute;l&eacute;hez k&ouml;zel ter&uuml;l el, &iacute;gy a medence eg&eacute;sz&eacute;re jellemz&#337;,&nbsp;<a href="http://hu.wikipedia.org/w/index.php?title=%C3%93ce%C3%A1ni&amp;action=edit&amp;redlink=1">&oacute;ce&aacute;ni</a>&nbsp;&eacute;s&nbsp;<a href="http://hu.wikipedia.org/wiki/Mediterr%C3%A1n_%C3%A9ghajlat">mediterr&aacute;n</a>&nbsp;hat&aacute;sokkal m&oacute;dos&iacute;tott m&eacute;rs&eacute;kelt<a href="http://hu.wikipedia.org/w/index.php?title=Kontinent%C3%A1lis&amp;action=edit&amp;redlink=1">kontinent&aacute;lis</a>&nbsp;<a href="http://hu.wikipedia.org/wiki/%C3%89ghajlat">&eacute;ghajlaton</a>&nbsp;bel&uuml;l az &aacute;tlagosn&aacute;l er&#337;sebbek az &oacute;ce&aacute;ni &eacute;s a mediterr&aacute;n hat&aacute;sok.</p><p>A napos &oacute;r&aacute;k sz&aacute;ma &eacute;vente &aacute;tlagosan 2000 k&ouml;r&uuml;l mozog. A legmelegebb h&oacute;napok a&nbsp;<a href="http://hu.wikipedia.org/wiki/J%C3%BAnius">j&uacute;nius</a>,&nbsp;<a href="http://hu.wikipedia.org/wiki/J%C3%BAlius">j&uacute;lius</a>&nbsp;&eacute;s&nbsp;<a href="http://hu.wikipedia.org/wiki/Augusztus">augusztus</a>. A legnaposabb&nbsp;<a href="http://hu.wikipedia.org/wiki/H%C3%B3nap">h&oacute;nap</a>&nbsp;a j&uacute;nius. A legkevesebb&nbsp;<a href="http://hu.wikipedia.org/wiki/Csapad%C3%A9k">csapad&eacute;k</a>&nbsp;augusztusban &eacute;s&nbsp;<a href="http://hu.wikipedia.org/wiki/Szeptember">szeptemberben</a>&nbsp;hullik, &aacute;tlagosan hat-hat&nbsp;<a href="http://hu.wikipedia.org/wiki/Es%C5%91">es&#337;s</a>&nbsp;nappal.</p><p>Maga a t&oacute; jelent&#337;s hat&aacute;ssal van k&ouml;rnyezete&nbsp;<a href="http://hu.wikipedia.org/w/index.php?title=Mikrokl%C3%ADma&amp;action=edit&amp;redlink=1">mikrokl&iacute;m&aacute;j&aacute;ra</a>. A hatalmas v&iacute;zt&ouml;meg kiegyenl&iacute;t&#337; hat&aacute;ssal van a leveg&#337;&nbsp;<a href="http://hu.wikipedia.org/wiki/H%C5%91m%C3%A9rs%C3%A9klet">h&#337;m&eacute;rs&eacute;klet&eacute;re</a>&nbsp;is, amely ny&aacute;ron a t&oacute; k&ouml;r&uuml;l enyh&eacute;bb, &#337;sszel &eacute;s t&eacute;len melegebb, tavasszal h&#369;v&ouml;sebb mint a t&oacute;t&oacute;l t&aacute;volabb. A v&iacute;zparton a nappali &eacute;s az &eacute;jszakai h&#337;m&eacute;rs&eacute;klet k&ouml;z&ouml;tti k&uuml;l&ouml;nbs&eacute;g is l&eacute;nyegesen kisebb, mint t&aacute;volabb.</p><p>A&nbsp;<a href="http://hu.wikipedia.org/wiki/Bakony">Bakony</a>&nbsp;&eacute;s az&nbsp;<a href="http://hu.wikipedia.org/wiki/Alpok">Alpok</a>&nbsp;k&ouml;zels&eacute;g&eacute;nek k&ouml;sz&ouml;nhet&#337;en az orsz&aacute;g legtiszt&aacute;bb leveg&#337;j&#369; ter&uuml;lete.<a href="http://hu.wikipedia.org/wiki/Balaton#cite_note-10">[10]</a></p><p>A v&iacute;zt&uuml;k&ouml;r visszaveri a r&aacute;es&#337;&nbsp;<a href="http://hu.wikipedia.org/wiki/Nap">napf&eacute;ny</a>&nbsp;jelent&#337;s r&eacute;sz&eacute;t, emiatt az &eacute;szaki part d&eacute;li kitetts&eacute;g&#369; hegyoldalai kiv&aacute;l&oacute;&nbsp;<a href="http://hu.wikipedia.org/w/index.php?title=Sz%C5%91l%C5%91term%C5%91_ter%C3%BCletek&amp;action=edit&amp;redlink=1">sz&#337;l&#337;term&#337; ter&uuml;letek</a>, amit m&aacute;r a&nbsp;<a href="http://hu.wikipedia.org/wiki/R%C3%B3maiak">r&oacute;maiak</a>&nbsp;is felismertek.</p><p>A t&oacute; sek&eacute;ly viz&eacute;t a nap k&ouml;nnyen &aacute;tmeleg&iacute;ti, ez&eacute;rt a v&iacute;z ny&aacute;ri maxim&aacute;lis h&#337;m&eacute;rs&eacute;klete 28-29 fok is lehet. (A v&iacute;zh&#337;m&eacute;rs&eacute;kletet hivatalosan Si&oacute;fokn&aacute;l, egy m&eacute;ter m&eacute;lys&eacute;gben m&eacute;rik. Csendes id&#337;ben k&ouml;zvetlen&uuml;l a felsz&iacute;nen a v&iacute;z h&#337;m&eacute;rs&eacute;klete enn&eacute;l t&ouml;bb fokkal magasabb, m&eacute;lyebben pedig alacsonyabb. Nagyobb&nbsp;<a href="http://hu.wikipedia.org/w/index.php?title=Vihar&amp;action=edit&amp;redlink=1">vihar</a>, hull&aacute;mz&aacute;s eset&eacute;n ezek az &eacute;rt&eacute;kek kiegyenl&iacute;t&#337;dnek, &eacute;s a v&iacute;z &bdquo;hivatalos&rdquo; h&#337;m&eacute;rs&eacute;klete er&#337;sen visszaesik.)</p><p>A Balaton a legt&ouml;bb t&eacute;len befagy, a j&eacute;gr&eacute;teg vastags&aacute;ga gyakran 20&ndash;30&nbsp;cm-es is lehet. A jellegzetes&nbsp;<em>rian&aacute;sok</em>, enyh&uuml;l&eacute;s idej&eacute;n hossz&uacute; hasad&aacute;sok a j&eacute;gtakar&oacute;n, er&#337;s hangjelens&eacute;gek mellett, az &ouml;sszeh&uacute;z&oacute;d&oacute; j&eacute;gfel&uuml;let miatt j&ouml;nnek l&eacute;tre. Megford&iacute;tva, fokoz&oacute;d&oacute; hideg hat&aacute;s&aacute;ra a j&eacute;gtakar&oacute; kit&aacute;gul, a lemezek egym&aacute;sra, illetve a partra torl&oacute;dnak, &eacute;s&nbsp;<em>turol&aacute;s</em>&nbsp;alakul ki.</p>'),
(29, 6, 9, 'Balaton', 'Éghajlat, mikroklíma', '<p>A Balaton a&nbsp;<a href="http://hu.wikipedia.org/wiki/K%C3%A1rp%C3%A1t-medence">K&aacute;rp&aacute;t-medence</a>&nbsp;d&eacute;lnyugati sz&eacute;l&eacute;hez k&ouml;zel ter&uuml;l el, &iacute;gy a medence eg&eacute;sz&eacute;re jellemz&#337;,&nbsp;<a href="http://hu.wikipedia.org/w/index.php?title=%C3%93ce%C3%A1ni&amp;action=edit&amp;redlink=1">&oacute;ce&aacute;ni</a>&nbsp;&eacute;s&nbsp;<a href="http://hu.wikipedia.org/wiki/Mediterr%C3%A1n_%C3%A9ghajlat">mediterr&aacute;n</a>&nbsp;hat&aacute;sokkal m&oacute;dos&iacute;tott m&eacute;rs&eacute;kelt<a href="http://hu.wikipedia.org/w/index.php?title=Kontinent%C3%A1lis&amp;action=edit&amp;redlink=1">kontinent&aacute;lis</a>&nbsp;<a href="http://hu.wikipedia.org/wiki/%C3%89ghajlat">&eacute;ghajlaton</a>&nbsp;bel&uuml;l az &aacute;tlagosn&aacute;l er&#337;sebbek az &oacute;ce&aacute;ni &eacute;s a mediterr&aacute;n hat&aacute;sok.</p><p>A napos &oacute;r&aacute;k sz&aacute;ma &eacute;vente &aacute;tlagosan 2000 k&ouml;r&uuml;l mozog. A legmelegebb h&oacute;napok a&nbsp;<a href="http://hu.wikipedia.org/wiki/J%C3%BAnius">j&uacute;nius</a>,&nbsp;<a href="http://hu.wikipedia.org/wiki/J%C3%BAlius">j&uacute;lius</a>&nbsp;&eacute;s&nbsp;<a href="http://hu.wikipedia.org/wiki/Augusztus">augusztus</a>. A legnaposabb&nbsp;<a href="http://hu.wikipedia.org/wiki/H%C3%B3nap">h&oacute;nap</a>&nbsp;a j&uacute;nius. A legkevesebb&nbsp;<a href="http://hu.wikipedia.org/wiki/Csapad%C3%A9k">csapad&eacute;k</a>&nbsp;augusztusban &eacute;s&nbsp;<a href="http://hu.wikipedia.org/wiki/Szeptember">szeptemberben</a>&nbsp;hullik, &aacute;tlagosan hat-hat&nbsp;<a href="http://hu.wikipedia.org/wiki/Es%C5%91">es&#337;s</a>&nbsp;nappal.</p><p>Maga a t&oacute; jelent&#337;s hat&aacute;ssal van k&ouml;rnyezete&nbsp;<a href="http://hu.wikipedia.org/w/index.php?title=Mikrokl%C3%ADma&amp;action=edit&amp;redlink=1">mikrokl&iacute;m&aacute;j&aacute;ra</a>. A hatalmas v&iacute;zt&ouml;meg kiegyenl&iacute;t&#337; hat&aacute;ssal van a leveg&#337;&nbsp;<a href="http://hu.wikipedia.org/wiki/H%C5%91m%C3%A9rs%C3%A9klet">h&#337;m&eacute;rs&eacute;klet&eacute;re</a>&nbsp;is, amely ny&aacute;ron a t&oacute; k&ouml;r&uuml;l enyh&eacute;bb, &#337;sszel &eacute;s t&eacute;len melegebb, tavasszal h&#369;v&ouml;sebb mint a t&oacute;t&oacute;l t&aacute;volabb. A v&iacute;zparton a nappali &eacute;s az &eacute;jszakai h&#337;m&eacute;rs&eacute;klet k&ouml;z&ouml;tti k&uuml;l&ouml;nbs&eacute;g is l&eacute;nyegesen kisebb, mint t&aacute;volabb.</p><p>A&nbsp;<a href="http://hu.wikipedia.org/wiki/Bakony">Bakony</a>&nbsp;&eacute;s az&nbsp;<a href="http://hu.wikipedia.org/wiki/Alpok">Alpok</a>&nbsp;k&ouml;zels&eacute;g&eacute;nek k&ouml;sz&ouml;nhet&#337;en az orsz&aacute;g legtiszt&aacute;bb leveg&#337;j&#369; ter&uuml;lete.<a href="http://hu.wikipedia.org/wiki/Balaton#cite_note-10">[10]</a></p><p>A v&iacute;zt&uuml;k&ouml;r visszaveri a r&aacute;es&#337;&nbsp;<a href="http://hu.wikipedia.org/wiki/Nap">napf&eacute;ny</a>&nbsp;jelent&#337;s r&eacute;sz&eacute;t, emiatt az &eacute;szaki part d&eacute;li kitetts&eacute;g&#369; hegyoldalai kiv&aacute;l&oacute;&nbsp;<a href="http://hu.wikipedia.org/w/index.php?title=Sz%C5%91l%C5%91term%C5%91_ter%C3%BCletek&amp;action=edit&amp;redlink=1">sz&#337;l&#337;term&#337; ter&uuml;letek</a>, amit m&aacute;r a&nbsp;<a href="http://hu.wikipedia.org/wiki/R%C3%B3maiak">r&oacute;maiak</a>&nbsp;is felismertek.</p><p>A t&oacute; sek&eacute;ly viz&eacute;t a nap k&ouml;nnyen &aacute;tmeleg&iacute;ti, ez&eacute;rt a v&iacute;z ny&aacute;ri maxim&aacute;lis h&#337;m&eacute;rs&eacute;klete 28-29 fok is lehet. (A v&iacute;zh&#337;m&eacute;rs&eacute;kletet hivatalosan Si&oacute;fokn&aacute;l, egy m&eacute;ter m&eacute;lys&eacute;gben m&eacute;rik. Csendes id&#337;ben k&ouml;zvetlen&uuml;l a felsz&iacute;nen a v&iacute;z h&#337;m&eacute;rs&eacute;klete enn&eacute;l t&ouml;bb fokkal magasabb, m&eacute;lyebben pedig alacsonyabb. Nagyobb&nbsp;<a href="http://hu.wikipedia.org/w/index.php?title=Vihar&amp;action=edit&amp;redlink=1">vihar</a>, hull&aacute;mz&aacute;s eset&eacute;n ezek az &eacute;rt&eacute;kek kiegyenl&iacute;t&#337;dnek, &eacute;s a v&iacute;z &bdquo;hivatalos&rdquo; h&#337;m&eacute;rs&eacute;klete er&#337;sen visszaesik.)</p><p>A Balaton a legt&ouml;bb t&eacute;len befagy, a j&eacute;gr&eacute;teg vastags&aacute;ga gyakran 20&ndash;30&nbsp;cm-es is lehet. A jellegzetes&nbsp;<em>rian&aacute;sok</em>, enyh&uuml;l&eacute;s idej&eacute;n hossz&uacute; hasad&aacute;sok a j&eacute;gtakar&oacute;n, er&#337;s hangjelens&eacute;gek mellett, az &ouml;sszeh&uacute;z&oacute;d&oacute; j&eacute;gfel&uuml;let miatt j&ouml;nnek l&eacute;tre. Megford&iacute;tva, fokoz&oacute;d&oacute; hideg hat&aacute;s&aacute;ra a j&eacute;gtakar&oacute; kit&aacute;gul, a lemezek egym&aacute;sra, illetve a partra torl&oacute;dnak, &eacute;s&nbsp;<em>turol&aacute;s</em>&nbsp;alakul ki.</p>'),
(30, 6, 10, 'Balaton', 'Éghajlat, mikroklíma', '<p>A Balaton a&nbsp;<a href="http://hu.wikipedia.org/wiki/K%C3%A1rp%C3%A1t-medence">K&aacute;rp&aacute;t-medence</a>&nbsp;d&eacute;lnyugati sz&eacute;l&eacute;hez k&ouml;zel ter&uuml;l el, &iacute;gy a medence eg&eacute;sz&eacute;re jellemz&#337;,&nbsp;<a href="http://hu.wikipedia.org/w/index.php?title=%C3%93ce%C3%A1ni&amp;action=edit&amp;redlink=1">&oacute;ce&aacute;ni</a>&nbsp;&eacute;s&nbsp;<a href="http://hu.wikipedia.org/wiki/Mediterr%C3%A1n_%C3%A9ghajlat">mediterr&aacute;n</a>&nbsp;hat&aacute;sokkal m&oacute;dos&iacute;tott m&eacute;rs&eacute;kelt<a href="http://hu.wikipedia.org/w/index.php?title=Kontinent%C3%A1lis&amp;action=edit&amp;redlink=1">kontinent&aacute;lis</a>&nbsp;<a href="http://hu.wikipedia.org/wiki/%C3%89ghajlat">&eacute;ghajlaton</a>&nbsp;bel&uuml;l az &aacute;tlagosn&aacute;l er&#337;sebbek az &oacute;ce&aacute;ni &eacute;s a mediterr&aacute;n hat&aacute;sok.</p><p>A napos &oacute;r&aacute;k sz&aacute;ma &eacute;vente &aacute;tlagosan 2000 k&ouml;r&uuml;l mozog. A legmelegebb h&oacute;napok a&nbsp;<a href="http://hu.wikipedia.org/wiki/J%C3%BAnius">j&uacute;nius</a>,&nbsp;<a href="http://hu.wikipedia.org/wiki/J%C3%BAlius">j&uacute;lius</a>&nbsp;&eacute;s&nbsp;<a href="http://hu.wikipedia.org/wiki/Augusztus">augusztus</a>. A legnaposabb&nbsp;<a href="http://hu.wikipedia.org/wiki/H%C3%B3nap">h&oacute;nap</a>&nbsp;a j&uacute;nius. A legkevesebb&nbsp;<a href="http://hu.wikipedia.org/wiki/Csapad%C3%A9k">csapad&eacute;k</a>&nbsp;augusztusban &eacute;s&nbsp;<a href="http://hu.wikipedia.org/wiki/Szeptember">szeptemberben</a>&nbsp;hullik, &aacute;tlagosan hat-hat&nbsp;<a href="http://hu.wikipedia.org/wiki/Es%C5%91">es&#337;s</a>&nbsp;nappal.</p><p>Maga a t&oacute; jelent&#337;s hat&aacute;ssal van k&ouml;rnyezete&nbsp;<a href="http://hu.wikipedia.org/w/index.php?title=Mikrokl%C3%ADma&amp;action=edit&amp;redlink=1">mikrokl&iacute;m&aacute;j&aacute;ra</a>. A hatalmas v&iacute;zt&ouml;meg kiegyenl&iacute;t&#337; hat&aacute;ssal van a leveg&#337;&nbsp;<a href="http://hu.wikipedia.org/wiki/H%C5%91m%C3%A9rs%C3%A9klet">h&#337;m&eacute;rs&eacute;klet&eacute;re</a>&nbsp;is, amely ny&aacute;ron a t&oacute; k&ouml;r&uuml;l enyh&eacute;bb, &#337;sszel &eacute;s t&eacute;len melegebb, tavasszal h&#369;v&ouml;sebb mint a t&oacute;t&oacute;l t&aacute;volabb. A v&iacute;zparton a nappali &eacute;s az &eacute;jszakai h&#337;m&eacute;rs&eacute;klet k&ouml;z&ouml;tti k&uuml;l&ouml;nbs&eacute;g is l&eacute;nyegesen kisebb, mint t&aacute;volabb.</p><p>A&nbsp;<a href="http://hu.wikipedia.org/wiki/Bakony">Bakony</a>&nbsp;&eacute;s az&nbsp;<a href="http://hu.wikipedia.org/wiki/Alpok">Alpok</a>&nbsp;k&ouml;zels&eacute;g&eacute;nek k&ouml;sz&ouml;nhet&#337;en az orsz&aacute;g legtiszt&aacute;bb leveg&#337;j&#369; ter&uuml;lete.<a href="http://hu.wikipedia.org/wiki/Balaton#cite_note-10">[10]</a></p><p>A v&iacute;zt&uuml;k&ouml;r visszaveri a r&aacute;es&#337;&nbsp;<a href="http://hu.wikipedia.org/wiki/Nap">napf&eacute;ny</a>&nbsp;jelent&#337;s r&eacute;sz&eacute;t, emiatt az &eacute;szaki part d&eacute;li kitetts&eacute;g&#369; hegyoldalai kiv&aacute;l&oacute;&nbsp;<a href="http://hu.wikipedia.org/w/index.php?title=Sz%C5%91l%C5%91term%C5%91_ter%C3%BCletek&amp;action=edit&amp;redlink=1">sz&#337;l&#337;term&#337; ter&uuml;letek</a>, amit m&aacute;r a&nbsp;<a href="http://hu.wikipedia.org/wiki/R%C3%B3maiak">r&oacute;maiak</a>&nbsp;is felismertek.</p><p>A t&oacute; sek&eacute;ly viz&eacute;t a nap k&ouml;nnyen &aacute;tmeleg&iacute;ti, ez&eacute;rt a v&iacute;z ny&aacute;ri maxim&aacute;lis h&#337;m&eacute;rs&eacute;klete 28-29 fok is lehet. (A v&iacute;zh&#337;m&eacute;rs&eacute;kletet hivatalosan Si&oacute;fokn&aacute;l, egy m&eacute;ter m&eacute;lys&eacute;gben m&eacute;rik. Csendes id&#337;ben k&ouml;zvetlen&uuml;l a felsz&iacute;nen a v&iacute;z h&#337;m&eacute;rs&eacute;klete enn&eacute;l t&ouml;bb fokkal magasabb, m&eacute;lyebben pedig alacsonyabb. Nagyobb&nbsp;<a href="http://hu.wikipedia.org/w/index.php?title=Vihar&amp;action=edit&amp;redlink=1">vihar</a>, hull&aacute;mz&aacute;s eset&eacute;n ezek az &eacute;rt&eacute;kek kiegyenl&iacute;t&#337;dnek, &eacute;s a v&iacute;z &bdquo;hivatalos&rdquo; h&#337;m&eacute;rs&eacute;klete er&#337;sen visszaesik.)</p><p>A Balaton a legt&ouml;bb t&eacute;len befagy, a j&eacute;gr&eacute;teg vastags&aacute;ga gyakran 20&ndash;30&nbsp;cm-es is lehet. A jellegzetes&nbsp;<em>rian&aacute;sok</em>, enyh&uuml;l&eacute;s idej&eacute;n hossz&uacute; hasad&aacute;sok a j&eacute;gtakar&oacute;n, er&#337;s hangjelens&eacute;gek mellett, az &ouml;sszeh&uacute;z&oacute;d&oacute; j&eacute;gfel&uuml;let miatt j&ouml;nnek l&eacute;tre. Megford&iacute;tva, fokoz&oacute;d&oacute; hideg hat&aacute;s&aacute;ra a j&eacute;gtakar&oacute; kit&aacute;gul, a lemezek egym&aacute;sra, illetve a partra torl&oacute;dnak, &eacute;s&nbsp;<em>turol&aacute;s</em>&nbsp;alakul ki.</p>'),
(31, 6, 11, 'Balaton', 'Éghajlat, mikroklíma', '<p>A Balaton a&nbsp;<a href="http://hu.wikipedia.org/wiki/K%C3%A1rp%C3%A1t-medence">K&aacute;rp&aacute;t-medence</a>&nbsp;d&eacute;lnyugati sz&eacute;l&eacute;hez k&ouml;zel ter&uuml;l el, &iacute;gy a medence eg&eacute;sz&eacute;re jellemz&#337;,&nbsp;<a href="http://hu.wikipedia.org/w/index.php?title=%C3%93ce%C3%A1ni&amp;action=edit&amp;redlink=1">&oacute;ce&aacute;ni</a>&nbsp;&eacute;s&nbsp;<a href="http://hu.wikipedia.org/wiki/Mediterr%C3%A1n_%C3%A9ghajlat">mediterr&aacute;n</a>&nbsp;hat&aacute;sokkal m&oacute;dos&iacute;tott m&eacute;rs&eacute;kelt<a href="http://hu.wikipedia.org/w/index.php?title=Kontinent%C3%A1lis&amp;action=edit&amp;redlink=1">kontinent&aacute;lis</a>&nbsp;<a href="http://hu.wikipedia.org/wiki/%C3%89ghajlat">&eacute;ghajlaton</a>&nbsp;bel&uuml;l az &aacute;tlagosn&aacute;l er&#337;sebbek az &oacute;ce&aacute;ni &eacute;s a mediterr&aacute;n hat&aacute;sok.</p><p>A napos &oacute;r&aacute;k sz&aacute;ma &eacute;vente &aacute;tlagosan 2000 k&ouml;r&uuml;l mozog. A legmelegebb h&oacute;napok a&nbsp;<a href="http://hu.wikipedia.org/wiki/J%C3%BAnius">j&uacute;nius</a>,&nbsp;<a href="http://hu.wikipedia.org/wiki/J%C3%BAlius">j&uacute;lius</a>&nbsp;&eacute;s&nbsp;<a href="http://hu.wikipedia.org/wiki/Augusztus">augusztus</a>. A legnaposabb&nbsp;<a href="http://hu.wikipedia.org/wiki/H%C3%B3nap">h&oacute;nap</a>&nbsp;a j&uacute;nius. A legkevesebb&nbsp;<a href="http://hu.wikipedia.org/wiki/Csapad%C3%A9k">csapad&eacute;k</a>&nbsp;augusztusban &eacute;s&nbsp;<a href="http://hu.wikipedia.org/wiki/Szeptember">szeptemberben</a>&nbsp;hullik, &aacute;tlagosan hat-hat&nbsp;<a href="http://hu.wikipedia.org/wiki/Es%C5%91">es&#337;s</a>&nbsp;nappal.</p><p>Maga a t&oacute; jelent&#337;s hat&aacute;ssal van k&ouml;rnyezete&nbsp;<a href="http://hu.wikipedia.org/w/index.php?title=Mikrokl%C3%ADma&amp;action=edit&amp;redlink=1">mikrokl&iacute;m&aacute;j&aacute;ra</a>. A hatalmas v&iacute;zt&ouml;meg kiegyenl&iacute;t&#337; hat&aacute;ssal van a leveg&#337;&nbsp;<a href="http://hu.wikipedia.org/wiki/H%C5%91m%C3%A9rs%C3%A9klet">h&#337;m&eacute;rs&eacute;klet&eacute;re</a>&nbsp;is, amely ny&aacute;ron a t&oacute; k&ouml;r&uuml;l enyh&eacute;bb, &#337;sszel &eacute;s t&eacute;len melegebb, tavasszal h&#369;v&ouml;sebb mint a t&oacute;t&oacute;l t&aacute;volabb. A v&iacute;zparton a nappali &eacute;s az &eacute;jszakai h&#337;m&eacute;rs&eacute;klet k&ouml;z&ouml;tti k&uuml;l&ouml;nbs&eacute;g is l&eacute;nyegesen kisebb, mint t&aacute;volabb.</p><p>A&nbsp;<a href="http://hu.wikipedia.org/wiki/Bakony">Bakony</a>&nbsp;&eacute;s az&nbsp;<a href="http://hu.wikipedia.org/wiki/Alpok">Alpok</a>&nbsp;k&ouml;zels&eacute;g&eacute;nek k&ouml;sz&ouml;nhet&#337;en az orsz&aacute;g legtiszt&aacute;bb leveg&#337;j&#369; ter&uuml;lete.<a href="http://hu.wikipedia.org/wiki/Balaton#cite_note-10">[10]</a></p><p>A v&iacute;zt&uuml;k&ouml;r visszaveri a r&aacute;es&#337;&nbsp;<a href="http://hu.wikipedia.org/wiki/Nap">napf&eacute;ny</a>&nbsp;jelent&#337;s r&eacute;sz&eacute;t, emiatt az &eacute;szaki part d&eacute;li kitetts&eacute;g&#369; hegyoldalai kiv&aacute;l&oacute;&nbsp;<a href="http://hu.wikipedia.org/w/index.php?title=Sz%C5%91l%C5%91term%C5%91_ter%C3%BCletek&amp;action=edit&amp;redlink=1">sz&#337;l&#337;term&#337; ter&uuml;letek</a>, amit m&aacute;r a&nbsp;<a href="http://hu.wikipedia.org/wiki/R%C3%B3maiak">r&oacute;maiak</a>&nbsp;is felismertek.</p><p>A t&oacute; sek&eacute;ly viz&eacute;t a nap k&ouml;nnyen &aacute;tmeleg&iacute;ti, ez&eacute;rt a v&iacute;z ny&aacute;ri maxim&aacute;lis h&#337;m&eacute;rs&eacute;klete 28-29 fok is lehet. (A v&iacute;zh&#337;m&eacute;rs&eacute;kletet hivatalosan Si&oacute;fokn&aacute;l, egy m&eacute;ter m&eacute;lys&eacute;gben m&eacute;rik. Csendes id&#337;ben k&ouml;zvetlen&uuml;l a felsz&iacute;nen a v&iacute;z h&#337;m&eacute;rs&eacute;klete enn&eacute;l t&ouml;bb fokkal magasabb, m&eacute;lyebben pedig alacsonyabb. Nagyobb&nbsp;<a href="http://hu.wikipedia.org/w/index.php?title=Vihar&amp;action=edit&amp;redlink=1">vihar</a>, hull&aacute;mz&aacute;s eset&eacute;n ezek az &eacute;rt&eacute;kek kiegyenl&iacute;t&#337;dnek, &eacute;s a v&iacute;z &bdquo;hivatalos&rdquo; h&#337;m&eacute;rs&eacute;klete er&#337;sen visszaesik.)</p><p>A Balaton a legt&ouml;bb t&eacute;len befagy, a j&eacute;gr&eacute;teg vastags&aacute;ga gyakran 20&ndash;30&nbsp;cm-es is lehet. A jellegzetes&nbsp;<em>rian&aacute;sok</em>, enyh&uuml;l&eacute;s idej&eacute;n hossz&uacute; hasad&aacute;sok a j&eacute;gtakar&oacute;n, er&#337;s hangjelens&eacute;gek mellett, az &ouml;sszeh&uacute;z&oacute;d&oacute; j&eacute;gfel&uuml;let miatt j&ouml;nnek l&eacute;tre. Megford&iacute;tva, fokoz&oacute;d&oacute; hideg hat&aacute;s&aacute;ra a j&eacute;gtakar&oacute; kit&aacute;gul, a lemezek egym&aacute;sra, illetve a partra torl&oacute;dnak, &eacute;s&nbsp;<em>turol&aacute;s</em>&nbsp;alakul ki.</p>'),
(32, 6, 16, 'Balaton', 'Éghajlat, mikroklíma', '<p>A Balaton a&nbsp;<a href="http://hu.wikipedia.org/wiki/K%C3%A1rp%C3%A1t-medence">K&aacute;rp&aacute;t-medence</a>&nbsp;d&eacute;lnyugati sz&eacute;l&eacute;hez k&ouml;zel ter&uuml;l el, &iacute;gy a medence eg&eacute;sz&eacute;re jellemz&#337;,&nbsp;<a href="http://hu.wikipedia.org/w/index.php?title=%C3%93ce%C3%A1ni&amp;action=edit&amp;redlink=1">&oacute;ce&aacute;ni</a>&nbsp;&eacute;s&nbsp;<a href="http://hu.wikipedia.org/wiki/Mediterr%C3%A1n_%C3%A9ghajlat">mediterr&aacute;n</a>&nbsp;hat&aacute;sokkal m&oacute;dos&iacute;tott m&eacute;rs&eacute;kelt<a href="http://hu.wikipedia.org/w/index.php?title=Kontinent%C3%A1lis&amp;action=edit&amp;redlink=1">kontinent&aacute;lis</a>&nbsp;<a href="http://hu.wikipedia.org/wiki/%C3%89ghajlat">&eacute;ghajlaton</a>&nbsp;bel&uuml;l az &aacute;tlagosn&aacute;l er&#337;sebbek az &oacute;ce&aacute;ni &eacute;s a mediterr&aacute;n hat&aacute;sok.</p><p>A napos &oacute;r&aacute;k sz&aacute;ma &eacute;vente &aacute;tlagosan 2000 k&ouml;r&uuml;l mozog. A legmelegebb h&oacute;napok a&nbsp;<a href="http://hu.wikipedia.org/wiki/J%C3%BAnius">j&uacute;nius</a>,&nbsp;<a href="http://hu.wikipedia.org/wiki/J%C3%BAlius">j&uacute;lius</a>&nbsp;&eacute;s&nbsp;<a href="http://hu.wikipedia.org/wiki/Augusztus">augusztus</a>. A legnaposabb&nbsp;<a href="http://hu.wikipedia.org/wiki/H%C3%B3nap">h&oacute;nap</a>&nbsp;a j&uacute;nius. A legkevesebb&nbsp;<a href="http://hu.wikipedia.org/wiki/Csapad%C3%A9k">csapad&eacute;k</a>&nbsp;augusztusban &eacute;s&nbsp;<a href="http://hu.wikipedia.org/wiki/Szeptember">szeptemberben</a>&nbsp;hullik, &aacute;tlagosan hat-hat&nbsp;<a href="http://hu.wikipedia.org/wiki/Es%C5%91">es&#337;s</a>&nbsp;nappal.</p><p>Maga a t&oacute; jelent&#337;s hat&aacute;ssal van k&ouml;rnyezete&nbsp;<a href="http://hu.wikipedia.org/w/index.php?title=Mikrokl%C3%ADma&amp;action=edit&amp;redlink=1">mikrokl&iacute;m&aacute;j&aacute;ra</a>. A hatalmas v&iacute;zt&ouml;meg kiegyenl&iacute;t&#337; hat&aacute;ssal van a leveg&#337;&nbsp;<a href="http://hu.wikipedia.org/wiki/H%C5%91m%C3%A9rs%C3%A9klet">h&#337;m&eacute;rs&eacute;klet&eacute;re</a>&nbsp;is, amely ny&aacute;ron a t&oacute; k&ouml;r&uuml;l enyh&eacute;bb, &#337;sszel &eacute;s t&eacute;len melegebb, tavasszal h&#369;v&ouml;sebb mint a t&oacute;t&oacute;l t&aacute;volabb. A v&iacute;zparton a nappali &eacute;s az &eacute;jszakai h&#337;m&eacute;rs&eacute;klet k&ouml;z&ouml;tti k&uuml;l&ouml;nbs&eacute;g is l&eacute;nyegesen kisebb, mint t&aacute;volabb.</p><p>A&nbsp;<a href="http://hu.wikipedia.org/wiki/Bakony">Bakony</a>&nbsp;&eacute;s az&nbsp;<a href="http://hu.wikipedia.org/wiki/Alpok">Alpok</a>&nbsp;k&ouml;zels&eacute;g&eacute;nek k&ouml;sz&ouml;nhet&#337;en az orsz&aacute;g legtiszt&aacute;bb leveg&#337;j&#369; ter&uuml;lete.<a href="http://hu.wikipedia.org/wiki/Balaton#cite_note-10">[10]</a></p><p>A v&iacute;zt&uuml;k&ouml;r visszaveri a r&aacute;es&#337;&nbsp;<a href="http://hu.wikipedia.org/wiki/Nap">napf&eacute;ny</a>&nbsp;jelent&#337;s r&eacute;sz&eacute;t, emiatt az &eacute;szaki part d&eacute;li kitetts&eacute;g&#369; hegyoldalai kiv&aacute;l&oacute;&nbsp;<a href="http://hu.wikipedia.org/w/index.php?title=Sz%C5%91l%C5%91term%C5%91_ter%C3%BCletek&amp;action=edit&amp;redlink=1">sz&#337;l&#337;term&#337; ter&uuml;letek</a>, amit m&aacute;r a&nbsp;<a href="http://hu.wikipedia.org/wiki/R%C3%B3maiak">r&oacute;maiak</a>&nbsp;is felismertek.</p><p>A t&oacute; sek&eacute;ly viz&eacute;t a nap k&ouml;nnyen &aacute;tmeleg&iacute;ti, ez&eacute;rt a v&iacute;z ny&aacute;ri maxim&aacute;lis h&#337;m&eacute;rs&eacute;klete 28-29 fok is lehet. (A v&iacute;zh&#337;m&eacute;rs&eacute;kletet hivatalosan Si&oacute;fokn&aacute;l, egy m&eacute;ter m&eacute;lys&eacute;gben m&eacute;rik. Csendes id&#337;ben k&ouml;zvetlen&uuml;l a felsz&iacute;nen a v&iacute;z h&#337;m&eacute;rs&eacute;klete enn&eacute;l t&ouml;bb fokkal magasabb, m&eacute;lyebben pedig alacsonyabb. Nagyobb&nbsp;<a href="http://hu.wikipedia.org/w/index.php?title=Vihar&amp;action=edit&amp;redlink=1">vihar</a>, hull&aacute;mz&aacute;s eset&eacute;n ezek az &eacute;rt&eacute;kek kiegyenl&iacute;t&#337;dnek, &eacute;s a v&iacute;z &bdquo;hivatalos&rdquo; h&#337;m&eacute;rs&eacute;klete er&#337;sen visszaesik.)</p><p>A Balaton a legt&ouml;bb t&eacute;len befagy, a j&eacute;gr&eacute;teg vastags&aacute;ga gyakran 20&ndash;30&nbsp;cm-es is lehet. A jellegzetes&nbsp;<em>rian&aacute;sok</em>, enyh&uuml;l&eacute;s idej&eacute;n hossz&uacute; hasad&aacute;sok a j&eacute;gtakar&oacute;n, er&#337;s hangjelens&eacute;gek mellett, az &ouml;sszeh&uacute;z&oacute;d&oacute; j&eacute;gfel&uuml;let miatt j&ouml;nnek l&eacute;tre. Megford&iacute;tva, fokoz&oacute;d&oacute; hideg hat&aacute;s&aacute;ra a j&eacute;gtakar&oacute; kit&aacute;gul, a lemezek egym&aacute;sra, illetve a partra torl&oacute;dnak, &eacute;s&nbsp;<em>turol&aacute;s</em>&nbsp;alakul ki.</p>'),
(33, 6, 17, 'Balaton', 'Éghajlat, mikroklíma', '<p>A Balaton a&nbsp;<a href="http://hu.wikipedia.org/wiki/K%C3%A1rp%C3%A1t-medence">K&aacute;rp&aacute;t-medence</a>&nbsp;d&eacute;lnyugati sz&eacute;l&eacute;hez k&ouml;zel ter&uuml;l el, &iacute;gy a medence eg&eacute;sz&eacute;re jellemz&#337;,&nbsp;<a href="http://hu.wikipedia.org/w/index.php?title=%C3%93ce%C3%A1ni&amp;action=edit&amp;redlink=1">&oacute;ce&aacute;ni</a>&nbsp;&eacute;s&nbsp;<a href="http://hu.wikipedia.org/wiki/Mediterr%C3%A1n_%C3%A9ghajlat">mediterr&aacute;n</a>&nbsp;hat&aacute;sokkal m&oacute;dos&iacute;tott m&eacute;rs&eacute;kelt<a href="http://hu.wikipedia.org/w/index.php?title=Kontinent%C3%A1lis&amp;action=edit&amp;redlink=1">kontinent&aacute;lis</a>&nbsp;<a href="http://hu.wikipedia.org/wiki/%C3%89ghajlat">&eacute;ghajlaton</a>&nbsp;bel&uuml;l az &aacute;tlagosn&aacute;l er&#337;sebbek az &oacute;ce&aacute;ni &eacute;s a mediterr&aacute;n hat&aacute;sok.</p><p>A napos &oacute;r&aacute;k sz&aacute;ma &eacute;vente &aacute;tlagosan 2000 k&ouml;r&uuml;l mozog. A legmelegebb h&oacute;napok a&nbsp;<a href="http://hu.wikipedia.org/wiki/J%C3%BAnius">j&uacute;nius</a>,&nbsp;<a href="http://hu.wikipedia.org/wiki/J%C3%BAlius">j&uacute;lius</a>&nbsp;&eacute;s&nbsp;<a href="http://hu.wikipedia.org/wiki/Augusztus">augusztus</a>. A legnaposabb&nbsp;<a href="http://hu.wikipedia.org/wiki/H%C3%B3nap">h&oacute;nap</a>&nbsp;a j&uacute;nius. A legkevesebb&nbsp;<a href="http://hu.wikipedia.org/wiki/Csapad%C3%A9k">csapad&eacute;k</a>&nbsp;augusztusban &eacute;s&nbsp;<a href="http://hu.wikipedia.org/wiki/Szeptember">szeptemberben</a>&nbsp;hullik, &aacute;tlagosan hat-hat&nbsp;<a href="http://hu.wikipedia.org/wiki/Es%C5%91">es&#337;s</a>&nbsp;nappal.</p><p>Maga a t&oacute; jelent&#337;s hat&aacute;ssal van k&ouml;rnyezete&nbsp;<a href="http://hu.wikipedia.org/w/index.php?title=Mikrokl%C3%ADma&amp;action=edit&amp;redlink=1">mikrokl&iacute;m&aacute;j&aacute;ra</a>. A hatalmas v&iacute;zt&ouml;meg kiegyenl&iacute;t&#337; hat&aacute;ssal van a leveg&#337;&nbsp;<a href="http://hu.wikipedia.org/wiki/H%C5%91m%C3%A9rs%C3%A9klet">h&#337;m&eacute;rs&eacute;klet&eacute;re</a>&nbsp;is, amely ny&aacute;ron a t&oacute; k&ouml;r&uuml;l enyh&eacute;bb, &#337;sszel &eacute;s t&eacute;len melegebb, tavasszal h&#369;v&ouml;sebb mint a t&oacute;t&oacute;l t&aacute;volabb. A v&iacute;zparton a nappali &eacute;s az &eacute;jszakai h&#337;m&eacute;rs&eacute;klet k&ouml;z&ouml;tti k&uuml;l&ouml;nbs&eacute;g is l&eacute;nyegesen kisebb, mint t&aacute;volabb.</p><p>A&nbsp;<a href="http://hu.wikipedia.org/wiki/Bakony">Bakony</a>&nbsp;&eacute;s az&nbsp;<a href="http://hu.wikipedia.org/wiki/Alpok">Alpok</a>&nbsp;k&ouml;zels&eacute;g&eacute;nek k&ouml;sz&ouml;nhet&#337;en az orsz&aacute;g legtiszt&aacute;bb leveg&#337;j&#369; ter&uuml;lete.<a href="http://hu.wikipedia.org/wiki/Balaton#cite_note-10">[10]</a></p><p>A v&iacute;zt&uuml;k&ouml;r visszaveri a r&aacute;es&#337;&nbsp;<a href="http://hu.wikipedia.org/wiki/Nap">napf&eacute;ny</a>&nbsp;jelent&#337;s r&eacute;sz&eacute;t, emiatt az &eacute;szaki part d&eacute;li kitetts&eacute;g&#369; hegyoldalai kiv&aacute;l&oacute;&nbsp;<a href="http://hu.wikipedia.org/w/index.php?title=Sz%C5%91l%C5%91term%C5%91_ter%C3%BCletek&amp;action=edit&amp;redlink=1">sz&#337;l&#337;term&#337; ter&uuml;letek</a>, amit m&aacute;r a&nbsp;<a href="http://hu.wikipedia.org/wiki/R%C3%B3maiak">r&oacute;maiak</a>&nbsp;is felismertek.</p><p>A t&oacute; sek&eacute;ly viz&eacute;t a nap k&ouml;nnyen &aacute;tmeleg&iacute;ti, ez&eacute;rt a v&iacute;z ny&aacute;ri maxim&aacute;lis h&#337;m&eacute;rs&eacute;klete 28-29 fok is lehet. (A v&iacute;zh&#337;m&eacute;rs&eacute;kletet hivatalosan Si&oacute;fokn&aacute;l, egy m&eacute;ter m&eacute;lys&eacute;gben m&eacute;rik. Csendes id&#337;ben k&ouml;zvetlen&uuml;l a felsz&iacute;nen a v&iacute;z h&#337;m&eacute;rs&eacute;klete enn&eacute;l t&ouml;bb fokkal magasabb, m&eacute;lyebben pedig alacsonyabb. Nagyobb&nbsp;<a href="http://hu.wikipedia.org/w/index.php?title=Vihar&amp;action=edit&amp;redlink=1">vihar</a>, hull&aacute;mz&aacute;s eset&eacute;n ezek az &eacute;rt&eacute;kek kiegyenl&iacute;t&#337;dnek, &eacute;s a v&iacute;z &bdquo;hivatalos&rdquo; h&#337;m&eacute;rs&eacute;klete er&#337;sen visszaesik.)</p><p>A Balaton a legt&ouml;bb t&eacute;len befagy, a j&eacute;gr&eacute;teg vastags&aacute;ga gyakran 20&ndash;30&nbsp;cm-es is lehet. A jellegzetes&nbsp;<em>rian&aacute;sok</em>, enyh&uuml;l&eacute;s idej&eacute;n hossz&uacute; hasad&aacute;sok a j&eacute;gtakar&oacute;n, er&#337;s hangjelens&eacute;gek mellett, az &ouml;sszeh&uacute;z&oacute;d&oacute; j&eacute;gfel&uuml;let miatt j&ouml;nnek l&eacute;tre. Megford&iacute;tva, fokoz&oacute;d&oacute; hideg hat&aacute;s&aacute;ra a j&eacute;gtakar&oacute; kit&aacute;gul, a lemezek egym&aacute;sra, illetve a partra torl&oacute;dnak, &eacute;s&nbsp;<em>turol&aacute;s</em>&nbsp;alakul ki.</p>');
INSERT INTO `informations_data` (`information_data_id`, `information_id`, `language_id`, `information_group_name`, `information_label`, `information_text`) VALUES
(34, 6, 18, 'Balaton', 'Éghajlat, mikroklíma', '<p>A Balaton a&nbsp;<a href="http://hu.wikipedia.org/wiki/K%C3%A1rp%C3%A1t-medence">K&aacute;rp&aacute;t-medence</a>&nbsp;d&eacute;lnyugati sz&eacute;l&eacute;hez k&ouml;zel ter&uuml;l el, &iacute;gy a medence eg&eacute;sz&eacute;re jellemz&#337;,&nbsp;<a href="http://hu.wikipedia.org/w/index.php?title=%C3%93ce%C3%A1ni&amp;action=edit&amp;redlink=1">&oacute;ce&aacute;ni</a>&nbsp;&eacute;s&nbsp;<a href="http://hu.wikipedia.org/wiki/Mediterr%C3%A1n_%C3%A9ghajlat">mediterr&aacute;n</a>&nbsp;hat&aacute;sokkal m&oacute;dos&iacute;tott m&eacute;rs&eacute;kelt<a href="http://hu.wikipedia.org/w/index.php?title=Kontinent%C3%A1lis&amp;action=edit&amp;redlink=1">kontinent&aacute;lis</a>&nbsp;<a href="http://hu.wikipedia.org/wiki/%C3%89ghajlat">&eacute;ghajlaton</a>&nbsp;bel&uuml;l az &aacute;tlagosn&aacute;l er&#337;sebbek az &oacute;ce&aacute;ni &eacute;s a mediterr&aacute;n hat&aacute;sok.</p><p>A napos &oacute;r&aacute;k sz&aacute;ma &eacute;vente &aacute;tlagosan 2000 k&ouml;r&uuml;l mozog. A legmelegebb h&oacute;napok a&nbsp;<a href="http://hu.wikipedia.org/wiki/J%C3%BAnius">j&uacute;nius</a>,&nbsp;<a href="http://hu.wikipedia.org/wiki/J%C3%BAlius">j&uacute;lius</a>&nbsp;&eacute;s&nbsp;<a href="http://hu.wikipedia.org/wiki/Augusztus">augusztus</a>. A legnaposabb&nbsp;<a href="http://hu.wikipedia.org/wiki/H%C3%B3nap">h&oacute;nap</a>&nbsp;a j&uacute;nius. A legkevesebb&nbsp;<a href="http://hu.wikipedia.org/wiki/Csapad%C3%A9k">csapad&eacute;k</a>&nbsp;augusztusban &eacute;s&nbsp;<a href="http://hu.wikipedia.org/wiki/Szeptember">szeptemberben</a>&nbsp;hullik, &aacute;tlagosan hat-hat&nbsp;<a href="http://hu.wikipedia.org/wiki/Es%C5%91">es&#337;s</a>&nbsp;nappal.</p><p>Maga a t&oacute; jelent&#337;s hat&aacute;ssal van k&ouml;rnyezete&nbsp;<a href="http://hu.wikipedia.org/w/index.php?title=Mikrokl%C3%ADma&amp;action=edit&amp;redlink=1">mikrokl&iacute;m&aacute;j&aacute;ra</a>. A hatalmas v&iacute;zt&ouml;meg kiegyenl&iacute;t&#337; hat&aacute;ssal van a leveg&#337;&nbsp;<a href="http://hu.wikipedia.org/wiki/H%C5%91m%C3%A9rs%C3%A9klet">h&#337;m&eacute;rs&eacute;klet&eacute;re</a>&nbsp;is, amely ny&aacute;ron a t&oacute; k&ouml;r&uuml;l enyh&eacute;bb, &#337;sszel &eacute;s t&eacute;len melegebb, tavasszal h&#369;v&ouml;sebb mint a t&oacute;t&oacute;l t&aacute;volabb. A v&iacute;zparton a nappali &eacute;s az &eacute;jszakai h&#337;m&eacute;rs&eacute;klet k&ouml;z&ouml;tti k&uuml;l&ouml;nbs&eacute;g is l&eacute;nyegesen kisebb, mint t&aacute;volabb.</p><p>A&nbsp;<a href="http://hu.wikipedia.org/wiki/Bakony">Bakony</a>&nbsp;&eacute;s az&nbsp;<a href="http://hu.wikipedia.org/wiki/Alpok">Alpok</a>&nbsp;k&ouml;zels&eacute;g&eacute;nek k&ouml;sz&ouml;nhet&#337;en az orsz&aacute;g legtiszt&aacute;bb leveg&#337;j&#369; ter&uuml;lete.<a href="http://hu.wikipedia.org/wiki/Balaton#cite_note-10">[10]</a></p><p>A v&iacute;zt&uuml;k&ouml;r visszaveri a r&aacute;es&#337;&nbsp;<a href="http://hu.wikipedia.org/wiki/Nap">napf&eacute;ny</a>&nbsp;jelent&#337;s r&eacute;sz&eacute;t, emiatt az &eacute;szaki part d&eacute;li kitetts&eacute;g&#369; hegyoldalai kiv&aacute;l&oacute;&nbsp;<a href="http://hu.wikipedia.org/w/index.php?title=Sz%C5%91l%C5%91term%C5%91_ter%C3%BCletek&amp;action=edit&amp;redlink=1">sz&#337;l&#337;term&#337; ter&uuml;letek</a>, amit m&aacute;r a&nbsp;<a href="http://hu.wikipedia.org/wiki/R%C3%B3maiak">r&oacute;maiak</a>&nbsp;is felismertek.</p><p>A t&oacute; sek&eacute;ly viz&eacute;t a nap k&ouml;nnyen &aacute;tmeleg&iacute;ti, ez&eacute;rt a v&iacute;z ny&aacute;ri maxim&aacute;lis h&#337;m&eacute;rs&eacute;klete 28-29 fok is lehet. (A v&iacute;zh&#337;m&eacute;rs&eacute;kletet hivatalosan Si&oacute;fokn&aacute;l, egy m&eacute;ter m&eacute;lys&eacute;gben m&eacute;rik. Csendes id&#337;ben k&ouml;zvetlen&uuml;l a felsz&iacute;nen a v&iacute;z h&#337;m&eacute;rs&eacute;klete enn&eacute;l t&ouml;bb fokkal magasabb, m&eacute;lyebben pedig alacsonyabb. Nagyobb&nbsp;<a href="http://hu.wikipedia.org/w/index.php?title=Vihar&amp;action=edit&amp;redlink=1">vihar</a>, hull&aacute;mz&aacute;s eset&eacute;n ezek az &eacute;rt&eacute;kek kiegyenl&iacute;t&#337;dnek, &eacute;s a v&iacute;z &bdquo;hivatalos&rdquo; h&#337;m&eacute;rs&eacute;klete er&#337;sen visszaesik.)</p><p>A Balaton a legt&ouml;bb t&eacute;len befagy, a j&eacute;gr&eacute;teg vastags&aacute;ga gyakran 20&ndash;30&nbsp;cm-es is lehet. A jellegzetes&nbsp;<em>rian&aacute;sok</em>, enyh&uuml;l&eacute;s idej&eacute;n hossz&uacute; hasad&aacute;sok a j&eacute;gtakar&oacute;n, er&#337;s hangjelens&eacute;gek mellett, az &ouml;sszeh&uacute;z&oacute;d&oacute; j&eacute;gfel&uuml;let miatt j&ouml;nnek l&eacute;tre. Megford&iacute;tva, fokoz&oacute;d&oacute; hideg hat&aacute;s&aacute;ra a j&eacute;gtakar&oacute; kit&aacute;gul, a lemezek egym&aacute;sra, illetve a partra torl&oacute;dnak, &eacute;s&nbsp;<em>turol&aacute;s</em>&nbsp;alakul ki.</p>'),
(35, 4, 19, 'Balaton', 'Általános információk', '<p>A&nbsp;<strong>Balaton</strong>&nbsp;(becenev&eacute;n &bdquo;a magyar tenger&rdquo;;&nbsp;<a href="http://hu.wikipedia.org/wiki/Latin_nyelv">latinul</a>&nbsp;<em>Lacus Pelso</em>,&nbsp;<a href="http://hu.wikipedia.org/wiki/N%C3%A9met_nyelv">n&eacute;met&uuml;l</a>&nbsp;<em>Plattensee</em>)<a href="http://hu.wikipedia.org/wiki/Balaton#cite_note-1">[1]</a>&nbsp;<a href="http://hu.wikipedia.org/wiki/K%C3%B6z%C3%A9p-Eur%C3%B3pa">K&ouml;z&eacute;p-Eur&oacute;pa</a>&nbsp;legnagyobb tava,&nbsp;<a href="http://hu.wikipedia.org/wiki/Magyarorsz%C3%A1g_v%C3%ADzrajza">Magyarorsz&aacute;g v&iacute;zrajz&aacute;nak</a>&nbsp;meghat&aacute;roz&oacute; eleme. T&iacute;pusa a&nbsp;<a href="http://hu.wikipedia.org/wiki/Fert%C5%91">Fert&#337;</a>-t&oacute;hoz &eacute;s a&nbsp;<a href="http://hu.wikipedia.org/wiki/Velencei-t%C3%B3">Velencei-t&oacute;hoz</a>&nbsp;hasonl&oacute;an&nbsp;<a href="http://hu.wikipedia.org/wiki/Szikes_t%C3%B3">szikes t&oacute;</a>, ezek&nbsp;<a href="http://hu.wikipedia.org/wiki/Eur%C3%A1zsia">Eur&aacute;zsia</a>&nbsp;legnyugatabbra fekv&#337; ilyen jelleg&#369; tavai. 77&nbsp;km hossz&uacute;, sz&eacute;less&eacute;ge 1,3&ndash;14&nbsp;km k&ouml;z&ouml;tt ingadozik, &aacute;tlagosan 7,8&nbsp;km, fel&uuml;lete 594&nbsp;km&sup2;.</p><p>Keleti medenc&eacute;j&eacute;t a&nbsp;<a href="http://hu.wikipedia.org/wiki/Tihanyi-f%C3%A9lsziget">Tihanyi-f&eacute;lsziget</a>&nbsp;v&aacute;lasztja el a t&oacute; t&ouml;bbi r&eacute;sz&eacute;t&#337;l. D&eacute;li partj&aacute;n&aacute;l medre sek&eacute;lyebb. &Eacute;szaki oldal&aacute;n tal&aacute;lhat&oacute; a&nbsp;<a href="http://hu.wikipedia.org/wiki/Badacsonyi_borvid%C3%A9k">badacsonyi borvid&eacute;k</a>&nbsp;&eacute;s a&nbsp;<a href="http://hu.wikipedia.org/wiki/Tapolcai-medence">Tapolcai-medence</a>, jellegzetes&nbsp;<a href="http://hu.wikipedia.org/wiki/T%C5%B1zh%C3%A1ny%C3%B3">vulk&aacute;ni</a>&nbsp;<a href="http://hu.wikipedia.org/wiki/Tan%C3%BAhegy">tan&uacute;hegyeivel</a>. A t&oacute; egyes r&eacute;szein&nbsp;<a href="http://hu.wikipedia.org/wiki/Hal%C3%A1szat">hal&aacute;szat</a>&nbsp;folyik.</p><p>A Balaton &eacute;s k&ouml;rny&eacute;ke&nbsp;<a href="http://hu.wikipedia.org/wiki/Budapest">Budapest</a>&nbsp;mellett az orsz&aacute;g&nbsp;<a href="http://hu.wikipedia.org/wiki/Turizmus">turisztikailag</a>&nbsp;legl&aacute;togatottabb ter&uuml;lete, 2004-ben elnyerte az<a href="http://hu.wikipedia.org/wiki/%C3%96r%C3%B6ks%C3%A9g%C3%BCnk_%E2%80%93_Somogyorsz%C3%A1g_Kincse">&Ouml;r&ouml;ks&eacute;g&uuml;nk &ndash; Somogyorsz&aacute;g Kincse</a>&nbsp;c&iacute;met is.<a href="http://hu.wikipedia.org/wiki/Balaton#cite_note-2">[2]</a><a href="http://hu.wikipedia.org/wiki/Balaton#cite_note-3">[3]</a>&nbsp;K&ouml;rny&eacute;k&eacute;n&nbsp;<a href="http://hu.wikipedia.org/wiki/Gy%C3%B3gyf%C3%BCrd%C5%91">gy&oacute;gyf&uuml;rd&#337;k</a>,&nbsp;<a href="http://hu.wikipedia.org/wiki/Term%C3%A1lv%C3%ADz">term&aacute;lforr&aacute;sok</a>&nbsp;tal&aacute;lhat&oacute;k. A tavon minden &eacute;vben megrendezik a&nbsp;<a href="http://hu.wikipedia.org/w/index.php?title=K%C3%A9kszalag_Nemzetk%C3%B6zi_Vitorl%C3%A1sverseny&amp;action=edit&amp;redlink=1">K&eacute;kszalag Nemzetk&ouml;zi Vitorl&aacute;sversenyt</a>.<a href="http://hu.wikipedia.org/wiki/Balaton#cite_note-4">[4]</a></p><p><a href="http://hu.wikipedia.org/wiki/Szentkir%C3%A1lyszabadja">Szentkir&aacute;lyszabadja</a>&nbsp;&eacute;s&nbsp;<a href="http://hu.wikipedia.org/wiki/S%C3%A1rmell%C3%A9k">S&aacute;rmell&eacute;k</a>&nbsp;mellett betonos kifut&oacute;p&aacute;ly&aacute;val rendelkez&#337; rep&uuml;l&#337;terek vannak. F&uuml;ves repterek tal&aacute;lhat&oacute;k&nbsp;<a href="http://hu.wikipedia.org/wiki/Si%C3%B3fok-Kiliti_rep%C3%BCl%C5%91t%C3%A9r">Si&oacute;fok mellett</a><a href="http://hu.wikipedia.org/wiki/Balaton#cite_note-5">[5]</a>,&nbsp;<a href="http://hu.wikipedia.org/wiki/Tapolca">Tapolc&aacute;n</a>,&nbsp;<a href="http://hu.wikipedia.org/wiki/Balatonakali">Balatonakalin</a>&nbsp;&eacute;s&nbsp;<a href="http://hu.wikipedia.org/w/index.php?title=Papkutapuszta&amp;action=edit&amp;redlink=1">Papkutapuszt&aacute;n</a>&nbsp;is.</p><p>Nev&eacute;nek eredete[<a href="http://hu.wikipedia.org/w/index.php?title=Balaton&amp;veaction=edit&amp;section=1">szerkeszt&eacute;s</a>&nbsp;|&nbsp;<a href="http://hu.wikipedia.org/w/index.php?title=Balaton&amp;action=edit&amp;section=1">forr&aacute;ssz&ouml;veg szerkeszt&eacute;se</a>]</p><p>Magyar elnevez&eacute;se a&nbsp;<a href="http://hu.wikipedia.org/wiki/Szl%C3%A1v_nyelvek">szl&aacute;v</a>&nbsp;&quot;blato&quot; (=mocs&aacute;r, l&aacute;p, s&aacute;r) sz&oacute;b&oacute;l ered. Latin neve, a&nbsp;<em>Lacus Pelso</em>&nbsp;magyarul&nbsp;<em>sek&eacute;ly tavat</em>&nbsp;jelent.&nbsp;<a href="http://hu.wikipedia.org/wiki/Szlov%C3%A9n_nyelv">Szlov&eacute;n</a>,&nbsp;<a href="http://hu.wikipedia.org/wiki/Szerb_nyelv">szerb</a>,&nbsp;<a href="http://hu.wikipedia.org/wiki/Horv%C3%A1t_nyelv">horv&aacute;t nyelven</a><em>Blatno jezero</em>,&nbsp;<a href="http://hu.wikipedia.org/wiki/Szlov%C3%A1k_nyelv">szlov&aacute;kul</a>&nbsp;<em>Blatensk&eacute; jazero</em>.</p><p>N&eacute;met elnevez&eacute;se, a&nbsp;<em>Plattensee</em>, kicsit hasonl&oacute;k&eacute;ppen &bdquo;lapos&rdquo;, azaz sek&eacute;ly tavat jelent, egyben hangz&aacute;s&aacute;ban k&ouml;zel &aacute;ll a szl&aacute;v n&eacute;vhez, ez&eacute;rt lehets&eacute;ges, hogy kialakul&aacute;s&aacute;ban a&nbsp;<a href="http://hu.wikipedia.org/wiki/N%C3%A9pi_etimol%C3%B3gia">n&eacute;pi etimol&oacute;gia</a>&nbsp;is szerepet j&aacute;tszott, azaz a n&eacute;met anyanyelv&#369;ek &eacute;rtelmet adtak a sz&aacute;mukra idegen hangz&aacute;s&uacute; n&eacute;vnek (<em>blatno</em>&nbsp;&ndash;&nbsp;<em>platten</em>).<a href="http://hu.wikipedia.org/wiki/Balaton#cite_note-6">[</a></p><p>A Balaton a&nbsp;<a href="http://hu.wikipedia.org/wiki/Dun%C3%A1nt%C3%BAl">Dun&aacute;nt&uacute;l</a>&nbsp;k&ouml;zep&eacute;n ter&uuml;l el, &eacute;szakon a&nbsp;<a href="http://hu.wikipedia.org/wiki/Balaton-felvid%C3%A9k">Balaton-felvid&eacute;k</a>, nyugaton &eacute;s d&eacute;len a&nbsp;<a href="http://hu.wikipedia.org/wiki/Zalai-dombs%C3%A1g">Zalai-</a>&nbsp;&eacute;s a<a href="http://hu.wikipedia.org/w/index.php?title=Somogyi-dombs%C3%A1g&amp;action=edit&amp;redlink=1">Somogyi-dombs&aacute;g</a>, keleten pedig a&nbsp;<a href="http://hu.wikipedia.org/wiki/Mez%C5%91f%C3%B6ld">Mez&#337;f&ouml;ld</a>&nbsp;hat&aacute;rolja.</p><p>A Balaton Eur&oacute;pa-h&iacute;r&#369; term&eacute;szeti kincs&uuml;nk,&nbsp;<a href="http://hu.wikipedia.org/wiki/Magyarorsz%C3%A1g">Magyarorsz&aacute;g</a>&nbsp;legnagyobb tava. Legnagyobb m&eacute;lys&eacute;ge 11 m, &aacute;tlagos m&eacute;lys&eacute;ge 3-4 m. A d&eacute;li parton sek&eacute;lyebb a v&iacute;z, ez&eacute;rt ny&aacute;ron hamar felmelegszik. &Eacute;szaki partj&aacute;n a&nbsp;<a href="http://hu.wikipedia.org/wiki/Bakony">Bakony</a>&nbsp;erd&#337;-bor&iacute;totta hegyei emelkednek. A&nbsp;<a href="http://hu.wikipedia.org/wiki/Balaton-felvid%C3%A9k">Balaton-felvid&eacute;k</a>&nbsp;naps&uuml;t&ouml;tte lejt&#337;in sok sz&#337;l&#337;t &eacute;s gy&uuml;m&ouml;lcs&ouml;t termesztenek. Ny&aacute;ron a kellemes id&#337;j&aacute;r&aacute;s, az &eacute;szaknyugati szelek &aacute;ltal terelgetett vitorl&aacute;sok, a harmonikus sz&eacute;ps&eacute;g&#369; t&aacute;j megnyugtat&oacute; hat&aacute;ssal van a pihen&#337; emberekre.</p>'),
(37, 6, 19, 'Balaton', 'Éghajlat, mikroklíma', '<p>A Balaton a&nbsp;<a href="http://hu.wikipedia.org/wiki/K%C3%A1rp%C3%A1t-medence">K&aacute;rp&aacute;t-medence</a>&nbsp;d&eacute;lnyugati sz&eacute;l&eacute;hez k&ouml;zel ter&uuml;l el, &iacute;gy a medence eg&eacute;sz&eacute;re jellemz&#337;,&nbsp;<a href="http://hu.wikipedia.org/w/index.php?title=%C3%93ce%C3%A1ni&amp;action=edit&amp;redlink=1">&oacute;ce&aacute;ni</a>&nbsp;&eacute;s&nbsp;<a href="http://hu.wikipedia.org/wiki/Mediterr%C3%A1n_%C3%A9ghajlat">mediterr&aacute;n</a>&nbsp;hat&aacute;sokkal m&oacute;dos&iacute;tott m&eacute;rs&eacute;kelt<a href="http://hu.wikipedia.org/w/index.php?title=Kontinent%C3%A1lis&amp;action=edit&amp;redlink=1">kontinent&aacute;lis</a>&nbsp;<a href="http://hu.wikipedia.org/wiki/%C3%89ghajlat">&eacute;ghajlaton</a>&nbsp;bel&uuml;l az &aacute;tlagosn&aacute;l er&#337;sebbek az &oacute;ce&aacute;ni &eacute;s a mediterr&aacute;n hat&aacute;sok.</p><p>A napos &oacute;r&aacute;k sz&aacute;ma &eacute;vente &aacute;tlagosan 2000 k&ouml;r&uuml;l mozog. A legmelegebb h&oacute;napok a&nbsp;<a href="http://hu.wikipedia.org/wiki/J%C3%BAnius">j&uacute;nius</a>,&nbsp;<a href="http://hu.wikipedia.org/wiki/J%C3%BAlius">j&uacute;lius</a>&nbsp;&eacute;s&nbsp;<a href="http://hu.wikipedia.org/wiki/Augusztus">augusztus</a>. A legnaposabb&nbsp;<a href="http://hu.wikipedia.org/wiki/H%C3%B3nap">h&oacute;nap</a>&nbsp;a j&uacute;nius. A legkevesebb&nbsp;<a href="http://hu.wikipedia.org/wiki/Csapad%C3%A9k">csapad&eacute;k</a>&nbsp;augusztusban &eacute;s&nbsp;<a href="http://hu.wikipedia.org/wiki/Szeptember">szeptemberben</a>&nbsp;hullik, &aacute;tlagosan hat-hat&nbsp;<a href="http://hu.wikipedia.org/wiki/Es%C5%91">es&#337;s</a>&nbsp;nappal.</p><p>Maga a t&oacute; jelent&#337;s hat&aacute;ssal van k&ouml;rnyezete&nbsp;<a href="http://hu.wikipedia.org/w/index.php?title=Mikrokl%C3%ADma&amp;action=edit&amp;redlink=1">mikrokl&iacute;m&aacute;j&aacute;ra</a>. A hatalmas v&iacute;zt&ouml;meg kiegyenl&iacute;t&#337; hat&aacute;ssal van a leveg&#337;&nbsp;<a href="http://hu.wikipedia.org/wiki/H%C5%91m%C3%A9rs%C3%A9klet">h&#337;m&eacute;rs&eacute;klet&eacute;re</a>&nbsp;is, amely ny&aacute;ron a t&oacute; k&ouml;r&uuml;l enyh&eacute;bb, &#337;sszel &eacute;s t&eacute;len melegebb, tavasszal h&#369;v&ouml;sebb mint a t&oacute;t&oacute;l t&aacute;volabb. A v&iacute;zparton a nappali &eacute;s az &eacute;jszakai h&#337;m&eacute;rs&eacute;klet k&ouml;z&ouml;tti k&uuml;l&ouml;nbs&eacute;g is l&eacute;nyegesen kisebb, mint t&aacute;volabb.</p><p>A&nbsp;<a href="http://hu.wikipedia.org/wiki/Bakony">Bakony</a>&nbsp;&eacute;s az&nbsp;<a href="http://hu.wikipedia.org/wiki/Alpok">Alpok</a>&nbsp;k&ouml;zels&eacute;g&eacute;nek k&ouml;sz&ouml;nhet&#337;en az orsz&aacute;g legtiszt&aacute;bb leveg&#337;j&#369; ter&uuml;lete.<a href="http://hu.wikipedia.org/wiki/Balaton#cite_note-10">[10]</a></p><p>A v&iacute;zt&uuml;k&ouml;r visszaveri a r&aacute;es&#337;&nbsp;<a href="http://hu.wikipedia.org/wiki/Nap">napf&eacute;ny</a>&nbsp;jelent&#337;s r&eacute;sz&eacute;t, emiatt az &eacute;szaki part d&eacute;li kitetts&eacute;g&#369; hegyoldalai kiv&aacute;l&oacute;&nbsp;<a href="http://hu.wikipedia.org/w/index.php?title=Sz%C5%91l%C5%91term%C5%91_ter%C3%BCletek&amp;action=edit&amp;redlink=1">sz&#337;l&#337;term&#337; ter&uuml;letek</a>, amit m&aacute;r a&nbsp;<a href="http://hu.wikipedia.org/wiki/R%C3%B3maiak">r&oacute;maiak</a>&nbsp;is felismertek.</p><p>A t&oacute; sek&eacute;ly viz&eacute;t a nap k&ouml;nnyen &aacute;tmeleg&iacute;ti, ez&eacute;rt a v&iacute;z ny&aacute;ri maxim&aacute;lis h&#337;m&eacute;rs&eacute;klete 28-29 fok is lehet. (A v&iacute;zh&#337;m&eacute;rs&eacute;kletet hivatalosan Si&oacute;fokn&aacute;l, egy m&eacute;ter m&eacute;lys&eacute;gben m&eacute;rik. Csendes id&#337;ben k&ouml;zvetlen&uuml;l a felsz&iacute;nen a v&iacute;z h&#337;m&eacute;rs&eacute;klete enn&eacute;l t&ouml;bb fokkal magasabb, m&eacute;lyebben pedig alacsonyabb. Nagyobb&nbsp;<a href="http://hu.wikipedia.org/w/index.php?title=Vihar&amp;action=edit&amp;redlink=1">vihar</a>, hull&aacute;mz&aacute;s eset&eacute;n ezek az &eacute;rt&eacute;kek kiegyenl&iacute;t&#337;dnek, &eacute;s a v&iacute;z &bdquo;hivatalos&rdquo; h&#337;m&eacute;rs&eacute;klete er&#337;sen visszaesik.)</p><p>A Balaton a legt&ouml;bb t&eacute;len befagy, a j&eacute;gr&eacute;teg vastags&aacute;ga gyakran 20&ndash;30&nbsp;cm-es is lehet. A jellegzetes&nbsp;<em>rian&aacute;sok</em>, enyh&uuml;l&eacute;s idej&eacute;n hossz&uacute; hasad&aacute;sok a j&eacute;gtakar&oacute;n, er&#337;s hangjelens&eacute;gek mellett, az &ouml;sszeh&uacute;z&oacute;d&oacute; j&eacute;gfel&uuml;let miatt j&ouml;nnek l&eacute;tre. Megford&iacute;tva, fokoz&oacute;d&oacute; hideg hat&aacute;s&aacute;ra a j&eacute;gtakar&oacute; kit&aacute;gul, a lemezek egym&aacute;sra, illetve a partra torl&oacute;dnak, &eacute;s&nbsp;<em>turol&aacute;s</em>&nbsp;alakul ki.</p>');

-- --------------------------------------------------------

--
-- A nézet helyettes szerkezete `informations_view`
--
